MOON
Server: Apache
System: Linux ip-208-109-13-31.ip.secureserver.net 3.10.0-1160.119.1.el7.tuxcare.els4.x86_64 #1 SMP Sat Aug 31 06:58:57 UTC 2024 x86_64
User: durgeshpandey215 (1013)
PHP: 8.1.29
Disabled: NONE
Upload Files
File: /home/durgeshpandey215/logs/kalyanidashboard.skilladders.com-ssl_log.bkup
104.194.9.138 - - [09/May/2026:13:37:16 +0530] "GET /x-cp-ybnCLKqy.php HTTP/1.1" 405 255240 "-" "Mozilla/5.0 (X11; Linux x86_64) AppleWebKit/537.36 (KHTML, like Gecko) Chrome/143.0.0.0 Safari/537.36"
104.194.9.138 - - [09/May/2026:13:38:50 +0530] "GET /x-cp-tEUu6PYn.php HTTP/1.1" 405 255240 "-" "Mozilla/5.0 (X11; Linux x86_64) AppleWebKit/537.36 (KHTML, like Gecko) Chrome/143.0.0.0 Safari/537.36"
34.65.43.50 - - [09/May/2026:14:29:17 +0530] "GET /.env HTTP/1.1" 405 255237 "-" "Mozilla/5.0 (Macintosh; Intel Mac OS X 10_14_5) AppleWebKit/537.36 (KHTML, like Gecko) Chrome/69.0.3497.81 Safari/537.36"
185.247.137.99 - - [09/May/2026:15:02:01 +0530] "GET / HTTP/1.1" 302 430 "-" "Mozilla/5.0 (compatible; InternetMeasurement/1.0; +https://internet-measurement.com/)"
185.247.137.99 - - [09/May/2026:15:02:02 +0530] "GET /login HTTP/1.1" 200 2442 "https://kalyanidashboard.skilladders.com" "Mozilla/5.0 (compatible; InternetMeasurement/1.0; +https://internet-measurement.com/)"
100.48.67.89 - - [09/May/2026:16:17:03 +0530] "GET /categories HTTP/1.1" 200 3519 "https://demokalyani.skilladders.com/" "Mozilla/5.0 (X11; Linux x86_64) AppleWebKit/537.36 (KHTML, like Gecko) HeadlessChrome/138.0.7204.23 Safari/537.36"
100.48.67.89 - - [09/May/2026:16:17:03 +0530] "GET /getAllsubcatgeory HTTP/1.1" 200 672 "https://demokalyani.skilladders.com/" "Mozilla/5.0 (X11; Linux x86_64) AppleWebKit/537.36 (KHTML, like Gecko) HeadlessChrome/138.0.7204.23 Safari/537.36"
100.48.67.89 - - [09/May/2026:16:17:03 +0530] "GET /newslist HTTP/1.1" 200 3412 "https://demokalyani.skilladders.com/" "Mozilla/5.0 (X11; Linux x86_64) AppleWebKit/537.36 (KHTML, like Gecko) HeadlessChrome/138.0.7204.23 Safari/537.36"
100.48.67.89 - - [09/May/2026:16:17:03 +0530] "GET /gettestimonal HTTP/1.1" 200 2498 "https://demokalyani.skilladders.com/" "Mozilla/5.0 (X11; Linux x86_64) AppleWebKit/537.36 (KHTML, like Gecko) HeadlessChrome/138.0.7204.23 Safari/537.36"
54.164.49.40 - - [09/May/2026:16:58:28 +0530] "GET /categories HTTP/1.1" 200 3519 "https://demokalyani.skilladders.com/" "Mozilla/5.0 (X11; Linux x86_64) AppleWebKit/537.36 (KHTML, like Gecko) HeadlessChrome/138.0.7204.23 Safari/537.36"
54.164.49.40 - - [09/May/2026:16:58:28 +0530] "GET /newslist HTTP/1.1" 200 3412 "https://demokalyani.skilladders.com/" "Mozilla/5.0 (X11; Linux x86_64) AppleWebKit/537.36 (KHTML, like Gecko) HeadlessChrome/138.0.7204.23 Safari/537.36"
54.164.49.40 - - [09/May/2026:16:58:28 +0530] "GET /gettestimonal HTTP/1.1" 200 2498 "https://demokalyani.skilladders.com/" "Mozilla/5.0 (X11; Linux x86_64) AppleWebKit/537.36 (KHTML, like Gecko) HeadlessChrome/138.0.7204.23 Safari/537.36"
54.164.49.40 - - [09/May/2026:16:58:28 +0530] "GET /getAllsubcatgeory HTTP/1.1" 200 672 "https://demokalyani.skilladders.com/" "Mozilla/5.0 (X11; Linux x86_64) AppleWebKit/537.36 (KHTML, like Gecko) HeadlessChrome/138.0.7204.23 Safari/537.36"
104.194.9.138 - - [09/May/2026:17:28:00 +0530] "GET /x-cp-Q84bAX3u.php HTTP/1.1" 405 255240 "-" "Mozilla/5.0 (X11; Linux x86_64) AppleWebKit/537.36 (KHTML, like Gecko) Chrome/143.0.0.0 Safari/537.36"
104.194.9.138 - - [09/May/2026:17:31:23 +0530] "GET /x-cp-ERDJHaru.php HTTP/1.1" 405 255240 "-" "Mozilla/5.0 (X11; Linux x86_64) AppleWebKit/537.36 (KHTML, like Gecko) Chrome/143.0.0.0 Safari/537.36"
185.213.83.132 - - [09/May/2026:23:17:49 +0530] "POST /_ignition/execute-solution HTTP/1.1" 405 257357 "-" "python-requests/2.32.5"
178.128.45.207 - - [10/May/2026:09:29:56 +0530] "GET / HTTP/1.1" 302 430 "-" "Mozilla/5.0 (X11; Linux x86_64; rv:142.0) Gecko/20100101 Firefox/142.0"
178.128.45.207 - - [10/May/2026:09:30:01 +0530] "GET /login HTTP/1.1" 200 2442 "-" "Mozilla/5.0 (X11; Linux x86_64; rv:142.0) Gecko/20100101 Firefox/142.0"
178.128.45.207 - - [10/May/2026:09:30:02 +0530] "GET /favicon.ico HTTP/1.1" 405 264465 "https://kalyanidashboard.skilladders.com/login" "Mozilla/5.0 (X11; Linux x86_64; rv:142.0) Gecko/20100101 Firefox/142.0"
104.194.9.138 - - [10/May/2026:10:04:44 +0530] "GET /x-cp-plR8fEQU.php HTTP/1.1" 405 255240 "-" "Mozilla/5.0 (X11; Linux x86_64) AppleWebKit/537.36 (KHTML, like Gecko) Chrome/143.0.0.0 Safari/537.36"
104.194.9.138 - - [10/May/2026:10:05:52 +0530] "GET /x-cp-EyNjmOoI.php HTTP/1.1" 405 255240 "-" "Mozilla/5.0 (X11; Linux x86_64) AppleWebKit/537.36 (KHTML, like Gecko) Chrome/143.0.0.0 Safari/537.36"
104.194.9.138 - - [10/May/2026:12:37:44 +0530] "GET /x-cp-qae6cCMp.php HTTP/1.1" 405 255240 "-" "Mozilla/5.0 (X11; Linux x86_64) AppleWebKit/537.36 (KHTML, like Gecko) Chrome/143.0.0.0 Safari/537.36"
104.194.9.138 - - [10/May/2026:12:38:01 +0530] "GET /x-cp-dCemicmZ.php HTTP/1.1" 405 255240 "-" "Mozilla/5.0 (X11; Linux x86_64) AppleWebKit/537.36 (KHTML, like Gecko) Chrome/143.0.0.0 Safari/537.36"
74.7.175.144 - - [10/May/2026:16:19:53 +0530] "GET /robots.txt HTTP/1.1" 405 127825 "-" "Mozilla/5.0 (Macintosh; Intel Mac OS X 10_15_7) AppleWebKit/537.36 (KHTML, like Gecko) Chrome/131.0.0.0 Safari/537.36; compatible; OAI-SearchBot/1.3; robots.txt; +https://openai.com/searchbot"
74.7.227.48 - - [10/May/2026:16:19:56 +0530] "GET / HTTP/1.1" 302 430 "-" "Mozilla/5.0 AppleWebKit/537.36 (KHTML, like Gecko; compatible; GPTBot/1.3; +https://openai.com/gptbot)"
74.7.227.48 - - [10/May/2026:16:19:57 +0530] "GET /login HTTP/1.1" 200 2442 "https://kalyanidashboard.skilladders.com/" "Mozilla/5.0 AppleWebKit/537.36 (KHTML, like Gecko; compatible; GPTBot/1.3; +https://openai.com/gptbot)"
3.18.186.238 - - [10/May/2026:16:46:07 +0530] "GET / HTTP/1.1" 302 430 "-" "visionheight.com/scan Mozilla/5.0 (Macintosh; Intel Mac OS X 10_15_7) Chrome/126.0.0.0 Safari/537.36"
3.18.186.238 - - [10/May/2026:16:46:07 +0530] "GET /login HTTP/1.1" 200 2442 "https://kalyanidashboard.skilladders.com/" "visionheight.com/scan Mozilla/5.0 (Macintosh; Intel Mac OS X 10_15_7) Chrome/126.0.0.0 Safari/537.36"
74.7.227.48 - - [10/May/2026:16:58:58 +0530] "GET /public$%7Bcategory.category_icon%7D HTTP/1.1" 405 127825 "https://demokalyani.skilladders.com" "Mozilla/5.0 AppleWebKit/537.36 (KHTML, like Gecko; compatible; GPTBot/1.3; +https://openai.com/gptbot)"
74.7.227.48 - - [10/May/2026:16:59:01 +0530] "GET /public$%7Bcategory.img%7D HTTP/1.1" 405 128000 "https://demokalyani.skilladders.com" "Mozilla/5.0 AppleWebKit/537.36 (KHTML, like Gecko; compatible; GPTBot/1.3; +https://openai.com/gptbot)"
74.7.227.48 - - [10/May/2026:16:59:04 +0530] "GET /public$%7Brelated.image%7D HTTP/1.1" 405 128000 "https://demokalyani.skilladders.com" "Mozilla/5.0 AppleWebKit/537.36 (KHTML, like Gecko; compatible; GPTBot/1.3; +https://openai.com/gptbot)"
74.7.227.48 - - [10/May/2026:16:59:08 +0530] "GET /public$%7Bcategory.category_image%7D HTTP/1.1" 405 127825 "https://demokalyani.skilladders.com" "Mozilla/5.0 AppleWebKit/537.36 (KHTML, like Gecko; compatible; GPTBot/1.3; +https://openai.com/gptbot)"
74.7.227.48 - - [10/May/2026:16:59:11 +0530] "GET /public$%7BselectedSubcategory.subcat_icon%7D HTTP/1.1" 405 127825 "https://demokalyani.skilladders.com" "Mozilla/5.0 AppleWebKit/537.36 (KHTML, like Gecko; compatible; GPTBot/1.3; +https://openai.com/gptbot)"
74.7.227.48 - - [10/May/2026:16:59:14 +0530] "GET /public$%7Bdata.categoryIcon?.startsWith(%27/%27)%20?%20data.categoryIcon%20:%20%27/%27%20+%20data.categoryIcon} HTTP/1.1" 405 128000 "https://demokalyani.skilladders.com" "Mozilla/5.0 AppleWebKit/537.36 (KHTML, like Gecko; compatible; GPTBot/1.3; +https://openai.com/gptbot)"
74.7.227.48 - - [10/May/2026:16:59:17 +0530] "GET /public$%7Bdata.category_image%7D HTTP/1.1" 405 127825 "https://demokalyani.skilladders.com" "Mozilla/5.0 AppleWebKit/537.36 (KHTML, like Gecko; compatible; GPTBot/1.3; +https://openai.com/gptbot)"
74.7.227.48 - - [10/May/2026:16:59:20 +0530] "GET /public$%7Bsubcat.subcat_img%7D HTTP/1.1" 405 127825 "https://demokalyani.skilladders.com" "Mozilla/5.0 AppleWebKit/537.36 (KHTML, like Gecko; compatible; GPTBot/1.3; +https://openai.com/gptbot)"
74.7.227.48 - - [10/May/2026:16:59:25 +0530] "GET /public$%7Bdata.subcat_img%7D HTTP/1.1" 405 127825 "https://demokalyani.skilladders.com" "Mozilla/5.0 AppleWebKit/537.36 (KHTML, like Gecko; compatible; GPTBot/1.3; +https://openai.com/gptbot)"
74.7.227.48 - - [10/May/2026:16:59:27 +0530] "GET /public$%7Bdata.category_icon%7D HTTP/1.1" 405 127825 "https://demokalyani.skilladders.com" "Mozilla/5.0 AppleWebKit/537.36 (KHTML, like Gecko; compatible; GPTBot/1.3; +https://openai.com/gptbot)"
74.7.227.48 - - [10/May/2026:16:59:30 +0530] "GET /public$%7Bproduct.image%7D HTTP/1.1" 405 127825 "https://demokalyani.skilladders.com" "Mozilla/5.0 AppleWebKit/537.36 (KHTML, like Gecko; compatible; GPTBot/1.3; +https://openai.com/gptbot)"
74.7.227.48 - - [10/May/2026:16:59:33 +0530] "GET /public$%7Bproduct.product_image%7D HTTP/1.1" 405 127825 "https://demokalyani.skilladders.com" "Mozilla/5.0 AppleWebKit/537.36 (KHTML, like Gecko; compatible; GPTBot/1.3; +https://openai.com/gptbot)"
74.7.227.48 - - [10/May/2026:16:59:36 +0530] "GET /public$%7Bnews.image%7D HTTP/1.1" 405 128000 "https://demokalyani.skilladders.com" "Mozilla/5.0 AppleWebKit/537.36 (KHTML, like Gecko; compatible; GPTBot/1.3; +https://openai.com/gptbot)"
74.7.227.48 - - [10/May/2026:16:59:39 +0530] "GET /public/$%7BselectedSubcategory.subcat_icon%7D HTTP/1.1" 405 128000 "https://demokalyani.skilladders.com" "Mozilla/5.0 AppleWebKit/537.36 (KHTML, like Gecko; compatible; GPTBot/1.3; +https://openai.com/gptbot)"
74.7.227.48 - - [10/May/2026:16:59:42 +0530] "GET /public$%7Bdata.subcategoryIcon?.startsWith(%27/%27)%20?%20data.subcategoryIcon%20:%20%27/%27%20+%20data.subcategoryIcon} HTTP/1.1" 405 127825 "https://demokalyani.skilladders.com" "Mozilla/5.0 AppleWebKit/537.36 (KHTML, like Gecko; compatible; GPTBot/1.3; +https://openai.com/gptbot)"
66.132.172.134 - - [11/May/2026:03:30:41 +0530] "GET / HTTP/1.1" 302 430 "-" "Mozilla/5.0 (compatible; CensysInspect/1.1; +https://about.censys.io/)"
66.132.172.134 - - [11/May/2026:03:30:53 +0530] "GET /login HTTP/1.1" 200 2442 "-" "Mozilla/5.0 (compatible; CensysInspect/1.1; +https://about.censys.io/)"
66.132.172.134 - - [11/May/2026:03:31:04 +0530] "GET /favicon.ico HTTP/1.1" 405 159825 "-" "Mozilla/5.0 (compatible; CensysInspect/1.1; +https://about.censys.io/)"
74.7.175.144 - - [11/May/2026:03:46:32 +0530] "GET /robots.txt HTTP/1.1" 405 127825 "-" "Mozilla/5.0 (Macintosh; Intel Mac OS X 10_15_7) AppleWebKit/537.36 (KHTML, like Gecko) Chrome/131.0.0.0 Safari/537.36; compatible; OAI-SearchBot/1.3; robots.txt; +https://openai.com/searchbot"
148.224.25.56 - - [11/May/2026:14:16:48 +0530] "GET / HTTP/1.1" 302 430 "-" "Mozilla/5.0 (X11; Linux x86_64) AppleWebKit/537.36 (KHTML, like Gecko) Chrome/122.0.0.0 Safari/537.36"
74.7.175.144 - - [11/May/2026:18:08:41 +0530] "GET /robots.txt HTTP/1.1" 405 127825 "-" "Mozilla/5.0 (Macintosh; Intel Mac OS X 10_15_7) AppleWebKit/537.36 (KHTML, like Gecko) Chrome/131.0.0.0 Safari/537.36; compatible; OAI-SearchBot/1.3; robots.txt; +https://openai.com/searchbot"
3.249.213.27 - - [11/May/2026:21:04:22 +0530] "GET / HTTP/1.0" 302 430 "-" "Mozilla/5.0 (compatible; NetcraftSurveyAgent/1.0; +info@netcraft.com)"
20.123.153.150 - - [12/May/2026:02:25:45 +0530] "GET /infoTCWSD2b.php HTTP/1.1" 405 111825 "-" "WhmManager/Validator"
71.6.238.221 - - [12/May/2026:10:52:45 +0530] "GET / HTTP/1.1" 302 430 "-" "RootEvidence/1.0"
74.7.227.60 - - [12/May/2026:20:31:40 +0530] "GET / HTTP/1.1" 302 430 "-" "Mozilla/5.0 AppleWebKit/537.36 (KHTML, like Gecko; compatible; GPTBot/1.3; +https://openai.com/gptbot)"
74.7.241.192 - - [12/May/2026:20:31:40 +0530] "GET /robots.txt HTTP/1.1" 405 127825 "-" "Mozilla/5.0 (Macintosh; Intel Mac OS X 10_15_7) AppleWebKit/537.36 (KHTML, like Gecko) Chrome/131.0.0.0 Safari/537.36; compatible; OAI-SearchBot/1.3; robots.txt; +https://openai.com/searchbot"
18.140.237.242 - - [13/May/2026:07:51:30 +0530] "HEAD / HTTP/1.1" 302 - "-" "Python/3.10 aiohttp/3.13.5"
18.140.237.242 - - [13/May/2026:11:17:03 +0530] "GET / HTTP/1.1" 302 430 "-" "Mozilla/5.0 (Macintosh, Intel Mac OS X 10_15_7) AppleWebKit/605.1.15 (KHTML, like Gecko) Version/17.10 Safari/605.1.15"
3.233.88.40 - - [13/May/2026:18:04:26 +0530] "GET / HTTP/1.1" 302 430 "-" "Mozilla/5.0 (Windows NT 10.0; Win64; x64) AppleWebKit/537.36 (KHTML, like Gecko) Chrome/135.0.0.0 Safari/537.36 Edg/135.0.0.0"
3.233.88.40 - - [13/May/2026:18:04:36 +0530] "GET /login HTTP/1.1" 200 2442 "-" "Mozilla/5.0 (Windows NT 10.0; Win64; x64) AppleWebKit/537.36 (KHTML, like Gecko) Chrome/135.0.0.0 Safari/537.36 Edg/135.0.0.0"
74.7.241.192 - - [13/May/2026:20:13:38 +0530] "GET /robots.txt HTTP/1.1" 405 127825 "-" "Mozilla/5.0 (Macintosh; Intel Mac OS X 10_15_7) AppleWebKit/537.36 (KHTML, like Gecko) Chrome/131.0.0.0 Safari/537.36; compatible; OAI-SearchBot/1.3; robots.txt; +https://openai.com/searchbot"
44.234.20.21 - - [14/May/2026:02:16:05 +0530] "GET / HTTP/1.1" 302 430 "-" "Mozilla/5.0 (compatible; wpbot/1.4; +https://forms.gle/ajBaxygz9jSR8p8G9)"
44.234.20.21 - - [14/May/2026:02:16:00 +0530] "GET /robots.txt HTTP/1.1" 405 253328 "-" "Mozilla/5.0 (compatible; wpbot/1.4; +https://forms.gle/ajBaxygz9jSR8p8G9)"
44.234.20.21 - - [14/May/2026:02:16:05 +0530] "GET /login HTTP/1.1" 200 2442 "-" "Mozilla/5.0 (compatible; wpbot/1.4; +https://forms.gle/ajBaxygz9jSR8p8G9)"
74.7.227.60 - - [15/May/2026:00:25:28 +0530] "GET / HTTP/1.1" 302 430 "-" "Mozilla/5.0 AppleWebKit/537.36 (KHTML, like Gecko; compatible; GPTBot/1.3; +https://openai.com/gptbot)"
74.7.227.60 - - [15/May/2026:00:25:37 +0530] "GET /login HTTP/1.1" 200 2442 "https://kalyanidashboard.skilladders.com/" "Mozilla/5.0 AppleWebKit/537.36 (KHTML, like Gecko; compatible; GPTBot/1.3; +https://openai.com/gptbot)"
74.7.241.192 - - [15/May/2026:00:25:28 +0530] "GET /robots.txt HTTP/1.1" 405 127825 "-" "Mozilla/5.0 (Macintosh; Intel Mac OS X 10_15_7) AppleWebKit/537.36 (KHTML, like Gecko) Chrome/131.0.0.0 Safari/537.36; compatible; OAI-SearchBot/1.3; robots.txt; +https://openai.com/searchbot"
34.96.231.52 - - [15/May/2026:01:56:46 +0530] "GET /heapdump HTTP/1.1" 405 255201 "-" "Mozilla/5.0 (X11; Ubuntu; Linux x86_64; rv:49.0) Gecko/20100101 Firefox/49.0"
34.96.231.52 - - [15/May/2026:01:56:46 +0530] "GET /profiler HTTP/1.1" 405 255246 "-" "Mozilla/5.0 (Macintosh; Intel Mac OS X 10_14_1) AppleWebKit/537.36 (KHTML, like Gecko) Chrome/76.0.3809.132 Safari/537.36"
34.96.231.52 - - [15/May/2026:01:56:46 +0530] "GET /actuator/env HTTP/1.1" 405 255243 "-" "Mozilla/5.0 (Windows NT 6.1) AppleWebKit/537.71 (KHTML like Gecko) WebVideo/1.0.1.10 Version/7.0 Safari/537.71"
34.96.231.52 - - [15/May/2026:01:56:46 +0530] "GET /docker-compose.yml HTTP/1.1" 405 255289 "-" "Mozilla/5.0 (Linux; U; Android 4.0.3; de-ch; HTC Sensation Build/IML74K) AppleWebKit/534.30 (KHTML, like Gecko) Version/4.0 Mobile Safari/534.30"
34.96.231.52 - - [15/May/2026:01:56:46 +0530] "GET /configprops HTTP/1.1" 405 255147 "-" "nook browser/1.0"
34.96.231.52 - - [15/May/2026:01:56:46 +0530] "GET /actuator/configprops HTTP/1.1" 405 255251 "-" "Mozilla/5.0 (X11; Linux x86_64) AppleWebKit/537.21 (KHTML, like Gecko) konqueror/4.14.10 Safari/537.21"
34.96.231.52 - - [15/May/2026:01:56:46 +0530] "GET /actuator/heapdump HTTP/1.1" 405 255424 "-" "Mozilla/5.0 (Linux; Android 8.1.0; Mi Note 3 Build/OPM1.171019.019; wv) AppleWebKit/537.36 (KHTML, like Gecko) Version/4.0 Chrome/66.0.3359.126 MQQBrowser/6.2 TBS/044813 Mobile Safari/537.36 MMWEBID/6858 MicroMessenger/7.0.5.1440(0x27000537) Process/tools NetType/4G Language/zh_CN"
34.96.231.52 - - [15/May/2026:01:56:46 +0530] "GET /env HTTP/1.1" 405 255225 "-" "Mozilla/5.0 (Windows NT 10.0; WOW64) AppleWebKit/537.36 (KHTML, like Gecko) Chrome/51.0.2704.103 Safari/537.36"
34.96.231.52 - - [15/May/2026:01:56:46 +0530] "GET /docker-compose.prod.yml HTTP/1.1" 405 255280 "-" "Mozilla/5.0 (Linux; Android 8.1.0; SM-G610M) AppleWebKit/537.36 (KHTML, like Gecko) Chrome/76.0.3809.111 Mobile Safari/537.36"
34.96.231.52 - - [15/May/2026:01:56:46 +0530] "GET /profiler/phpinfo HTTP/1.1" 405 255311 "-" "Mozilla/5.0 (iPhone; CPU iPhone OS 12_3_1 like Mac OS X) AppleWebKit/605.1.15 (KHTML, like Gecko) Mobile/15E148 MicroMessenger/7.0.5(0x17000523) NetType/4G Language/zh_CN"
74.7.241.192 - - [15/May/2026:20:19:48 +0530] "GET /robots.txt HTTP/1.1" 405 127825 "-" "Mozilla/5.0 (Macintosh; Intel Mac OS X 10_15_7) AppleWebKit/537.36 (KHTML, like Gecko) Chrome/131.0.0.0 Safari/537.36; compatible; OAI-SearchBot/1.3; robots.txt; +https://openai.com/searchbot"
74.7.227.60 - - [17/May/2026:05:52:22 +0530] "GET / HTTP/1.1" 302 430 "-" "Mozilla/5.0 AppleWebKit/537.36 (KHTML, like Gecko; compatible; GPTBot/1.3; +https://openai.com/gptbot)"
74.7.241.192 - - [17/May/2026:05:52:22 +0530] "GET /robots.txt HTTP/1.1" 405 127825 "-" "Mozilla/5.0 (Macintosh; Intel Mac OS X 10_15_7) AppleWebKit/537.36 (KHTML, like Gecko) Chrome/131.0.0.0 Safari/537.36; compatible; OAI-SearchBot/1.3; robots.txt; +https://openai.com/searchbot"
74.7.227.60 - - [17/May/2026:05:52:29 +0530] "GET /login HTTP/1.1" 200 2442 "https://kalyanidashboard.skilladders.com/" "Mozilla/5.0 AppleWebKit/537.36 (KHTML, like Gecko; compatible; GPTBot/1.3; +https://openai.com/gptbot)"
74.7.241.192 - - [18/May/2026:07:15:14 +0530] "GET /robots.txt HTTP/1.1" 500 - "-" "Mozilla/5.0 (Macintosh; Intel Mac OS X 10_15_7) AppleWebKit/537.36 (KHTML, like Gecko) Chrome/131.0.0.0 Safari/537.36; compatible; OAI-SearchBot/1.3; robots.txt; +https://openai.com/searchbot"
66.132.172.213 - - [18/May/2026:07:20:05 +0530] "GET / HTTP/1.1" 500 - "-" "Mozilla/5.0 (compatible; CensysInspect/1.1; +https://about.censys.io/)"
72.11.155.223 - - [18/May/2026:12:27:34 +0530] "GET / HTTP/1.1" 500 - "-" "Mozilla/5.0 (Ubuntu; Linux x86_64; rv:124.0) Gecko/20100101 Firefox/124.0"
72.11.155.223 - - [18/May/2026:12:27:41 +0530] "GET /favicon.ico HTTP/1.1" 500 - "-" "Mozilla/5.0 (Ubuntu; Linux x86_64; rv:124.0) Gecko/20100101 Firefox/124.0"
27.60.40.65 - - [18/May/2026:18:14:50 +0530] "GET /categories HTTP/1.1" 200 3519 "https://demokalyani.skilladders.com/" "Mozilla/5.0 (Macintosh; Intel Mac OS X 10_15_7) AppleWebKit/537.36 (KHTML, like Gecko) Chrome/146.0.0.0 Safari/537.36"
27.60.40.65 - - [18/May/2026:18:14:50 +0530] "GET /gettestimonal HTTP/1.1" 200 2498 "https://demokalyani.skilladders.com/" "Mozilla/5.0 (Macintosh; Intel Mac OS X 10_15_7) AppleWebKit/537.36 (KHTML, like Gecko) Chrome/146.0.0.0 Safari/537.36"
27.60.40.65 - - [18/May/2026:18:14:50 +0530] "GET /getAllsubcatgeory HTTP/1.1" 200 672 "https://demokalyani.skilladders.com/" "Mozilla/5.0 (Macintosh; Intel Mac OS X 10_15_7) AppleWebKit/537.36 (KHTML, like Gecko) Chrome/146.0.0.0 Safari/537.36"
27.60.40.65 - - [18/May/2026:18:14:50 +0530] "GET /newslist HTTP/1.1" 200 3412 "https://demokalyani.skilladders.com/" "Mozilla/5.0 (Macintosh; Intel Mac OS X 10_15_7) AppleWebKit/537.36 (KHTML, like Gecko) Chrome/146.0.0.0 Safari/537.36"