115.98.234.198 - - [09/May/2026:16:58:15 +0530] "GET /admin/product HTTP/1.1" 200 22726 "https://bharatmatabackend.skilladders.com/admin/vendor-verifications" "Mozilla/5.0 (Windows NT 10.0; Win64; x64) AppleWebKit/537.36 (KHTML, like Gecko) Chrome/141.0.0.0 Safari/537.36"
115.98.234.198 - - [09/May/2026:16:58:16 +0530] "GET /admin/notifications HTTP/1.1" 200 2 "https://bharatmatabackend.skilladders.com/admin/product" "Mozilla/5.0 (Windows NT 10.0; Win64; x64) AppleWebKit/537.36 (KHTML, like Gecko) Chrome/141.0.0.0 Safari/537.36"
115.98.234.198 - - [09/May/2026:16:58:16 +0530] "GET /admin/product?draw=1&columns%5B0%5D%5Bdata%5D=DT_RowIndex&columns%5B0%5D%5Bname%5D=DT_RowIndex&columns%5B0%5D%5Bsearchable%5D=false&columns%5B0%5D%5Borderable%5D=false&columns%5B0%5D%5Bsearch%5D%5Bvalue%5D=&columns%5B0%5D%5Bsearch%5D%5Bregex%5D=false&columns%5B1%5D%5Bdata%5D=name&columns%5B1%5D%5Bname%5D=name&columns%5B1%5D%5Bsearchable%5D=true&columns%5B1%5D%5Borderable%5D=true&columns%5B1%5D%5Bsearch%5D%5Bvalue%5D=&columns%5B1%5D%5Bsearch%5D%5Bregex%5D=false&columns%5B2%5D%5Bdata%5D=vendor_name&columns%5B2%5D%5Bname%5D=vendor.name&columns%5B2%5D%5Bsearchable%5D=true&columns%5B2%5D%5Borderable%5D=true&columns%5B2%5D%5Bsearch%5D%5Bvalue%5D=&columns%5B2%5D%5Bsearch%5D%5Bregex%5D=false&columns%5B3%5D%5Bdata%5D=actions&columns%5B3%5D%5Bname%5D=actions&columns%5B3%5D%5Bsearchable%5D=false&columns%5B3%5D%5Borderable%5D=false&columns%5B3%5D%5Bsearch%5D%5Bvalue%5D=&columns%5B3%5D%5Bsearch%5D%5Bregex%5D=false&order%5B0%5D%5Bcolumn%5D=1&order%5B0%5D%5Bdir%5D=asc&order%5B0%5D%5Bname%5D=name&start=0&length=10&search%5Bvalue%5D=&search%5Bregex%5D=false&_=1778326096197 HTTP/1.1" 200 5414 "https://bharatmatabackend.skilladders.com/admin/product" "Mozilla/5.0 (Windows NT 10.0; Win64; x64) AppleWebKit/537.36 (KHTML, like Gecko) Chrome/141.0.0.0 Safari/537.36"
115.98.234.198 - - [09/May/2026:16:58:27 +0530] "GET /admin/notifications HTTP/1.1" 200 2 "https://bharatmatabackend.skilladders.com/admin/product" "Mozilla/5.0 (Windows NT 10.0; Win64; x64) AppleWebKit/537.36 (KHTML, like Gecko) Chrome/141.0.0.0 Safari/537.36"
115.98.234.198 - - [09/May/2026:16:58:37 +0530] "GET /admin/notifications HTTP/1.1" 200 2 "https://bharatmatabackend.skilladders.com/admin/product" "Mozilla/5.0 (Windows NT 10.0; Win64; x64) AppleWebKit/537.36 (KHTML, like Gecko) Chrome/141.0.0.0 Safari/537.36"
115.98.234.198 - - [09/May/2026:16:58:47 +0530] "GET /admin/notifications HTTP/1.1" 200 2 "https://bharatmatabackend.skilladders.com/admin/product" "Mozilla/5.0 (Windows NT 10.0; Win64; x64) AppleWebKit/537.36 (KHTML, like Gecko) Chrome/141.0.0.0 Safari/537.36"
115.98.234.198 - - [09/May/2026:16:58:57 +0530] "GET /admin/notifications HTTP/1.1" 200 2 "https://bharatmatabackend.skilladders.com/admin/product" "Mozilla/5.0 (Windows NT 10.0; Win64; x64) AppleWebKit/537.36 (KHTML, like Gecko) Chrome/141.0.0.0 Safari/537.36"
115.98.234.198 - - [09/May/2026:16:59:07 +0530] "GET /admin/notifications HTTP/1.1" 200 2 "https://bharatmatabackend.skilladders.com/admin/product" "Mozilla/5.0 (Windows NT 10.0; Win64; x64) AppleWebKit/537.36 (KHTML, like Gecko) Chrome/141.0.0.0 Safari/537.36"
115.98.234.198 - - [09/May/2026:16:59:17 +0530] "GET /admin/notifications HTTP/1.1" 200 2 "https://bharatmatabackend.skilladders.com/admin/product" "Mozilla/5.0 (Windows NT 10.0; Win64; x64) AppleWebKit/537.36 (KHTML, like Gecko) Chrome/141.0.0.0 Safari/537.36"
115.98.234.198 - - [09/May/2026:16:59:27 +0530] "GET /admin/notifications HTTP/1.1" 200 2 "https://bharatmatabackend.skilladders.com/admin/product" "Mozilla/5.0 (Windows NT 10.0; Win64; x64) AppleWebKit/537.36 (KHTML, like Gecko) Chrome/141.0.0.0 Safari/537.36"
115.98.234.198 - - [09/May/2026:16:59:37 +0530] "GET /admin/notifications HTTP/1.1" 200 2 "https://bharatmatabackend.skilladders.com/admin/product" "Mozilla/5.0 (Windows NT 10.0; Win64; x64) AppleWebKit/537.36 (KHTML, like Gecko) Chrome/141.0.0.0 Safari/537.36"
115.98.234.198 - - [09/May/2026:16:59:47 +0530] "GET /admin/notifications HTTP/1.1" 200 2 "https://bharatmatabackend.skilladders.com/admin/product" "Mozilla/5.0 (Windows NT 10.0; Win64; x64) AppleWebKit/537.36 (KHTML, like Gecko) Chrome/141.0.0.0 Safari/537.36"
115.98.234.198 - - [09/May/2026:17:00:33 +0530] "GET /admin/notifications HTTP/1.1" 200 2 "https://bharatmatabackend.skilladders.com/admin/product" "Mozilla/5.0 (Windows NT 10.0; Win64; x64) AppleWebKit/537.36 (KHTML, like Gecko) Chrome/141.0.0.0 Safari/537.36"
54.86.50.139 - - [09/May/2026:17:01:04 +0530] "POST /api/v1/vendor/business/register HTTP/1.1" 200 582 "-" "PostmanRuntime/7.54.0"
115.98.234.198 - - [09/May/2026:17:01:33 +0530] "GET /admin/notifications HTTP/1.1" 200 2 "https://bharatmatabackend.skilladders.com/admin/product" "Mozilla/5.0 (Windows NT 10.0; Win64; x64) AppleWebKit/537.36 (KHTML, like Gecko) Chrome/141.0.0.0 Safari/537.36"
115.98.234.198 - - [09/May/2026:17:02:35 +0530] "GET /admin/notifications HTTP/1.1" 200 2 "https://bharatmatabackend.skilladders.com/admin/product" "Mozilla/5.0 (Windows NT 10.0; Win64; x64) AppleWebKit/537.36 (KHTML, like Gecko) Chrome/141.0.0.0 Safari/537.36"
115.98.234.198 - - [09/May/2026:17:03:36 +0530] "GET /admin/notifications HTTP/1.1" 200 2 "https://bharatmatabackend.skilladders.com/admin/product" "Mozilla/5.0 (Windows NT 10.0; Win64; x64) AppleWebKit/537.36 (KHTML, like Gecko) Chrome/141.0.0.0 Safari/537.36"
115.98.234.198 - - [09/May/2026:17:04:34 +0530] "GET /admin/notifications HTTP/1.1" 200 2 "https://bharatmatabackend.skilladders.com/admin/product" "Mozilla/5.0 (Windows NT 10.0; Win64; x64) AppleWebKit/537.36 (KHTML, like Gecko) Chrome/141.0.0.0 Safari/537.36"
115.98.234.198 - - [09/May/2026:17:05:34 +0530] "GET /admin/notifications HTTP/1.1" 200 2 "https://bharatmatabackend.skilladders.com/admin/product" "Mozilla/5.0 (Windows NT 10.0; Win64; x64) AppleWebKit/537.36 (KHTML, like Gecko) Chrome/141.0.0.0 Safari/537.36"
103.27.51.169 - - [09/May/2026:17:05:50 +0530] "GET /api/v1/vendor/kyc/1 HTTP/1.1" 200 1894 "-" "Dart/3.10 (dart:io)"
103.27.51.169 - - [09/May/2026:17:05:59 +0530] "GET /api/v1/vendor/kyc/1 HTTP/1.1" 200 1894 "-" "Dart/3.10 (dart:io)"
103.27.51.169 - - [09/May/2026:17:06:09 +0530] "GET /api/v1/vendor/kyc/1 HTTP/1.1" 200 1894 "-" "Dart/3.10 (dart:io)"
103.27.51.169 - - [09/May/2026:17:06:20 +0530] "GET /api/v1/vendor/kyc/1 HTTP/1.1" 200 1894 "-" "Dart/3.10 (dart:io)"
103.27.51.169 - - [09/May/2026:17:06:29 +0530] "GET /api/v1/vendor/kyc/1 HTTP/1.1" 200 1894 "-" "Dart/3.10 (dart:io)"
115.98.234.198 - - [09/May/2026:17:06:35 +0530] "GET /admin/notifications HTTP/1.1" 200 2 "https://bharatmatabackend.skilladders.com/admin/product" "Mozilla/5.0 (Windows NT 10.0; Win64; x64) AppleWebKit/537.36 (KHTML, like Gecko) Chrome/141.0.0.0 Safari/537.36"
103.27.51.169 - - [09/May/2026:17:06:39 +0530] "GET /api/v1/vendor/kyc/1 HTTP/1.1" 200 1894 "-" "Dart/3.10 (dart:io)"
103.27.51.169 - - [09/May/2026:17:06:49 +0530] "GET /api/v1/vendor/kyc/1 HTTP/1.1" 200 1894 "-" "Dart/3.10 (dart:io)"
103.27.51.169 - - [09/May/2026:17:06:59 +0530] "GET /api/v1/vendor/kyc/1 HTTP/1.1" 200 1894 "-" "Dart/3.10 (dart:io)"
115.98.234.198 - - [09/May/2026:17:07:01 +0530] "GET /admin/notifications HTTP/1.1" 200 2 "https://bharatmatabackend.skilladders.com/admin/product" "Mozilla/5.0 (Windows NT 10.0; Win64; x64) AppleWebKit/537.36 (KHTML, like Gecko) Chrome/141.0.0.0 Safari/537.36"
115.98.234.198 - - [09/May/2026:17:07:07 +0530] "GET /admin/notifications HTTP/1.1" 200 2 "https://bharatmatabackend.skilladders.com/admin/product" "Mozilla/5.0 (Windows NT 10.0; Win64; x64) AppleWebKit/537.36 (KHTML, like Gecko) Chrome/141.0.0.0 Safari/537.36"
103.27.51.169 - - [09/May/2026:17:07:09 +0530] "GET /api/v1/vendor/kyc/1 HTTP/1.1" 200 1894 "-" "Dart/3.10 (dart:io)"
115.98.234.198 - - [09/May/2026:17:07:17 +0530] "GET /admin/notifications HTTP/1.1" 200 2 "https://bharatmatabackend.skilladders.com/admin/product" "Mozilla/5.0 (Windows NT 10.0; Win64; x64) AppleWebKit/537.36 (KHTML, like Gecko) Chrome/141.0.0.0 Safari/537.36"
103.27.51.169 - - [09/May/2026:17:07:19 +0530] "GET /api/v1/vendor/kyc/1 HTTP/1.1" 200 1894 "-" "Dart/3.10 (dart:io)"
115.98.234.198 - - [09/May/2026:17:07:27 +0530] "GET /admin/notifications HTTP/1.1" 200 2 "https://bharatmatabackend.skilladders.com/admin/product" "Mozilla/5.0 (Windows NT 10.0; Win64; x64) AppleWebKit/537.36 (KHTML, like Gecko) Chrome/141.0.0.0 Safari/537.36"
103.27.51.169 - - [09/May/2026:17:07:29 +0530] "GET /api/v1/vendor/kyc/1 HTTP/1.1" 200 1894 "-" "Dart/3.10 (dart:io)"
115.98.234.198 - - [09/May/2026:17:07:37 +0530] "GET /admin/notifications HTTP/1.1" 200 2 "https://bharatmatabackend.skilladders.com/admin/product" "Mozilla/5.0 (Windows NT 10.0; Win64; x64) AppleWebKit/537.36 (KHTML, like Gecko) Chrome/141.0.0.0 Safari/537.36"
103.27.51.169 - - [09/May/2026:17:07:39 +0530] "GET /api/v1/vendor/kyc/1 HTTP/1.1" 200 1894 "-" "Dart/3.10 (dart:io)"
115.98.234.198 - - [09/May/2026:17:07:47 +0530] "GET /admin/notifications HTTP/1.1" 200 2 "https://bharatmatabackend.skilladders.com/admin/product" "Mozilla/5.0 (Windows NT 10.0; Win64; x64) AppleWebKit/537.36 (KHTML, like Gecko) Chrome/141.0.0.0 Safari/537.36"
103.27.51.169 - - [09/May/2026:17:07:49 +0530] "GET /api/v1/vendor/kyc/1 HTTP/1.1" 200 1894 "-" "Dart/3.10 (dart:io)"
115.98.234.198 - - [09/May/2026:17:07:57 +0530] "GET /admin/notifications HTTP/1.1" 200 2 "https://bharatmatabackend.skilladders.com/admin/product" "Mozilla/5.0 (Windows NT 10.0; Win64; x64) AppleWebKit/537.36 (KHTML, like Gecko) Chrome/141.0.0.0 Safari/537.36"
103.27.51.169 - - [09/May/2026:17:08:00 +0530] "GET /api/v1/vendor/kyc/1 HTTP/1.1" 200 1894 "-" "Dart/3.10 (dart:io)"
103.27.51.169 - - [09/May/2026:17:08:09 +0530] "GET /api/v1/vendor/kyc/1 HTTP/1.1" 200 1894 "-" "Dart/3.10 (dart:io)"
103.27.51.169 - - [09/May/2026:17:08:20 +0530] "GET /api/v1/vendor/kyc/1 HTTP/1.1" 200 1894 "-" "Dart/3.10 (dart:io)"
103.27.51.169 - - [09/May/2026:17:08:29 +0530] "GET /api/v1/vendor/kyc/1 HTTP/1.1" 200 1894 "-" "Dart/3.10 (dart:io)"
115.98.234.198 - - [09/May/2026:17:08:33 +0530] "GET /admin/notifications HTTP/1.1" 200 2 "https://bharatmatabackend.skilladders.com/admin/product" "Mozilla/5.0 (Windows NT 10.0; Win64; x64) AppleWebKit/537.36 (KHTML, like Gecko) Chrome/141.0.0.0 Safari/537.36"
103.27.51.169 - - [09/May/2026:17:08:39 +0530] "GET /api/v1/vendor/kyc/1 HTTP/1.1" 200 1894 "-" "Dart/3.10 (dart:io)"
103.27.51.169 - - [09/May/2026:17:08:50 +0530] "GET /api/v1/vendor/kyc/1 HTTP/1.1" 200 1894 "-" "Dart/3.10 (dart:io)"
103.27.51.169 - - [09/May/2026:17:08:56 +0530] "GET /storage/vendor/government_ids/x6FC7EMnSdi9bYC6w0CAKGipbab8AiJmcmODOnmz.jpg HTTP/1.1" 403 6659 "-" "Dart/3.10 (dart:io)"
103.27.51.169 - - [09/May/2026:17:08:59 +0530] "GET /api/v1/vendor/kyc/1 HTTP/1.1" 200 1894 "-" "Dart/3.10 (dart:io)"
103.27.51.169 - - [09/May/2026:17:09:07 +0530] "GET /storage/vendor/government_ids/x6FC7EMnSdi9bYC6w0CAKGipbab8AiJmcmODOnmz.jpg HTTP/1.1" 403 6659 "-" "Dart/3.10 (dart:io)"
103.27.51.169 - - [09/May/2026:17:09:09 +0530] "GET /api/v1/vendor/kyc/1 HTTP/1.1" 200 1894 "-" "Dart/3.10 (dart:io)"
103.27.51.169 - - [09/May/2026:17:09:18 +0530] "GET /storage/vendor/government_ids/KGaa9zghCM0BQMHmduwtCGzDIrsl52PhZAnSiu1v.jpg HTTP/1.1" 403 6659 "-" "Dart/3.10 (dart:io)"
103.27.51.169 - - [09/May/2026:17:09:19 +0530] "GET /api/v1/vendor/kyc/1 HTTP/1.1" 200 1894 "-" "Dart/3.10 (dart:io)"
103.27.51.169 - - [09/May/2026:17:09:24 +0530] "GET /storage/vendor/business_registrations/fgOEBL9o5birRYtLcGfsYMEiEcgIpr2I0cEOFi4F.png HTTP/1.1" 403 6659 "-" "Dart/3.10 (dart:io)"
103.27.51.169 - - [09/May/2026:17:09:27 +0530] "GET /storage/vendor/business_registrations/3cdvMmmKlpxanRbPSjSebSaCaD5yf5DuhodzTbe0.png HTTP/1.1" 403 6659 "-" "Dart/3.10 (dart:io)"
103.27.51.169 - - [09/May/2026:17:09:31 +0530] "GET /storage/vendor/business_registrations/WMhfzSSVYIo6RhhuUXllLZyk0XLdMbF6x51w6GHD.png HTTP/1.1" 403 6659 "-" "Dart/3.10 (dart:io)"
115.98.234.198 - - [09/May/2026:17:09:33 +0530] "GET /admin/notifications HTTP/1.1" 200 2 "https://bharatmatabackend.skilladders.com/admin/product" "Mozilla/5.0 (Windows NT 10.0; Win64; x64) AppleWebKit/537.36 (KHTML, like Gecko) Chrome/141.0.0.0 Safari/537.36"
103.27.51.169 - - [09/May/2026:17:09:37 +0530] "GET /api/v1/vendor/kyc/1 HTTP/1.1" 200 1894 "-" "Dart/3.10 (dart:io)"
103.27.51.169 - - [09/May/2026:17:09:40 +0530] "GET /api/v1/vendor/kyc/1 HTTP/1.1" 200 1894 "-" "Dart/3.10 (dart:io)"
103.27.51.169 - - [09/May/2026:17:09:51 +0530] "GET /api/v1/vendor/kyc/1 HTTP/1.1" 200 1894 "-" "Dart/3.10 (dart:io)"
103.27.51.169 - - [09/May/2026:17:10:02 +0530] "GET /api/v1/vendor/kyc/1 HTTP/1.1" 200 1894 "-" "Dart/3.10 (dart:io)"
103.27.51.169 - - [09/May/2026:17:10:10 +0530] "GET /api/v1/vendor/kyc/1 HTTP/1.1" 200 1894 "-" "Dart/3.10 (dart:io)"
103.27.51.169 - - [09/May/2026:17:10:21 +0530] "GET /api/v1/vendor/kyc/1 HTTP/1.1" 200 1894 "-" "Dart/3.10 (dart:io)"
103.27.51.169 - - [09/May/2026:17:10:30 +0530] "GET /api/v1/vendor/kyc/1 HTTP/1.1" 200 1894 "-" "Dart/3.10 (dart:io)"
115.98.234.198 - - [09/May/2026:17:10:33 +0530] "GET /admin/notifications HTTP/1.1" 200 2 "https://bharatmatabackend.skilladders.com/admin/product" "Mozilla/5.0 (Windows NT 10.0; Win64; x64) AppleWebKit/537.36 (KHTML, like Gecko) Chrome/141.0.0.0 Safari/537.36"
103.27.51.169 - - [09/May/2026:17:10:50 +0530] "GET /api/v1/vendor/kyc/1 HTTP/1.1" 200 1894 "-" "Dart/3.10 (dart:io)"
103.27.51.169 - - [09/May/2026:17:10:54 +0530] "GET /api/v1/vendor/kyc/1 HTTP/1.1" 200 1894 "-" "Dart/3.10 (dart:io)"
103.27.51.169 - - [09/May/2026:17:11:03 +0530] "GET /api/v1/vendor/kyc/1 HTTP/1.1" 200 1894 "-" "Dart/3.10 (dart:io)"
103.27.51.169 - - [09/May/2026:17:11:09 +0530] "GET /api/v1/vendor/kyc/1 HTTP/1.1" 200 1914 "-" "Dart/3.10 (dart:io)"
115.98.234.198 - - [09/May/2026:17:11:15 +0530] "GET /admin/notifications HTTP/1.1" 200 837 "https://bharatmatabackend.skilladders.com/admin/product" "Mozilla/5.0 (Windows NT 10.0; Win64; x64) AppleWebKit/537.36 (KHTML, like Gecko) Chrome/141.0.0.0 Safari/537.36"
115.98.234.198 - - [09/May/2026:17:11:16 +0530] "GET /admin/notifications HTTP/1.1" 200 1117 "https://bharatmatabackend.skilladders.com/admin/product" "Mozilla/5.0 (Windows NT 10.0; Win64; x64) AppleWebKit/537.36 (KHTML, like Gecko) Chrome/141.0.0.0 Safari/537.36"
103.27.51.169 - - [09/May/2026:17:11:19 +0530] "GET /api/v1/vendor/kyc/1 HTTP/1.1" 200 1994 "-" "Dart/3.10 (dart:io)"
103.27.51.169 - - [09/May/2026:17:11:29 +0530] "GET /api/v1/vendor/kyc/1 HTTP/1.1" 200 1994 "-" "Dart/3.10 (dart:io)"
103.27.51.169 - - [09/May/2026:17:11:39 +0530] "GET /api/v1/vendor/kyc/1 HTTP/1.1" 200 1994 "-" "Dart/3.10 (dart:io)"
103.27.51.169 - - [09/May/2026:17:11:41 +0530] "GET /storage/vendor/government_ids/x6FC7EMnSdi9bYC6w0CAKGipbab8AiJmcmODOnmz.jpg HTTP/1.1" 403 6659 "-" "Dart/3.10 (dart:io)"
103.27.51.169 - - [09/May/2026:17:11:49 +0530] "GET /api/v1/vendor/kyc/1 HTTP/1.1" 200 1994 "-" "Dart/3.10 (dart:io)"
103.27.51.169 - - [09/May/2026:17:12:00 +0530] "GET /api/v1/vendor/kyc/1 HTTP/1.1" 200 1994 "-" "Dart/3.10 (dart:io)"
103.27.51.169 - - [09/May/2026:17:12:09 +0530] "GET /api/v1/vendor/kyc/1 HTTP/1.1" 200 1994 "-" "Dart/3.10 (dart:io)"
103.27.51.169 - - [09/May/2026:17:12:23 +0530] "GET /api/v1/vendor/kyc/1 HTTP/1.1" 200 1994 "-" "Dart/3.10 (dart:io)"
103.27.51.169 - - [09/May/2026:17:12:29 +0530] "GET /api/v1/vendor/kyc/1 HTTP/1.1" 200 1994 "-" "Dart/3.10 (dart:io)"
103.27.51.169 - - [09/May/2026:17:12:47 +0530] "GET /api/v1/vendor/kyc/1 HTTP/1.1" 200 1956 "-" "Dart/3.10 (dart:io)"
103.27.51.169 - - [09/May/2026:17:12:49 +0530] "GET /api/v1/vendor/kyc/1 HTTP/1.1" 200 1956 "-" "Dart/3.10 (dart:io)"
103.27.51.169 - - [09/May/2026:17:12:59 +0530] "GET /api/v1/vendor/kyc/1 HTTP/1.1" 200 1890 "-" "Dart/3.10 (dart:io)"
103.27.51.169 - - [09/May/2026:17:13:01 +0530] "GET /api/v1/vendor/dashboard HTTP/1.1" 200 703 "-" "Dart/3.10 (dart:io)"
103.27.51.169 - - [09/May/2026:17:13:50 +0530] "GET /api/v1/vendor/kyc-summary/1 HTTP/1.1" 200 117 "-" "Dart/3.10 (dart:io)"
103.27.51.169 - - [09/May/2026:17:13:50 +0530] "GET /api/v1/vendor/dashboard HTTP/1.1" 200 703 "-" "Dart/3.10 (dart:io)"
103.27.51.169 - - [09/May/2026:17:14:47 +0530] "GET /api/v1/vendor/kyc-summary/1 HTTP/1.1" 200 117 "-" "Dart/3.10 (dart:io)"
103.27.51.169 - - [09/May/2026:17:14:47 +0530] "GET /api/v1/vendor/dashboard HTTP/1.1" 200 703 "-" "Dart/3.10 (dart:io)"
103.27.51.169 - - [09/May/2026:17:18:11 +0530] "GET /api/v1/vendor/kyc-summary/1 HTTP/1.1" 200 117 "-" "Dart/3.10 (dart:io)"
103.27.51.169 - - [09/May/2026:17:18:11 +0530] "GET /api/v1/vendor/dashboard HTTP/1.1" 200 703 "-" "Dart/3.10 (dart:io)"
103.27.51.169 - - [09/May/2026:17:18:23 +0530] "GET /api/zones HTTP/1.1" 200 1846 "-" "Dart/3.10 (dart:io)"
104.194.9.138 - - [09/May/2026:17:27:54 +0530] "GET /x-cp-6lCPsWEA.php HTTP/1.1" 404 6659 "-" "Mozilla/5.0 (X11; Linux x86_64) AppleWebKit/537.36 (KHTML, like Gecko) Chrome/143.0.0.0 Safari/537.36"
104.194.9.138 - - [09/May/2026:17:31:30 +0530] "GET /x-cp-QDTUPp7J.php HTTP/1.1" 404 6659 "-" "Mozilla/5.0 (X11; Linux x86_64) AppleWebKit/537.36 (KHTML, like Gecko) Chrome/143.0.0.0 Safari/537.36"
103.27.51.169 - - [09/May/2026:17:50:29 +0530] "GET /api/v1/vendor/kyc-summary/1 HTTP/1.1" 200 117 "-" "Dart/3.10 (dart:io)"
103.27.51.169 - - [09/May/2026:17:50:29 +0530] "GET /api/v1/vendor/dashboard HTTP/1.1" 200 703 "-" "Dart/3.10 (dart:io)"
103.27.51.169 - - [09/May/2026:17:52:30 +0530] "GET /api/v1/vendor/dashboard HTTP/1.1" 200 703 "-" "Dart/3.10 (dart:io)"
103.27.51.169 - - [09/May/2026:17:52:31 +0530] "GET /api/v1/vendor/kyc-summary/1 HTTP/1.1" 200 117 "-" "Dart/3.10 (dart:io)"
103.27.51.169 - - [09/May/2026:17:52:57 +0530] "GET /api/v1/vendor/dashboard HTTP/1.1" 200 703 "-" "Dart/3.10 (dart:io)"
103.27.51.169 - - [09/May/2026:17:52:57 +0530] "GET /api/v1/vendor/kyc-summary/1 HTTP/1.1" 200 117 "-" "Dart/3.10 (dart:io)"
103.27.51.169 - - [09/May/2026:17:55:31 +0530] "GET /api/v1/vendor/dashboard HTTP/1.1" 200 703 "-" "Dart/3.10 (dart:io)"
103.27.51.169 - - [09/May/2026:17:55:31 +0530] "GET /api/v1/vendor/kyc-summary/1 HTTP/1.1" 200 117 "-" "Dart/3.10 (dart:io)"
103.27.51.169 - - [09/May/2026:17:56:25 +0530] "GET /api/zones HTTP/1.1" 200 1846 "-" "Dart/3.10 (dart:io)"
103.27.51.169 - - [09/May/2026:17:57:14 +0530] "GET /api/zonal-areas?zone_id=12 HTTP/1.1" 200 287 "-" "Dart/3.10 (dart:io)"
103.27.51.169 - - [09/May/2026:18:01:47 +0530] "GET /api/v1/vendor/kyc-summary/4 HTTP/1.1" 200 112 "-" "Dart/3.10 (dart:io)"
103.27.51.169 - - [09/May/2026:18:01:47 +0530] "GET /api/v1/vendor/kyc/4 HTTP/1.1" 200 250 "-" "Dart/3.10 (dart:io)"
103.27.51.169 - - [09/May/2026:18:02:18 +0530] "GET /api/v1/vendor/kyc-summary/4 HTTP/1.1" 200 112 "-" "Dart/3.10 (dart:io)"
103.27.51.169 - - [09/May/2026:18:02:18 +0530] "GET /api/v1/vendor/dashboard HTTP/1.1" 200 840 "-" "Dart/3.10 (dart:io)"
103.27.51.169 - - [09/May/2026:18:03:00 +0530] "GET /storage/ HTTP/1.1" 404 6659 "-" "WhatsApp/2.23.20.0"
103.27.51.169 - - [09/May/2026:18:39:22 +0530] "GET /api/zones HTTP/1.1" 200 1846 "-" "Dart/3.10 (dart:io)"
103.27.51.169 - - [09/May/2026:18:39:47 +0530] "GET /api/zonal-areas?zone_id=12 HTTP/1.1" 200 287 "-" "Dart/3.10 (dart:io)"
44.247.53.44 - - [10/May/2026:01:05:21 +0530] "GET / HTTP/1.1" 200 34797 "-" "Mozilla/5.0 (Macintosh; Intel Mac OS X 10_15_7) AppleWebKit/537.36 (KHTML, like Gecko) Chrome/148.0.7778.96 Safari/537.36"
44.247.53.44 - - [10/May/2026:01:05:22 +0530] "GET /favicon.ico HTTP/1.1" 200 - "https://bharatmatabackend.skilladders.com/" "Mozilla/5.0 (Macintosh; Intel Mac OS X 10_15_7) AppleWebKit/537.36 (KHTML, like Gecko) Chrome/148.0.7778.96 Safari/537.36"
104.194.9.138 - - [10/May/2026:10:04:42 +0530] "GET /x-cp-GQWIIjdO.php HTTP/1.1" 404 6659 "-" "Mozilla/5.0 (X11; Linux x86_64) AppleWebKit/537.36 (KHTML, like Gecko) Chrome/143.0.0.0 Safari/537.36"
104.194.9.138 - - [10/May/2026:10:05:55 +0530] "GET /x-cp-IpU6XAbI.php HTTP/1.1" 404 6659 "-" "Mozilla/5.0 (X11; Linux x86_64) AppleWebKit/537.36 (KHTML, like Gecko) Chrome/143.0.0.0 Safari/537.36"
104.194.9.138 - - [10/May/2026:12:37:39 +0530] "GET /x-cp-YPnPeJV0.php HTTP/1.1" 404 6659 "-" "Mozilla/5.0 (X11; Linux x86_64) AppleWebKit/537.36 (KHTML, like Gecko) Chrome/143.0.0.0 Safari/537.36"
104.194.9.138 - - [10/May/2026:12:38:05 +0530] "GET /x-cp-G93oYecw.php HTTP/1.1" 404 6659 "-" "Mozilla/5.0 (X11; Linux x86_64) AppleWebKit/537.36 (KHTML, like Gecko) Chrome/143.0.0.0 Safari/537.36"
3.235.194.109 - - [10/May/2026:15:15:56 +0530] "GET / HTTP/1.1" 200 34797 "-" "Mozilla/5.0 (Kubuntu; Linux i686; rv:126.0) Gecko/20100101 Firefox/126.0"
74.7.228.27 - - [10/May/2026:16:38:52 +0530] "GET /robots.txt HTTP/1.1" 200 24 "-" "Mozilla/5.0 (Macintosh; Intel Mac OS X 10_15_7) AppleWebKit/537.36 (KHTML, like Gecko) Chrome/131.0.0.0 Safari/537.36; compatible; OAI-SearchBot/1.3; robots.txt; +https://openai.com/searchbot"
74.7.227.59 - - [10/May/2026:16:38:53 +0530] "GET / HTTP/1.1" 200 34797 "-" "Mozilla/5.0 AppleWebKit/537.36 (KHTML, like Gecko; compatible; GPTBot/1.3; +https://openai.com/gptbot)"
74.7.227.59 - - [10/May/2026:16:38:55 +0530] "GET /admin/login HTTP/1.1" 200 9774 "https://bharatmatabackend.skilladders.com/" "Mozilla/5.0 AppleWebKit/537.36 (KHTML, like Gecko; compatible; GPTBot/1.3; +https://openai.com/gptbot)"
74.7.227.59 - - [10/May/2026:16:38:58 +0530] "GET /admin/assets/css/materialdesignicons.min.css HTTP/1.1" 200 274146 "https://bharatmatabackend.skilladders.com/admin/login" "Mozilla/5.0 AppleWebKit/537.36 (KHTML, like Gecko; compatible; GPTBot/1.3; +https://openai.com/gptbot)"
74.7.227.59 - - [10/May/2026:16:39:01 +0530] "GET /admin/assets/js/jvectormap.min.js HTTP/1.1" 200 30350 "https://bharatmatabackend.skilladders.com/admin/login" "Mozilla/5.0 AppleWebKit/537.36 (KHTML, like Gecko; compatible; GPTBot/1.3; +https://openai.com/gptbot)"
74.7.227.59 - - [10/May/2026:16:39:03 +0530] "GET /admin/assets/js/dynamic-pie-chart.js HTTP/1.1" 200 2021 "https://bharatmatabackend.skilladders.com/admin/login" "Mozilla/5.0 AppleWebKit/537.36 (KHTML, like Gecko; compatible; GPTBot/1.3; +https://openai.com/gptbot)"
74.7.227.59 - - [10/May/2026:16:39:05 +0530] "GET /admin/assets/js/world-merc.js HTTP/1.1" 200 105500 "https://bharatmatabackend.skilladders.com/admin/login" "Mozilla/5.0 AppleWebKit/537.36 (KHTML, like Gecko; compatible; GPTBot/1.3; +https://openai.com/gptbot)"
74.7.227.59 - - [10/May/2026:16:39:07 +0530] "GET /admin/assets/images/auth/shape.svg HTTP/1.1" 200 839 "https://bharatmatabackend.skilladders.com/admin/login" "Mozilla/5.0 AppleWebKit/537.36 (KHTML, like Gecko; compatible; GPTBot/1.3; +https://openai.com/gptbot)"
74.7.227.59 - - [10/May/2026:16:39:08 +0530] "GET /admin/assets/js/Chart.min.js HTTP/1.1" 200 204783 "https://bharatmatabackend.skilladders.com/admin/login" "Mozilla/5.0 AppleWebKit/537.36 (KHTML, like Gecko; compatible; GPTBot/1.3; +https://openai.com/gptbot)"
74.7.227.59 - - [10/May/2026:16:39:10 +0530] "GET /admin/assets/css/lineicons.css HTTP/1.1" 200 29716 "https://bharatmatabackend.skilladders.com/admin/login" "Mozilla/5.0 AppleWebKit/537.36 (KHTML, like Gecko; compatible; GPTBot/1.3; +https://openai.com/gptbot)"
74.7.227.59 - - [10/May/2026:16:39:11 +0530] "GET /admin/assets/css/main.css HTTP/1.1" 200 106327 "https://bharatmatabackend.skilladders.com/admin/login" "Mozilla/5.0 AppleWebKit/537.36 (KHTML, like Gecko; compatible; GPTBot/1.3; +https://openai.com/gptbot)"
74.7.227.59 - - [10/May/2026:16:39:12 +0530] "GET /admin/assets/css/fullcalendar.css HTTP/1.1" 200 25839 "https://bharatmatabackend.skilladders.com/admin/login" "Mozilla/5.0 AppleWebKit/537.36 (KHTML, like Gecko; compatible; GPTBot/1.3; +https://openai.com/gptbot)"
74.7.227.59 - - [10/May/2026:16:39:13 +0530] "GET /admin/reset-password.html HTTP/1.1" 404 6659 "https://bharatmatabackend.skilladders.com/admin/login" "Mozilla/5.0 AppleWebKit/537.36 (KHTML, like Gecko; compatible; GPTBot/1.3; +https://openai.com/gptbot)"
74.7.227.59 - - [10/May/2026:16:39:15 +0530] "GET /admin/assets/js/main.js HTTP/1.1" 200 1972 "https://bharatmatabackend.skilladders.com/admin/login" "Mozilla/5.0 AppleWebKit/537.36 (KHTML, like Gecko; compatible; GPTBot/1.3; +https://openai.com/gptbot)"
74.7.227.59 - - [10/May/2026:16:39:15 +0530] "GET /admin/assets/js/bootstrap.bundle.min.js HTTP/1.1" 200 80599 "https://bharatmatabackend.skilladders.com/admin/login" "Mozilla/5.0 AppleWebKit/537.36 (KHTML, like Gecko; compatible; GPTBot/1.3; +https://openai.com/gptbot)"
74.7.227.59 - - [10/May/2026:16:39:16 +0530] "GET /admin/assets/js/polyfill.js HTTP/1.1" 200 6231 "https://bharatmatabackend.skilladders.com/admin/login" "Mozilla/5.0 AppleWebKit/537.36 (KHTML, like Gecko; compatible; GPTBot/1.3; +https://openai.com/gptbot)"
74.7.227.59 - - [10/May/2026:16:39:17 +0530] "GET /admin/assets/js/moment.min.js HTTP/1.1" 200 58911 "https://bharatmatabackend.skilladders.com/admin/login" "Mozilla/5.0 AppleWebKit/537.36 (KHTML, like Gecko; compatible; GPTBot/1.3; +https://openai.com/gptbot)"
74.7.227.59 - - [10/May/2026:16:39:18 +0530] "GET /admin/assets/fonts/materialdesignicons-webfont.eot HTTP/1.1" 200 1026396 "https://bharatmatabackend.skilladders.com/admin/assets/css/materialdesignicons.min.css" "Mozilla/5.0 AppleWebKit/537.36 (KHTML, like Gecko; compatible; GPTBot/1.3; +https://openai.com/gptbot)"
74.7.227.59 - - [10/May/2026:16:39:19 +0530] "GET /admin/assets/datatables/datatables.min.js HTTP/1.1" 200 94382 "https://bharatmatabackend.skilladders.com/admin/login" "Mozilla/5.0 AppleWebKit/537.36 (KHTML, like Gecko; compatible; GPTBot/1.3; +https://openai.com/gptbot)"
74.7.227.59 - - [10/May/2026:16:39:20 +0530] "GET /admin/assets/js/chart.umd.js.map HTTP/1.1" 404 6659 "https://bharatmatabackend.skilladders.com/admin/assets/js/Chart.min.js" "Mozilla/5.0 AppleWebKit/537.36 (KHTML, like Gecko; compatible; GPTBot/1.3; +https://openai.com/gptbot)"
74.7.227.59 - - [10/May/2026:16:39:21 +0530] "GET /admin/assets/js/fullcalendar.js HTTP/1.1" 200 267868 "https://bharatmatabackend.skilladders.com/admin/login" "Mozilla/5.0 AppleWebKit/537.36 (KHTML, like Gecko; compatible; GPTBot/1.3; +https://openai.com/gptbot)"
74.7.227.59 - - [10/May/2026:16:39:22 +0530] "GET /admin/assets/fonts/lineicons.eot HTTP/1.1" 200 162168 "https://bharatmatabackend.skilladders.com/admin/assets/css/lineicons.css" "Mozilla/5.0 AppleWebKit/537.36 (KHTML, like Gecko; compatible; GPTBot/1.3; +https://openai.com/gptbot)"
74.7.227.59 - - [10/May/2026:16:39:23 +0530] "GET /admin/assets/fonts/lineicons.woff HTTP/1.1" 200 88488 "https://bharatmatabackend.skilladders.com/admin/assets/css/lineicons.css" "Mozilla/5.0 AppleWebKit/537.36 (KHTML, like Gecko; compatible; GPTBot/1.3; +https://openai.com/gptbot)"
74.7.227.59 - - [10/May/2026:16:39:23 +0530] "GET /admin/assets/fonts/lineicons.svg HTTP/1.1" 200 778401 "https://bharatmatabackend.skilladders.com/admin/assets/css/lineicons.css" "Mozilla/5.0 AppleWebKit/537.36 (KHTML, like Gecko; compatible; GPTBot/1.3; +https://openai.com/gptbot)"
74.7.227.59 - - [10/May/2026:16:39:24 +0530] "GET /admin/assets/fonts/lineicons.ttf HTTP/1.1" 200 161996 "https://bharatmatabackend.skilladders.com/admin/assets/css/lineicons.css" "Mozilla/5.0 AppleWebKit/537.36 (KHTML, like Gecko; compatible; GPTBot/1.3; +https://openai.com/gptbot)"
74.7.227.59 - - [10/May/2026:16:39:25 +0530] "GET /admin/assets/js/bootstrap.bundle.min.js.map HTTP/1.1" 404 6659 "https://bharatmatabackend.skilladders.com/admin/assets/js/bootstrap.bundle.min.js" "Mozilla/5.0 AppleWebKit/537.36 (KHTML, like Gecko; compatible; GPTBot/1.3; +https://openai.com/gptbot)"
74.7.227.59 - - [10/May/2026:16:39:26 +0530] "GET /admin/assets/fonts/lineicons.woff2 HTTP/1.1" 200 72248 "https://bharatmatabackend.skilladders.com/admin/assets/css/lineicons.css" "Mozilla/5.0 AppleWebKit/537.36 (KHTML, like Gecko; compatible; GPTBot/1.3; +https://openai.com/gptbot)"
74.7.227.59 - - [10/May/2026:16:39:27 +0530] "GET /admin/assets/js/moment.min.js.map HTTP/1.1" 404 6659 "https://bharatmatabackend.skilladders.com/admin/assets/js/moment.min.js" "Mozilla/5.0 AppleWebKit/537.36 (KHTML, like Gecko; compatible; GPTBot/1.3; +https://openai.com/gptbot)"
74.7.227.59 - - [10/May/2026:16:39:28 +0530] "GET /admin/assets/fonts/materialdesignicons-webfont.eot?v=5.9.55 HTTP/1.1" 200 1026396 "https://bharatmatabackend.skilladders.com/admin/assets/css/materialdesignicons.min.css" "Mozilla/5.0 AppleWebKit/537.36 (KHTML, like Gecko; compatible; GPTBot/1.3; +https://openai.com/gptbot)"
74.7.227.59 - - [10/May/2026:16:39:29 +0530] "GET /admin/assets/fonts/materialdesignicons-webfont.ttf?v=5.9.55 HTTP/1.1" 200 1026176 "https://bharatmatabackend.skilladders.com/admin/assets/css/materialdesignicons.min.css" "Mozilla/5.0 AppleWebKit/537.36 (KHTML, like Gecko; compatible; GPTBot/1.3; +https://openai.com/gptbot)"
74.7.227.59 - - [10/May/2026:16:39:30 +0530] "GET /admin/assets/fonts/materialdesignicons-webfont.woff?v=5.9.55 HTTP/1.1" 200 465188 "https://bharatmatabackend.skilladders.com/admin/assets/css/materialdesignicons.min.css" "Mozilla/5.0 AppleWebKit/537.36 (KHTML, like Gecko; compatible; GPTBot/1.3; +https://openai.com/gptbot)"
74.7.227.59 - - [10/May/2026:16:39:30 +0530] "GET /admin/assets/fonts/materialdesignicons-webfont.woff2?v=5.9.55 HTTP/1.1" 200 325244 "https://bharatmatabackend.skilladders.com/admin/assets/css/materialdesignicons.min.css" "Mozilla/5.0 AppleWebKit/537.36 (KHTML, like Gecko; compatible; GPTBot/1.3; +https://openai.com/gptbot)"
74.7.227.59 - - [10/May/2026:16:39:31 +0530] "GET /admin/assets/datatables/datatables.css HTTP/1.1" 200 30610 "https://bharatmatabackend.skilladders.com/admin/login" "Mozilla/5.0 AppleWebKit/537.36 (KHTML, like Gecko; compatible; GPTBot/1.3; +https://openai.com/gptbot)"
74.7.227.59 - - [10/May/2026:16:39:31 +0530] "GET /admin/assets/css/bootstrap.min.css HTTP/1.1" 200 220780 "https://bharatmatabackend.skilladders.com/admin/login" "Mozilla/5.0 AppleWebKit/537.36 (KHTML, like Gecko; compatible; GPTBot/1.3; +https://openai.com/gptbot)"
74.7.228.27 - - [11/May/2026:01:08:32 +0530] "GET /robots.txt HTTP/1.1" 200 24 "-" "Mozilla/5.0 (Macintosh; Intel Mac OS X 10_15_7) AppleWebKit/537.36 (KHTML, like Gecko) Chrome/131.0.0.0 Safari/537.36; compatible; OAI-SearchBot/1.3; robots.txt; +https://openai.com/searchbot"
44.248.242.187 - - [11/May/2026:02:03:14 +0530] "GET / HTTP/1.1" 200 34797 "-" "Mozilla/5.0 (iPhone; CPU iPhone OS 14_6 like Mac OS X) AppleWebKit/605.1.15 (KHTML, like Gecko) Version/14.0.3 Mobile/15E148 Safari/604.1"
66.132.172.186 - - [11/May/2026:03:52:49 +0530] "GET / HTTP/1.1" 200 34797 "-" "Mozilla/5.0 (compatible; CensysInspect/1.1; +https://about.censys.io/)"
66.132.172.186 - - [11/May/2026:03:52:59 +0530] "GET /favicon.ico HTTP/1.1" 200 - "-" "Mozilla/5.0 (compatible; CensysInspect/1.1; +https://about.censys.io/)"
93.123.109.214 - - [11/May/2026:10:21:52 +0530] "GET /wp-json/gravitysmtp/v1/tests/mock-data?page=gravitysmtp-settings HTTP/1.1" 404 6659 "-" "Mozilla/5.0 (Windows NT 10.0; Win64; x64; rv:133.0) Gecko/20100101 Firefox/133.0"
93.123.109.214 - - [11/May/2026:10:22:01 +0530] "GET / HTTP/1.1" 200 34797 "-" "Mozilla/5.0 (Windows NT 10.0; Win64; x64; rv:133.0) Gecko/20100101 Firefox/133.0"
60.254.0.122 - - [11/May/2026:12:20:47 +0530] "GET / HTTP/1.1" 200 34797 "-" "Mozilla/5.0 (Windows NT 10.0; Win64; x64) AppleWebKit/537.36 (KHTML, like Gecko) Chrome/141.0.0.0 Safari/537.36"
60.254.0.122 - - [11/May/2026:12:20:53 +0530] "GET / HTTP/1.1" 200 34797 "-" "Mozilla/5.0 (Windows NT 10.0; Win64; x64) AppleWebKit/537.36 (KHTML, like Gecko) Chrome/141.0.0.0 Safari/537.36"
60.254.0.122 - - [11/May/2026:12:22:42 +0530] "GET /admin/login HTTP/1.1" 200 9774 "https://bharatmatabackend.skilladders.com/" "Mozilla/5.0 (Windows NT 10.0; Win64; x64) AppleWebKit/537.36 (KHTML, like Gecko) Chrome/141.0.0.0 Safari/537.36"
60.254.0.122 - - [11/May/2026:12:22:51 +0530] "GET /common/img/gallery/farmtoapmc.png HTTP/1.1" 404 6659 "https://bharatmatabackend.skilladders.com/admin/login" "Mozilla/5.0 (Windows NT 10.0; Win64; x64) AppleWebKit/537.36 (KHTML, like Gecko) Chrome/141.0.0.0 Safari/537.36"
60.254.0.122 - - [11/May/2026:12:26:32 +0530] "POST /admin/admin-login HTTP/1.1" 302 474 "https://bharatmatabackend.skilladders.com/admin/login" "Mozilla/5.0 (Windows NT 10.0; Win64; x64) AppleWebKit/537.36 (KHTML, like Gecko) Chrome/141.0.0.0 Safari/537.36"
60.254.0.122 - - [11/May/2026:12:26:53 +0530] "GET /admin/dashboard HTTP/1.1" 200 83694 "https://bharatmatabackend.skilladders.com/admin/login" "Mozilla/5.0 (Windows NT 10.0; Win64; x64) AppleWebKit/537.36 (KHTML, like Gecko) Chrome/141.0.0.0 Safari/537.36"
60.254.0.122 - - [11/May/2026:12:27:06 +0530] "GET /admin/notifications HTTP/1.1" 200 2 "https://bharatmatabackend.skilladders.com/admin/dashboard" "Mozilla/5.0 (Windows NT 10.0; Win64; x64) AppleWebKit/537.36 (KHTML, like Gecko) Chrome/141.0.0.0 Safari/537.36"
60.254.0.122 - - [11/May/2026:12:27:12 +0530] "GET /admin/product HTTP/1.1" 200 22726 "https://bharatmatabackend.skilladders.com/admin/dashboard" "Mozilla/5.0 (Windows NT 10.0; Win64; x64) AppleWebKit/537.36 (KHTML, like Gecko) Chrome/141.0.0.0 Safari/537.36"
60.254.0.122 - - [11/May/2026:12:27:16 +0530] "GET /admin/notifications HTTP/1.1" 200 2 "https://bharatmatabackend.skilladders.com/admin/dashboard" "Mozilla/5.0 (Windows NT 10.0; Win64; x64) AppleWebKit/537.36 (KHTML, like Gecko) Chrome/141.0.0.0 Safari/537.36"
60.254.0.122 - - [11/May/2026:12:27:23 +0530] "GET /admin/notifications HTTP/1.1" 200 2 "https://bharatmatabackend.skilladders.com/admin/product" "Mozilla/5.0 (Windows NT 10.0; Win64; x64) AppleWebKit/537.36 (KHTML, like Gecko) Chrome/141.0.0.0 Safari/537.36"
60.254.0.122 - - [11/May/2026:12:27:23 +0530] "GET /admin/product?draw=1&columns%5B0%5D%5Bdata%5D=DT_RowIndex&columns%5B0%5D%5Bname%5D=DT_RowIndex&columns%5B0%5D%5Bsearchable%5D=false&columns%5B0%5D%5Borderable%5D=false&columns%5B0%5D%5Bsearch%5D%5Bvalue%5D=&columns%5B0%5D%5Bsearch%5D%5Bregex%5D=false&columns%5B1%5D%5Bdata%5D=name&columns%5B1%5D%5Bname%5D=name&columns%5B1%5D%5Bsearchable%5D=true&columns%5B1%5D%5Borderable%5D=true&columns%5B1%5D%5Bsearch%5D%5Bvalue%5D=&columns%5B1%5D%5Bsearch%5D%5Bregex%5D=false&columns%5B2%5D%5Bdata%5D=vendor_name&columns%5B2%5D%5Bname%5D=vendor.name&columns%5B2%5D%5Bsearchable%5D=true&columns%5B2%5D%5Borderable%5D=true&columns%5B2%5D%5Bsearch%5D%5Bvalue%5D=&columns%5B2%5D%5Bsearch%5D%5Bregex%5D=false&columns%5B3%5D%5Bdata%5D=actions&columns%5B3%5D%5Bname%5D=actions&columns%5B3%5D%5Bsearchable%5D=false&columns%5B3%5D%5Borderable%5D=false&columns%5B3%5D%5Bsearch%5D%5Bvalue%5D=&columns%5B3%5D%5Bsearch%5D%5Bregex%5D=false&order%5B0%5D%5Bcolumn%5D=1&order%5B0%5D%5Bdir%5D=asc&order%5B0%5D%5Bname%5D=name&start=0&length=10&search%5Bvalue%5D=&search%5Bregex%5D=false&_=1778482648917 HTTP/1.1" 200 8085 "https://bharatmatabackend.skilladders.com/admin/product" "Mozilla/5.0 (Windows NT 10.0; Win64; x64) AppleWebKit/537.36 (KHTML, like Gecko) Chrome/141.0.0.0 Safari/537.36"
60.254.0.122 - - [11/May/2026:12:27:33 +0530] "GET /admin/notifications HTTP/1.1" 200 2 "https://bharatmatabackend.skilladders.com/admin/product" "Mozilla/5.0 (Windows NT 10.0; Win64; x64) AppleWebKit/537.36 (KHTML, like Gecko) Chrome/141.0.0.0 Safari/537.36"
60.254.0.122 - - [11/May/2026:12:27:41 +0530] "GET /admin/referral HTTP/1.1" 200 28208 "https://bharatmatabackend.skilladders.com/admin/product" "Mozilla/5.0 (Windows NT 10.0; Win64; x64) AppleWebKit/537.36 (KHTML, like Gecko) Chrome/141.0.0.0 Safari/537.36"
60.254.0.122 - - [11/May/2026:12:27:43 +0530] "GET /admin/notifications HTTP/1.1" 200 2 "https://bharatmatabackend.skilladders.com/admin/product" "Mozilla/5.0 (Windows NT 10.0; Win64; x64) AppleWebKit/537.36 (KHTML, like Gecko) Chrome/141.0.0.0 Safari/537.36"
60.254.0.122 - - [11/May/2026:12:27:52 +0530] "GET /admin/notifications HTTP/1.1" 200 2 "https://bharatmatabackend.skilladders.com/admin/referral" "Mozilla/5.0 (Windows NT 10.0; Win64; x64) AppleWebKit/537.36 (KHTML, like Gecko) Chrome/141.0.0.0 Safari/537.36"
60.254.0.122 - - [11/May/2026:12:28:03 +0530] "GET /admin/notifications HTTP/1.1" 200 2 "https://bharatmatabackend.skilladders.com/admin/referral" "Mozilla/5.0 (Windows NT 10.0; Win64; x64) AppleWebKit/537.36 (KHTML, like Gecko) Chrome/141.0.0.0 Safari/537.36"
60.254.0.122 - - [11/May/2026:12:28:01 +0530] "GET /register?token=i4dUgzolJuYoJHsFvAbuJvU5qpJXkw3LQTfYQu33mNGjnsFCR3o2mE0oOEWnA8pR HTTP/1.1" 200 9913 "-" "Mozilla/5.0 (Windows NT 10.0; Win64; x64) AppleWebKit/537.36 (KHTML, like Gecko) Chrome/141.0.0.0 Safari/537.36"
60.254.0.122 - - [11/May/2026:12:28:12 +0530] "GET /admin/notifications HTTP/1.1" 200 2 "https://bharatmatabackend.skilladders.com/admin/referral" "Mozilla/5.0 (Windows NT 10.0; Win64; x64) AppleWebKit/537.36 (KHTML, like Gecko) Chrome/141.0.0.0 Safari/537.36"
60.254.0.122 - - [11/May/2026:12:28:22 +0530] "GET /admin/notifications HTTP/1.1" 200 2 "https://bharatmatabackend.skilladders.com/admin/referral" "Mozilla/5.0 (Windows NT 10.0; Win64; x64) AppleWebKit/537.36 (KHTML, like Gecko) Chrome/141.0.0.0 Safari/537.36"
60.254.0.122 - - [11/May/2026:12:28:32 +0530] "GET /admin/notifications HTTP/1.1" 200 2 "https://bharatmatabackend.skilladders.com/admin/referral" "Mozilla/5.0 (Windows NT 10.0; Win64; x64) AppleWebKit/537.36 (KHTML, like Gecko) Chrome/141.0.0.0 Safari/537.36"
60.254.0.122 - - [11/May/2026:12:28:42 +0530] "GET /admin/notifications HTTP/1.1" 200 2 "https://bharatmatabackend.skilladders.com/admin/referral" "Mozilla/5.0 (Windows NT 10.0; Win64; x64) AppleWebKit/537.36 (KHTML, like Gecko) Chrome/141.0.0.0 Safari/537.36"
60.254.0.122 - - [11/May/2026:12:28:52 +0530] "GET /admin/notifications HTTP/1.1" 200 2 "https://bharatmatabackend.skilladders.com/admin/referral" "Mozilla/5.0 (Windows NT 10.0; Win64; x64) AppleWebKit/537.36 (KHTML, like Gecko) Chrome/141.0.0.0 Safari/537.36"
60.254.0.122 - - [11/May/2026:12:29:02 +0530] "GET /admin/notifications HTTP/1.1" 200 2 "https://bharatmatabackend.skilladders.com/admin/referral" "Mozilla/5.0 (Windows NT 10.0; Win64; x64) AppleWebKit/537.36 (KHTML, like Gecko) Chrome/141.0.0.0 Safari/537.36"
60.254.0.122 - - [11/May/2026:12:29:31 +0530] "GET /admin/notifications HTTP/1.1" 200 2 "https://bharatmatabackend.skilladders.com/admin/referral" "Mozilla/5.0 (Windows NT 10.0; Win64; x64) AppleWebKit/537.36 (KHTML, like Gecko) Chrome/141.0.0.0 Safari/537.36"
60.254.0.122 - - [11/May/2026:12:30:23 +0530] "GET /admin/notifications HTTP/1.1" 200 2 "https://bharatmatabackend.skilladders.com/admin/referral" "Mozilla/5.0 (Windows NT 10.0; Win64; x64) AppleWebKit/537.36 (KHTML, like Gecko) Chrome/141.0.0.0 Safari/537.36"
60.254.0.122 - - [11/May/2026:12:30:32 +0530] "GET /admin/notifications HTTP/1.1" 200 2 "https://bharatmatabackend.skilladders.com/admin/referral" "Mozilla/5.0 (Windows NT 10.0; Win64; x64) AppleWebKit/537.36 (KHTML, like Gecko) Chrome/141.0.0.0 Safari/537.36"
60.254.0.122 - - [11/May/2026:12:30:45 +0530] "GET /admin/notifications HTTP/1.1" 200 2 "https://bharatmatabackend.skilladders.com/admin/referral" "Mozilla/5.0 (Windows NT 10.0; Win64; x64) AppleWebKit/537.36 (KHTML, like Gecko) Chrome/141.0.0.0 Safari/537.36"
60.254.0.122 - - [11/May/2026:12:30:53 +0530] "GET /admin/notifications HTTP/1.1" 200 2 "https://bharatmatabackend.skilladders.com/admin/referral" "Mozilla/5.0 (Windows NT 10.0; Win64; x64) AppleWebKit/537.36 (KHTML, like Gecko) Chrome/141.0.0.0 Safari/537.36"
60.254.0.122 - - [11/May/2026:12:31:04 +0530] "GET /admin/notifications HTTP/1.1" 200 2 "https://bharatmatabackend.skilladders.com/admin/referral" "Mozilla/5.0 (Windows NT 10.0; Win64; x64) AppleWebKit/537.36 (KHTML, like Gecko) Chrome/141.0.0.0 Safari/537.36"
60.254.0.122 - - [11/May/2026:12:31:12 +0530] "GET /admin/notifications HTTP/1.1" 200 2 "https://bharatmatabackend.skilladders.com/admin/referral" "Mozilla/5.0 (Windows NT 10.0; Win64; x64) AppleWebKit/537.36 (KHTML, like Gecko) Chrome/141.0.0.0 Safari/537.36"
60.254.0.122 - - [11/May/2026:12:31:22 +0530] "GET /admin/notifications HTTP/1.1" 200 2 "https://bharatmatabackend.skilladders.com/admin/referral" "Mozilla/5.0 (Windows NT 10.0; Win64; x64) AppleWebKit/537.36 (KHTML, like Gecko) Chrome/141.0.0.0 Safari/537.36"
60.254.0.122 - - [11/May/2026:12:32:30 +0530] "GET /admin/notifications HTTP/1.1" 200 2 "https://bharatmatabackend.skilladders.com/admin/referral" "Mozilla/5.0 (Windows NT 10.0; Win64; x64) AppleWebKit/537.36 (KHTML, like Gecko) Chrome/141.0.0.0 Safari/537.36"
60.254.0.122 - - [11/May/2026:12:33:30 +0530] "GET /admin/notifications HTTP/1.1" 200 2 "https://bharatmatabackend.skilladders.com/admin/referral" "Mozilla/5.0 (Windows NT 10.0; Win64; x64) AppleWebKit/537.36 (KHTML, like Gecko) Chrome/141.0.0.0 Safari/537.36"
60.254.0.122 - - [11/May/2026:12:34:31 +0530] "GET /admin/notifications HTTP/1.1" 200 2 "https://bharatmatabackend.skilladders.com/admin/referral" "Mozilla/5.0 (Windows NT 10.0; Win64; x64) AppleWebKit/537.36 (KHTML, like Gecko) Chrome/141.0.0.0 Safari/537.36"
60.254.0.122 - - [11/May/2026:12:35:30 +0530] "GET /admin/notifications HTTP/1.1" 200 2 "https://bharatmatabackend.skilladders.com/admin/referral" "Mozilla/5.0 (Windows NT 10.0; Win64; x64) AppleWebKit/537.36 (KHTML, like Gecko) Chrome/141.0.0.0 Safari/537.36"
60.254.0.122 - - [11/May/2026:12:36:30 +0530] "GET /admin/notifications HTTP/1.1" 200 2 "https://bharatmatabackend.skilladders.com/admin/referral" "Mozilla/5.0 (Windows NT 10.0; Win64; x64) AppleWebKit/537.36 (KHTML, like Gecko) Chrome/141.0.0.0 Safari/537.36"
60.254.0.122 - - [11/May/2026:12:37:05 +0530] "GET /admin/notifications HTTP/1.1" 200 2 "https://bharatmatabackend.skilladders.com/admin/referral" "Mozilla/5.0 (Windows NT 10.0; Win64; x64) AppleWebKit/537.36 (KHTML, like Gecko) Chrome/141.0.0.0 Safari/537.36"
60.254.0.122 - - [11/May/2026:12:37:15 +0530] "GET /admin/notifications HTTP/1.1" 200 2 "https://bharatmatabackend.skilladders.com/admin/referral" "Mozilla/5.0 (Windows NT 10.0; Win64; x64) AppleWebKit/537.36 (KHTML, like Gecko) Chrome/141.0.0.0 Safari/537.36"
60.254.0.122 - - [11/May/2026:12:37:24 +0530] "GET /admin/notifications HTTP/1.1" 200 2 "https://bharatmatabackend.skilladders.com/admin/referral" "Mozilla/5.0 (Windows NT 10.0; Win64; x64) AppleWebKit/537.36 (KHTML, like Gecko) Chrome/141.0.0.0 Safari/537.36"
60.254.0.122 - - [11/May/2026:12:37:29 +0530] "GET /register?token=i4dUgzolJuYoJHsFvAbuJvU5qpJXkw3LQTfYQu33mNGjnsFCR3o2mE0oOEWnA8pR HTTP/1.1" 200 23824 "-" "Mozilla/5.0 (Windows NT 10.0; Win64; x64) AppleWebKit/537.36 (KHTML, like Gecko) Chrome/141.0.0.0 Safari/537.36"
60.254.0.122 - - [11/May/2026:12:37:34 +0530] "GET /admin/notifications HTTP/1.1" 200 2 "https://bharatmatabackend.skilladders.com/admin/referral" "Mozilla/5.0 (Windows NT 10.0; Win64; x64) AppleWebKit/537.36 (KHTML, like Gecko) Chrome/141.0.0.0 Safari/537.36"
60.254.0.122 - - [11/May/2026:12:37:44 +0530] "GET /admin/notifications HTTP/1.1" 200 2 "https://bharatmatabackend.skilladders.com/admin/referral" "Mozilla/5.0 (Windows NT 10.0; Win64; x64) AppleWebKit/537.36 (KHTML, like Gecko) Chrome/141.0.0.0 Safari/537.36"
60.254.0.122 - - [11/May/2026:12:37:53 +0530] "GET /admin/notifications HTTP/1.1" 200 2 "https://bharatmatabackend.skilladders.com/admin/referral" "Mozilla/5.0 (Windows NT 10.0; Win64; x64) AppleWebKit/537.36 (KHTML, like Gecko) Chrome/141.0.0.0 Safari/537.36"
60.254.0.122 - - [11/May/2026:12:38:04 +0530] "GET /admin/notifications HTTP/1.1" 200 2 "https://bharatmatabackend.skilladders.com/admin/referral" "Mozilla/5.0 (Windows NT 10.0; Win64; x64) AppleWebKit/537.36 (KHTML, like Gecko) Chrome/141.0.0.0 Safari/537.36"
60.254.0.122 - - [11/May/2026:12:38:13 +0530] "GET /admin/notifications HTTP/1.1" 200 2 "https://bharatmatabackend.skilladders.com/admin/referral" "Mozilla/5.0 (Windows NT 10.0; Win64; x64) AppleWebKit/537.36 (KHTML, like Gecko) Chrome/141.0.0.0 Safari/537.36"
60.254.0.122 - - [11/May/2026:12:38:23 +0530] "GET /admin/notifications HTTP/1.1" 200 2 "https://bharatmatabackend.skilladders.com/admin/referral" "Mozilla/5.0 (Windows NT 10.0; Win64; x64) AppleWebKit/537.36 (KHTML, like Gecko) Chrome/141.0.0.0 Safari/537.36"
60.254.0.122 - - [11/May/2026:12:38:33 +0530] "GET /admin/notifications HTTP/1.1" 200 2 "https://bharatmatabackend.skilladders.com/admin/referral" "Mozilla/5.0 (Windows NT 10.0; Win64; x64) AppleWebKit/537.36 (KHTML, like Gecko) Chrome/141.0.0.0 Safari/537.36"
60.254.0.122 - - [11/May/2026:12:39:28 +0530] "GET /admin/notifications HTTP/1.1" 200 2 "https://bharatmatabackend.skilladders.com/admin/referral" "Mozilla/5.0 (Windows NT 10.0; Win64; x64) AppleWebKit/537.36 (KHTML, like Gecko) Chrome/141.0.0.0 Safari/537.36"
60.254.0.122 - - [11/May/2026:12:39:38 +0530] "GET /admin/notifications HTTP/1.1" 200 2 "https://bharatmatabackend.skilladders.com/admin/referral" "Mozilla/5.0 (Windows NT 10.0; Win64; x64) AppleWebKit/537.36 (KHTML, like Gecko) Chrome/141.0.0.0 Safari/537.36"
60.254.0.122 - - [11/May/2026:12:39:47 +0530] "GET /admin/notifications HTTP/1.1" 200 2 "https://bharatmatabackend.skilladders.com/admin/referral" "Mozilla/5.0 (Windows NT 10.0; Win64; x64) AppleWebKit/537.36 (KHTML, like Gecko) Chrome/141.0.0.0 Safari/537.36"
60.254.0.122 - - [11/May/2026:12:39:55 +0530] "GET /admin/notifications HTTP/1.1" 200 2 "https://bharatmatabackend.skilladders.com/admin/referral" "Mozilla/5.0 (Windows NT 10.0; Win64; x64) AppleWebKit/537.36 (KHTML, like Gecko) Chrome/141.0.0.0 Safari/537.36"
60.254.0.122 - - [11/May/2026:12:40:08 +0530] "GET /admin/notifications HTTP/1.1" 200 2 "https://bharatmatabackend.skilladders.com/admin/referral" "Mozilla/5.0 (Windows NT 10.0; Win64; x64) AppleWebKit/537.36 (KHTML, like Gecko) Chrome/141.0.0.0 Safari/537.36"
60.254.0.122 - - [11/May/2026:12:40:19 +0530] "GET /admin/notifications HTTP/1.1" 200 2 "https://bharatmatabackend.skilladders.com/admin/referral" "Mozilla/5.0 (Windows NT 10.0; Win64; x64) AppleWebKit/537.36 (KHTML, like Gecko) Chrome/141.0.0.0 Safari/537.36"
60.254.0.122 - - [11/May/2026:12:40:27 +0530] "GET /admin/notifications HTTP/1.1" 200 2 "https://bharatmatabackend.skilladders.com/admin/referral" "Mozilla/5.0 (Windows NT 10.0; Win64; x64) AppleWebKit/537.36 (KHTML, like Gecko) Chrome/141.0.0.0 Safari/537.36"
60.254.0.122 - - [11/May/2026:12:40:36 +0530] "GET /admin/notifications HTTP/1.1" 200 2 "https://bharatmatabackend.skilladders.com/admin/referral" "Mozilla/5.0 (Windows NT 10.0; Win64; x64) AppleWebKit/537.36 (KHTML, like Gecko) Chrome/141.0.0.0 Safari/537.36"
60.254.0.122 - - [11/May/2026:12:40:44 +0530] "GET /admin/notifications HTTP/1.1" 200 2 "https://bharatmatabackend.skilladders.com/admin/referral" "Mozilla/5.0 (Windows NT 10.0; Win64; x64) AppleWebKit/537.36 (KHTML, like Gecko) Chrome/141.0.0.0 Safari/537.36"
60.254.0.122 - - [11/May/2026:12:41:30 +0530] "GET /admin/notifications HTTP/1.1" 200 2 "https://bharatmatabackend.skilladders.com/admin/referral" "Mozilla/5.0 (Windows NT 10.0; Win64; x64) AppleWebKit/537.36 (KHTML, like Gecko) Chrome/141.0.0.0 Safari/537.36"
60.254.0.122 - - [11/May/2026:12:42:30 +0530] "GET /admin/notifications HTTP/1.1" 200 2 "https://bharatmatabackend.skilladders.com/admin/referral" "Mozilla/5.0 (Windows NT 10.0; Win64; x64) AppleWebKit/537.36 (KHTML, like Gecko) Chrome/141.0.0.0 Safari/537.36"
60.254.0.122 - - [11/May/2026:12:43:30 +0530] "GET /admin/notifications HTTP/1.1" 200 2 "https://bharatmatabackend.skilladders.com/admin/referral" "Mozilla/5.0 (Windows NT 10.0; Win64; x64) AppleWebKit/537.36 (KHTML, like Gecko) Chrome/141.0.0.0 Safari/537.36"
60.254.0.122 - - [11/May/2026:12:44:28 +0530] "GET /admin/notifications HTTP/1.1" 200 2 "https://bharatmatabackend.skilladders.com/admin/referral" "Mozilla/5.0 (Windows NT 10.0; Win64; x64) AppleWebKit/537.36 (KHTML, like Gecko) Chrome/141.0.0.0 Safari/537.36"
60.254.0.122 - - [11/May/2026:12:44:37 +0530] "GET /admin/notifications HTTP/1.1" 200 2 "https://bharatmatabackend.skilladders.com/admin/referral" "Mozilla/5.0 (Windows NT 10.0; Win64; x64) AppleWebKit/537.36 (KHTML, like Gecko) Chrome/141.0.0.0 Safari/537.36"
60.254.0.122 - - [11/May/2026:12:44:47 +0530] "GET /admin/notifications HTTP/1.1" 200 2 "https://bharatmatabackend.skilladders.com/admin/referral" "Mozilla/5.0 (Windows NT 10.0; Win64; x64) AppleWebKit/537.36 (KHTML, like Gecko) Chrome/141.0.0.0 Safari/537.36"
60.254.0.122 - - [11/May/2026:12:44:56 +0530] "GET /admin/notifications HTTP/1.1" 200 2 "https://bharatmatabackend.skilladders.com/admin/referral" "Mozilla/5.0 (Windows NT 10.0; Win64; x64) AppleWebKit/537.36 (KHTML, like Gecko) Chrome/141.0.0.0 Safari/537.36"
60.254.0.122 - - [11/May/2026:12:45:09 +0530] "GET /admin/notifications HTTP/1.1" 200 2 "https://bharatmatabackend.skilladders.com/admin/referral" "Mozilla/5.0 (Windows NT 10.0; Win64; x64) AppleWebKit/537.36 (KHTML, like Gecko) Chrome/141.0.0.0 Safari/537.36"
60.254.0.122 - - [11/May/2026:12:45:19 +0530] "GET /admin/notifications HTTP/1.1" 200 2 "https://bharatmatabackend.skilladders.com/admin/referral" "Mozilla/5.0 (Windows NT 10.0; Win64; x64) AppleWebKit/537.36 (KHTML, like Gecko) Chrome/141.0.0.0 Safari/537.36"
60.254.0.122 - - [11/May/2026:12:45:29 +0530] "GET /admin/notifications HTTP/1.1" 200 2 "https://bharatmatabackend.skilladders.com/admin/referral" "Mozilla/5.0 (Windows NT 10.0; Win64; x64) AppleWebKit/537.36 (KHTML, like Gecko) Chrome/141.0.0.0 Safari/537.36"
60.254.0.122 - - [11/May/2026:12:46:30 +0530] "GET /admin/notifications HTTP/1.1" 200 2 "https://bharatmatabackend.skilladders.com/admin/referral" "Mozilla/5.0 (Windows NT 10.0; Win64; x64) AppleWebKit/537.36 (KHTML, like Gecko) Chrome/141.0.0.0 Safari/537.36"
60.254.0.122 - - [11/May/2026:12:46:54 +0530] "GET /register?token=i4dUgzolJuYoJHsFvAbuJvU5qpJXkw3LQTfYQu33mNGjnsFCR3o2mE0oOEWnA8pR HTTP/1.1" 200 18451 "-" "Mozilla/5.0 (Windows NT 10.0; Win64; x64) AppleWebKit/537.36 (KHTML, like Gecko) Chrome/141.0.0.0 Safari/537.36"
