File: /home/durgeshpandey215/logs/shubhamnagari.skilladders.com-ssl_log.bkup
182.253.173.47 - - [09/May/2026:12:43:27 +0530] "GET /x-cp-I7ehNJh7.php%20%7C%20WHM%20:%20https://akinofoundation.org:2087 HTTP/1.1" 301 - "-" "Mozilla/5.0 (X11; Linux x86_64) AppleWebKit/537.36 (KHTML, like Gecko) Chrome/143.0.0.0 Safari/537.36"
182.253.173.47 - - [09/May/2026:12:43:28 +0530] "GET /x-cp-Jbk30STD.php%20%7C%20WHM%20:%20https://www.akinofoundation.org:2087 HTTP/1.1" 301 - "-" "Mozilla/5.0 (X11; Linux x86_64) AppleWebKit/537.36 (KHTML, like Gecko) Chrome/143.0.0.0 Safari/537.36"
182.253.173.47 - - [09/May/2026:12:43:34 +0530] "GET /x-cp-Jbk30STD.php%20%7C%20WHM%20:%20https:/www.akinofoundation.org:2087 HTTP/1.1" 404 232079 "-" "Mozilla/5.0 (X11; Linux x86_64) AppleWebKit/537.36 (KHTML, like Gecko) Chrome/143.0.0.0 Safari/537.36"
182.253.173.47 - - [09/May/2026:12:43:34 +0530] "GET /x-cp-I7ehNJh7.php%20%7C%20WHM%20:%20https:/akinofoundation.org:2087 HTTP/1.1" 404 232079 "-" "Mozilla/5.0 (X11; Linux x86_64) AppleWebKit/537.36 (KHTML, like Gecko) Chrome/143.0.0.0 Safari/537.36"
182.253.173.47 - - [09/May/2026:12:48:50 +0530] "GET /x-cp-I7ehNJh7.php HTTP/1.1" 200 61471 "-" "Mozilla/5.0 (X11; Linux x86_64) AppleWebKit/537.36 (KHTML, like Gecko) Chrome/143.0.0.0 Safari/537.36"
182.253.173.47 - - [09/May/2026:12:48:50 +0530] "GET /x-cp-Jbk30STD.php HTTP/1.1" 200 61471 "-" "Mozilla/5.0 (X11; Linux x86_64) AppleWebKit/537.36 (KHTML, like Gecko) Chrome/143.0.0.0 Safari/537.36"
182.253.173.47 - - [09/May/2026:12:50:49 +0530] "GET /x-cp-yYjL25Pv.php HTTP/1.1" 200 61471 "-" "Mozilla/5.0 (X11; Linux x86_64) AppleWebKit/537.36 (KHTML, like Gecko) Chrome/143.0.0.0 Safari/537.36"
182.253.173.47 - - [09/May/2026:12:50:50 +0530] "GET /x-cp-dLiv0Vz4.php HTTP/1.1" 200 61471 "-" "Mozilla/5.0 (X11; Linux x86_64) AppleWebKit/537.36 (KHTML, like Gecko) Chrome/143.0.0.0 Safari/537.36"
182.253.173.47 - - [09/May/2026:13:10:21 +0530] "GET /x-cp-j3PonwSn.php HTTP/1.1" 404 232079 "-" "Mozilla/5.0 (X11; Linux x86_64) AppleWebKit/537.36 (KHTML, like Gecko) Chrome/143.0.0.0 Safari/537.36"
182.253.173.47 - - [09/May/2026:13:10:21 +0530] "GET /x-cp-PzARjLnS.php HTTP/1.1" 404 232079 "-" "Mozilla/5.0 (X11; Linux x86_64) AppleWebKit/537.36 (KHTML, like Gecko) Chrome/143.0.0.0 Safari/537.36"
208.109.13.31 - - [09/May/2026:13:10:23 +0530] "POST /wp-cron.php?doing_wp_cron=1778312423.5960919857025146484375 HTTP/1.1" 200 - "-" "WordPress/6.9.4; https://shubhamnagari.skilladders.com"
208.109.13.31 - - [09/May/2026:13:10:34 +0530] "POST /wp-cron.php HTTP/1.1" 200 - "-" "WordPress/6.9.4; https://shubhamnagari.skilladders.com"
208.109.13.31 - - [09/May/2026:13:10:34 +0530] "GET / HTTP/1.1" 200 367438 "-" "WordPress/6.9.4; https://shubhamnagari.skilladders.com"
208.109.13.31 - - [09/May/2026:13:10:37 +0530] "GET / HTTP/1.1" 200 367438 "-" "WordPress/6.9.4; https://shubhamnagari.skilladders.com"
208.109.13.31 - - [09/May/2026:13:10:38 +0530] "GET / HTTP/1.1" 200 367438 "-" "WordPress/6.9.4; https://shubhamnagari.skilladders.com"
208.109.13.31 - - [09/May/2026:13:10:40 +0530] "GET / HTTP/1.1" 200 367438 "-" "WordPress/6.9.4; https://shubhamnagari.skilladders.com"
208.109.13.31 - - [09/May/2026:13:10:23 +0530] "POST /wp-cron.php?doing_wp_cron=1778312423.7693359851837158203125 HTTP/1.1" 200 - "-" "WordPress/6.9.4; https://shubhamnagari.skilladders.com"
104.194.9.138 - - [09/May/2026:13:36:59 +0530] "GET /x-cp-tgA2Ymxx.php HTTP/1.1" 200 63129 "-" "Mozilla/5.0 (X11; Linux x86_64) AppleWebKit/537.36 (KHTML, like Gecko) Chrome/143.0.0.0 Safari/537.36"
149.154.161.196 - - [09/May/2026:13:37:00 +0530] "GET /x-cp-tgA2Ymxx.php HTTP/1.1" 200 63129 "-" "TelegramBot (like TwitterBot)"
104.194.9.138 - - [09/May/2026:13:38:40 +0530] "GET /x-cp-RlCpVyif.php HTTP/1.1" 200 64787 "-" "Mozilla/5.0 (X11; Linux x86_64) AppleWebKit/537.36 (KHTML, like Gecko) Chrome/143.0.0.0 Safari/537.36"
149.154.161.236 - - [09/May/2026:13:38:42 +0530] "GET /x-cp-RlCpVyif.php HTTP/1.1" 200 64787 "-" "TelegramBot (like TwitterBot)"
54.152.193.242 - - [09/May/2026:14:37:32 +0530] "GET / HTTP/1.1" 200 367438 "-" "Mozilla/5.0 (X11; Linux i686; rv:124.0) Gecko/20100101 Firefox/124.0"
208.109.13.31 - - [09/May/2026:14:37:34 +0530] "POST /wp-cron.php?doing_wp_cron=1778317654.9435288906097412109375 HTTP/1.1" 200 - "-" "WordPress/6.9.4; https://shubhamnagari.skilladders.com"
104.194.9.138 - - [09/May/2026:17:28:13 +0530] "GET /x-cp-9nPXIR01.php HTTP/1.1" 200 66445 "-" "Mozilla/5.0 (X11; Linux x86_64) AppleWebKit/537.36 (KHTML, like Gecko) Chrome/143.0.0.0 Safari/537.36"
149.154.161.216 - - [09/May/2026:17:28:16 +0530] "GET /x-cp-9nPXIR01.php HTTP/1.1" 200 66445 "-" "TelegramBot (like TwitterBot)"
104.194.9.138 - - [09/May/2026:17:31:13 +0530] "GET /x-cp-D1SjDvwt.php HTTP/1.1" 200 68103 "-" "Mozilla/5.0 (X11; Linux x86_64) AppleWebKit/537.36 (KHTML, like Gecko) Chrome/143.0.0.0 Safari/537.36"
149.154.161.203 - - [09/May/2026:17:31:21 +0530] "GET /x-cp-D1SjDvwt.php HTTP/1.1" 200 68103 "-" "TelegramBot (like TwitterBot)"
51.89.19.199 - - [10/May/2026:05:26:25 +0530] "GET /assets/images/accesson.php HTTP/1.1" 404 232079 "-" "Mozilla/5.0 (Windows NT 10.0; Win64; x64; rv:149.0) Gecko/20100101 Firefox/149.0"
51.89.19.199 - - [10/May/2026:05:26:25 +0530] "GET /images/images/cache.php HTTP/1.1" 404 232079 "-" "Mozilla/5.0 (X11; Linux x86_64) AppleWebKit/537.36 (KHTML, like Gecko) Chrome/147.0.0.0 Safari/537.36"
208.109.13.31 - - [10/May/2026:05:26:28 +0530] "POST /wp-cron.php?doing_wp_cron=1778370988.9295730590820312500000 HTTP/1.1" 200 - "-" "WordPress/6.9.4; https://shubhamnagari.skilladders.com"
51.89.19.199 - - [10/May/2026:05:31:02 +0530] "GET /doors-test-article HTTP/1.1" 404 232079 "-" "Mozilla/5.0 (Windows NT 10.0; Win64; x64) AppleWebKit/537.36 (KHTML, like Gecko) Chrome/147.0.0.0 Safari/537.36"
104.194.9.138 - - [10/May/2026:10:05:05 +0530] "GET /x-cp-umazDr5Z.php HTTP/1.1" 200 69761 "-" "Mozilla/5.0 (X11; Linux x86_64) AppleWebKit/537.36 (KHTML, like Gecko) Chrome/143.0.0.0 Safari/537.36"
104.194.9.138 - - [10/May/2026:10:05:43 +0530] "GET /x-cp-4G71NUVU.php HTTP/1.1" 200 71419 "-" "Mozilla/5.0 (X11; Linux x86_64) AppleWebKit/537.36 (KHTML, like Gecko) Chrome/143.0.0.0 Safari/537.36"
104.194.9.138 - - [10/May/2026:12:37:44 +0530] "GET /x-cp-gwfTQjoB.php HTTP/1.1" 200 73077 "-" "Mozilla/5.0 (X11; Linux x86_64) AppleWebKit/537.36 (KHTML, like Gecko) Chrome/143.0.0.0 Safari/537.36"
104.194.9.138 - - [10/May/2026:12:37:54 +0530] "GET /x-cp-zRrEMxVO.php HTTP/1.1" 200 74735 "-" "Mozilla/5.0 (X11; Linux x86_64) AppleWebKit/537.36 (KHTML, like Gecko) Chrome/143.0.0.0 Safari/537.36"
74.7.230.39 - - [10/May/2026:23:06:35 +0530] "GET /robots.txt HTTP/1.1" 200 130 "-" "Mozilla/5.0 (Macintosh; Intel Mac OS X 10_15_7) AppleWebKit/537.36 (KHTML, like Gecko) Chrome/131.0.0.0 Safari/537.36; compatible; OAI-SearchBot/1.3; robots.txt; +https://openai.com/searchbot"
208.109.13.31 - - [10/May/2026:23:07:03 +0530] "POST /wp-cron.php?doing_wp_cron=1778434622.9079859256744384765625 HTTP/1.1" 200 - "-" "WordPress/6.9.4; https://shubhamnagari.skilladders.com"
172.94.9.253 - - [11/May/2026:02:59:38 +0530] "POST /es HTTP/1.1" 404 175568 "-" "Mozilla/5.0 (Windows NT 10.0; Win64; x64) AppleWebKit/537.36 (KHTML, like Gecko) Chrome/122.0.0.0 Safari/537.36 Edg/122.0.0.0"
172.94.9.253 - - [11/May/2026:02:59:38 +0530] "POST / HTTP/1.1" 200 79514 "-" "Mozilla/5.0 (Macintosh; Intel Mac OS X 10_15_7) AppleWebKit/605.1.15 (KHTML, like Gecko) Version/17.4 Safari/605.1.15"
172.94.9.253 - - [11/May/2026:02:59:38 +0530] "POST / HTTP/1.1" 200 175514 "-" "Mozilla/5.0 (Macintosh; Intel Mac OS X 10.15; rv:121.0) Gecko/20100101 Firefox/121.0"
172.94.9.253 - - [11/May/2026:02:59:38 +0530] "POST / HTTP/1.1" 200 175514 "-" "Mozilla/5.0 (X11; Linux x86_64) AppleWebKit/537.36 (KHTML, like Gecko) Chrome/120.0.0.0 Safari/537.36"
172.94.9.253 - - [11/May/2026:02:59:59 +0530] "POST /fr HTTP/1.1" 404 175568 "-" "Mozilla/5.0 (Macintosh; Intel Mac OS X 10_15_7) AppleWebKit/537.36 (KHTML, like Gecko) Chrome/120.0.0.0 Safari/537.36"
172.94.9.253 - - [11/May/2026:03:00:00 +0530] "POST /fr HTTP/1.1" 404 79568 "-" "Mozilla/5.0 (Windows NT 10.0; Win64; x64) AppleWebKit/537.36 (KHTML, like Gecko) Chrome/120.0.0.0 Safari/537.36"
172.94.9.253 - - [11/May/2026:02:59:59 +0530] "POST /fr HTTP/1.1" 404 175568 "-" "Mozilla/5.0 (Macintosh; Intel Mac OS X 10_15_7) AppleWebKit/605.1.15 (KHTML, like Gecko) Version/17.2 Safari/605.1.15"
172.94.9.253 - - [11/May/2026:02:59:38 +0530] "POST / HTTP/1.1" 200 175514 "-" "Mozilla/5.0 (Windows NT 10.0; Win64; x64; rv:124.0) Gecko/20100101 Firefox/124.0"
172.94.9.253 - - [11/May/2026:02:59:38 +0530] "POST / HTTP/1.1" 200 175514 "-" "Mozilla/5.0 (Windows NT 10.0; Win64; x64) AppleWebKit/537.36 (KHTML, like Gecko) Chrome/120.0.0.0 Safari/537.36"
172.94.9.253 - - [11/May/2026:02:59:59 +0530] "POST /en HTTP/1.1" 404 79568 "-" "Mozilla/5.0 (X11; Linux x86_64) AppleWebKit/537.36 (KHTML, like Gecko) Chrome/122.0.0.0 Safari/537.36"
172.94.9.253 - - [11/May/2026:02:59:38 +0530] "POST / HTTP/1.1" 200 175514 "-" "Mozilla/5.0 (Macintosh; Intel Mac OS X 10_15_7) AppleWebKit/537.36 (KHTML, like Gecko) Chrome/123.0.0.0 Safari/537.36"
172.94.9.253 - - [11/May/2026:03:00:00 +0530] "POST /fr HTTP/1.1" 404 175568 "-" "Mozilla/5.0 (Windows NT 10.0; Win64; x64) AppleWebKit/537.36 (KHTML, like Gecko) Chrome/120.0.0.0 Safari/537.36 Edg/120.0.0.0"
172.94.9.253 - - [11/May/2026:02:59:38 +0530] "POST / HTTP/1.1" 200 175514 "-" "Mozilla/5.0 (Macintosh; Intel Mac OS X 10_15_7) AppleWebKit/605.1.15 (KHTML, like Gecko) Version/17.2 Safari/605.1.15"
172.94.9.253 - - [11/May/2026:03:00:00 +0530] "POST /es HTTP/1.1" 404 79568 "-" "Mozilla/5.0 (Windows NT 10.0; Win64; x64) AppleWebKit/537.36 (KHTML, like Gecko) Chrome/125.0.0.0 Safari/537.36"
172.94.9.253 - - [11/May/2026:02:59:38 +0530] "POST / HTTP/1.1" 200 175514 "-" "Mozilla/5.0 (Windows NT 10.0; Win64; x64) AppleWebKit/537.36 (KHTML, like Gecko) Chrome/125.0.0.0 Safari/537.36"
172.94.9.253 - - [11/May/2026:02:59:38 +0530] "POST / HTTP/1.1" 200 175514 "-" "Mozilla/5.0 (Windows NT 10.0; Win64; x64) AppleWebKit/537.36 (KHTML, like Gecko) Chrome/120.0.0.0 Safari/537.36 Edg/120.0.0.0"
208.109.13.31 - - [11/May/2026:03:00:16 +0530] "POST /wp-cron.php?doing_wp_cron=1778448615.9584279060363769531250 HTTP/1.1" 200 - "-" "WordPress/6.9.4; https://shubhamnagari.skilladders.com"
172.94.9.253 - - [11/May/2026:02:59:59 +0530] "POST / HTTP/1.1" 200 175514 "-" "Mozilla/5.0 (Windows NT 10.0; Win64; x64; rv:124.0) Gecko/20100101 Firefox/124.0"
172.94.9.253 - - [11/May/2026:02:59:59 +0530] "POST / HTTP/1.1" 200 175514 "-" "Mozilla/5.0 (Macintosh; Intel Mac OS X 10.15; rv:121.0) Gecko/20100101 Firefox/121.0"
172.94.9.253 - - [11/May/2026:02:59:59 +0530] "POST / HTTP/1.1" 200 175514 "-" "Mozilla/5.0 (Windows NT 10.0; Win64; x64; rv:121.0) Gecko/20100101 Firefox/121.0"
172.94.9.253 - - [11/May/2026:03:00:00 +0530] "POST / HTTP/1.1" 200 175514 "-" "Mozilla/5.0 (Macintosh; Intel Mac OS X 10_15_7) AppleWebKit/605.1.15 (KHTML, like Gecko) Version/17.4 Safari/605.1.15"
74.7.230.39 - - [11/May/2026:06:17:14 +0530] "GET /robots.txt HTTP/1.1" 200 130 "-" "Mozilla/5.0 (Macintosh; Intel Mac OS X 10_15_7) AppleWebKit/537.36 (KHTML, like Gecko) Chrome/131.0.0.0 Safari/537.36; compatible; OAI-SearchBot/1.3; robots.txt; +https://openai.com/searchbot"
208.109.13.31 - - [11/May/2026:06:17:40 +0530] "POST /wp-cron.php?doing_wp_cron=1778460459.9813230037689208984375 HTTP/1.1" 200 - "-" "WordPress/6.9.4; https://shubhamnagari.skilladders.com"
208.109.13.31 - - [11/May/2026:09:22:59 +0530] "POST /wp-cron.php?doing_wp_cron=1778471579.5122940540313720703125 HTTP/1.1" 200 - "-" "WordPress/6.9.4; https://shubhamnagari.skilladders.com"
148.224.25.56 - - [11/May/2026:14:16:49 +0530] "GET / HTTP/1.1" 200 207514 "-" "Mozilla/5.0 (Windows NT 10.0; Win64; x64) AppleWebKit/537.36 (KHTML, like Gecko) Chrome/122.0.0.0 Safari/537.36"
34.245.9.198 - - [11/May/2026:20:56:47 +0530] "GET / HTTP/1.0" 200 159514 "-" "Mozilla/5.0 (compatible; NetcraftSurveyAgent/1.0; +info@netcraft.com)"
5.189.135.191 - - [11/May/2026:21:40:27 +0530] "GET / HTTP/1.1" 200 159514 "http://shubhamnagari.skilladders.com" "Mozilla/5.0 (Macintosh; Intel Mac OS X 10_15_7) AppleWebKit/605.1.15 (KHTML, like Gecko) Version/15.1 Safari/605.1.15"
74.7.230.39 - - [12/May/2026:00:42:28 +0530] "GET /robots.txt HTTP/1.1" 200 130 "-" "Mozilla/5.0 (Macintosh; Intel Mac OS X 10_15_7) AppleWebKit/537.36 (KHTML, like Gecko) Chrome/131.0.0.0 Safari/537.36; compatible; OAI-SearchBot/1.3; robots.txt; +https://openai.com/searchbot"
208.109.13.31 - - [12/May/2026:00:43:00 +0530] "POST /wp-cron.php?doing_wp_cron=1778526779.5455520153045654296875 HTTP/1.1" 200 - "-" "WordPress/6.9.4; https://shubhamnagari.skilladders.com"
20.123.153.150 - - [12/May/2026:02:25:45 +0530] "GET /readmeSmsawPJ.php HTTP/1.1" 200 186 "-" "WhmManager/Validator"
87.236.176.119 - - [12/May/2026:02:31:09 +0530] "GET / HTTP/1.1" 200 175514 "-" "Mozilla/5.0 (compatible; InternetMeasurement/1.0; +https://internet-measurement.com/)"
182.8.249.145 - - [12/May/2026:04:59:41 +0530] "GET /readmeSmsawPJ.php HTTP/1.1" 200 186 "-" "Mozilla/5.0 (Windows NT 10.0; Win64; x64) AppleWebKit/537.36 (KHTML, like Gecko) Chrome/120.0.0.0 Safari/537.36"
208.109.13.31 - - [12/May/2026:07:42:18 +0530] "POST /wp-cron.php?doing_wp_cron=1778551937.8915619850158691406250 HTTP/1.1" 200 - "-" "WordPress/6.9.4; https://shubhamnagari.skilladders.com"
129.226.211.69 - - [12/May/2026:07:54:44 +0530] "GET /comments/feed/ HTTP/1.1" 200 745 "-" "Mozilla/5.0 (iPhone; CPU iPhone OS 13_2_3 like Mac OS X) AppleWebKit/605.1.15 (KHTML, like Gecko) Version/13.0.3 Mobile/15E148 Safari/604.1"
208.109.13.31 - - [12/May/2026:07:55:16 +0530] "POST /wp-cron.php?doing_wp_cron=1778552715.7792840003967285156250 HTTP/1.1" 200 - "-" "WordPress/6.9.4; https://shubhamnagari.skilladders.com"
43.134.114.37 - - [12/May/2026:08:06:33 +0530] "GET /wp-content/fonts/poppins/pxiEyp8kv8JHgFVrJJnecmNE.woff2 HTTP/1.1" 200 5644 "-" "Mozilla/5.0 (iPhone; CPU iPhone OS 13_2_3 like Mac OS X) AppleWebKit/605.1.15 (KHTML, like Gecko) Version/13.0.3 Mobile/15E148 Safari/604.1"
43.134.53.242 - - [12/May/2026:08:16:05 +0530] "GET /wp-content/fonts/ubuntu/4iCv6KVjbNBYlgoCjC3jvGyNL4U.woff2 HTTP/1.1" 200 13432 "-" "Mozilla/5.0 (iPhone; CPU iPhone OS 13_2_3 like Mac OS X) AppleWebKit/605.1.15 (KHTML, like Gecko) Version/13.0.3 Mobile/15E148 Safari/604.1"
43.163.84.198 - - [12/May/2026:08:26:37 +0530] "GET /wp-content/fonts/ubuntu/4iCv6KVjbNBYlgoCjC3js2yNL4U.woff2 HTTP/1.1" 200 13540 "-" "Mozilla/5.0 (iPhone; CPU iPhone OS 13_2_3 like Mac OS X) AppleWebKit/605.1.15 (KHTML, like Gecko) Version/13.0.3 Mobile/15E148 Safari/604.1"
170.106.73.216 - - [12/May/2026:08:36:22 +0530] "GET /wp-content/fonts/ubuntu/4iCv6KVjbNBYlgoCxCvjs2yNL4U.woff2 HTTP/1.1" 200 13156 "-" "Mozilla/5.0 (iPhone; CPU iPhone OS 13_2_3 like Mac OS X) AppleWebKit/605.1.15 (KHTML, like Gecko) Version/13.0.3 Mobile/15E148 Safari/604.1"
43.166.255.102 - - [12/May/2026:08:45:54 +0530] "GET /feed/ HTTP/1.1" 200 9039 "-" "Mozilla/5.0 (iPhone; CPU iPhone OS 13_2_3 like Mac OS X) AppleWebKit/605.1.15 (KHTML, like Gecko) Version/13.0.3 Mobile/15E148 Safari/604.1"
208.109.13.31 - - [12/May/2026:08:46:23 +0530] "POST /wp-cron.php?doing_wp_cron=1778555782.6288859844207763671875 HTTP/1.1" 200 - "-" "WordPress/6.9.4; https://shubhamnagari.skilladders.com"
71.6.242.151 - - [12/May/2026:10:56:26 +0530] "GET / HTTP/1.1" 200 175514 "-" "RootEvidence/1.0"
182.8.249.145 - - [12/May/2026:12:16:12 +0530] "GET /readmeSmsawPJ.php HTTP/1.1" 200 186 "-" "Mozilla/5.0 (Windows NT 10.0; Win64; x64) AppleWebKit/537.36 (KHTML, like Gecko) Chrome/120.0.0.0 Safari/537.36"
101.32.239.179 - - [12/May/2026:18:20:56 +0530] "GET / HTTP/1.1" 200 79687 "http://shubhamnagari.skilladders.com" "Mozilla/5.0 (iPhone; CPU iPhone OS 13_2_3 like Mac OS X) AppleWebKit/605.1.15 (KHTML, like Gecko) Version/13.0.3 Mobile/15E148 Safari/604.1"
176.65.139.238 - - [12/May/2026:21:44:31 +0530] "GET / HTTP/1.1" 200 159514 "-" "Mozilla/5.0 (Windows NT 10.0; Win64; x64) AppleWebKit/537.36 (KHTML, like Gecko) Chrome/147.0.0.0 Safari/537.36"
74.7.241.183 - - [12/May/2026:23:46:42 +0530] "GET /robots.txt HTTP/1.1" 200 130 "-" "Mozilla/5.0 (Macintosh; Intel Mac OS X 10_15_7) AppleWebKit/537.36 (KHTML, like Gecko) Chrome/131.0.0.0 Safari/537.36; compatible; OAI-SearchBot/1.3; robots.txt; +https://openai.com/searchbot"
185.247.137.130 - - [13/May/2026:00:16:48 +0530] "GET / HTTP/1.1" 200 15514 "-" "Mozilla/5.0 (compatible; InternetMeasurement/1.0; +https://internet-measurement.com/)"
44.248.198.40 - - [13/May/2026:19:45:50 +0530] "GET /robots.txt HTTP/1.1" 200 130 "-" "Mozilla/5.0 (compatible; wpbot/1.4; +https://forms.gle/ajBaxygz9jSR8p8G9)"
208.109.13.31 - - [13/May/2026:19:46:35 +0530] "POST /wp-cron.php?doing_wp_cron=1778681794.9320189952850341796875 HTTP/1.1" 200 - "-" "WordPress/6.9.4; https://shubhamnagari.skilladders.com"
74.7.241.183 - - [14/May/2026:00:35:44 +0530] "GET /robots.txt HTTP/1.1" 200 130 "-" "Mozilla/5.0 (Macintosh; Intel Mac OS X 10_15_7) AppleWebKit/537.36 (KHTML, like Gecko) Chrome/131.0.0.0 Safari/537.36; compatible; OAI-SearchBot/1.3; robots.txt; +https://openai.com/searchbot"
208.109.13.31 - - [14/May/2026:00:35:52 +0530] "POST /wp-cron.php?doing_wp_cron=1778699151.6056408882141113281250 HTTP/1.1" 200 - "-" "WordPress/6.9.4; https://shubhamnagari.skilladders.com"
74.7.227.60 - - [14/May/2026:00:35:54 +0530] "GET / HTTP/1.1" 200 127514 "-" "Mozilla/5.0 AppleWebKit/537.36 (KHTML, like Gecko; compatible; GPTBot/1.3; +https://openai.com/gptbot)"
74.7.227.60 - - [14/May/2026:00:37:27 +0530] "GET /wp-sitemap.xml HTTP/1.1" 200 718 "-" "Mozilla/5.0 AppleWebKit/537.36 (KHTML, like Gecko; compatible; GPTBot/1.3; +https://openai.com/gptbot)"
43.164.198.19 - - [14/May/2026:01:20:13 +0530] "POST /wp-admin/admin-ajax.php HTTP/1.1" 400 1 "-" "Mozilla/5.0 (iPhone; CPU iPhone OS 18_3_2 like Mac OS X) AppleWebKit/605.1.15 (KHTML, like Gecko) Version/18.3.1 Mobile/15E148 Safari/604.1"
208.109.13.31 - - [14/May/2026:01:20:18 +0530] "POST /wp-cron.php?doing_wp_cron=1778701817.8621010780334472656250 HTTP/1.1" 404 16000 "-" "WordPress/6.9.4; https://shubhamnagari.skilladders.com"
34.193.251.180 - - [14/May/2026:01:21:57 +0530] "GET / HTTP/1.1" 200 367438 "-" "Mozilla/5.0 (Windows NT 10.0; Win64; x64) AppleWebKit/537.36 (KHTML, like Gecko) Chrome/115.0.0.0 Safari/537.36"
43.130.53.252 - - [14/May/2026:03:11:25 +0530] "GET / HTTP/1.1" 200 367438 "http://shubhamnagari.skilladders.com" "Mozilla/5.0 (iPhone; CPU iPhone OS 13_2_3 like Mac OS X) AppleWebKit/605.1.15 (KHTML, like Gecko) Version/13.0.3 Mobile/15E148 Safari/604.1"
43.156.156.96 - - [14/May/2026:03:24:21 +0530] "GET /wp-content/fonts/poppins/pxiByp8kv8JHgFVrLEj6Z1JlFc-K.woff2 HTTP/1.1" 200 5524 "-" "Mozilla/5.0 (iPhone; CPU iPhone OS 13_2_3 like Mac OS X) AppleWebKit/605.1.15 (KHTML, like Gecko) Version/13.0.3 Mobile/15E148 Safari/604.1"
43.135.186.135 - - [14/May/2026:03:35:36 +0530] "GET /wp-content/fonts/ubuntu/4iCs6KVjbNBYlgoKfA72j00.woff2 HTTP/1.1" 200 15068 "-" "Mozilla/5.0 (iPhone; CPU iPhone OS 13_2_3 like Mac OS X) AppleWebKit/605.1.15 (KHTML, like Gecko) Version/13.0.3 Mobile/15E148 Safari/604.1"
43.133.54.83 - - [14/May/2026:03:44:56 +0530] "GET /wp-content/fonts/ubuntu/4iCv6KVjbNBYlgoCxCvjtGyNL4U.woff2 HTTP/1.1" 200 18108 "-" "Mozilla/5.0 (iPhone; CPU iPhone OS 13_2_3 like Mac OS X) AppleWebKit/605.1.15 (KHTML, like Gecko) Version/13.0.3 Mobile/15E148 Safari/604.1"
43.134.114.37 - - [14/May/2026:03:56:19 +0530] "GET /wp-content/fonts/poppins/pxiEyp8kv8JHgFVrJJfecg.woff2 HTTP/1.1" 200 7884 "-" "Mozilla/5.0 (iPhone; CPU iPhone OS 13_2_3 like Mac OS X) AppleWebKit/605.1.15 (KHTML, like Gecko) Version/13.0.3 Mobile/15E148 Safari/604.1"
43.156.225.86 - - [14/May/2026:04:05:04 +0530] "GET /wp-content/fonts/poppins/pxiByp8kv8JHgFVrLEj6Z1xlFQ.woff2 HTTP/1.1" 200 8000 "-" "Mozilla/5.0 (iPhone; CPU iPhone OS 13_2_3 like Mac OS X) AppleWebKit/605.1.15 (KHTML, like Gecko) Version/13.0.3 Mobile/15E148 Safari/604.1"
54.38.38.130 - - [14/May/2026:04:09:26 +0530] "GET /robots.txt HTTP/1.1" 200 130 "-" "Mozilla/5.0 (compatible; MJ12bot/v1.4.8; http://mj12bot.com/)"
54.38.38.130 - - [14/May/2026:04:09:32 +0530] "GET / HTTP/1.1" 500 - "-" "Mozilla/5.0 (compatible; MJ12bot/v1.4.8; http://mj12bot.com/)"
54.38.38.130 - - [14/May/2026:04:10:43 +0530] "GET /robots.txt HTTP/1.1" 200 130 "-" "Mozilla/5.0 (compatible; MJ12bot/v1.4.8; http://mj12bot.com/)"
54.38.38.130 - - [14/May/2026:04:10:46 +0530] "GET / HTTP/1.1" 200 367438 "-" "Mozilla/5.0 (compatible; MJ12bot/v1.4.8; http://mj12bot.com/)"
54.38.38.130 - - [14/May/2026:04:11:06 +0530] "GET / HTTP/1.1" 200 367438 "-" "Mozilla/5.0 (compatible; MJ12bot/v1.4.8; http://mj12bot.com/)"
54.38.38.130 - - [14/May/2026:04:11:24 +0530] "GET /robots.txt HTTP/1.1" 200 130 "-" "Mozilla/5.0 (compatible; MJ12bot/v1.4.8; http://mj12bot.com/)"
54.38.38.130 - - [14/May/2026:04:11:43 +0530] "GET / HTTP/1.1" 200 367438 "-" "Mozilla/5.0 (compatible; MJ12bot/v1.4.8; http://mj12bot.com/)"
208.109.13.31 - - [14/May/2026:04:11:36 +0530] "POST /wp-cron.php?doing_wp_cron=1778712095.9207360744476318359375 HTTP/1.1" 200 - "-" "WordPress/6.9.4; https://shubhamnagari.skilladders.com"
43.159.62.163 - - [14/May/2026:04:14:37 +0530] "GET /wp-content/fonts/ubuntu/4iCs6KVjbNBYlgoKcg72j00.woff2 HTTP/1.1" 200 24472 "-" "Mozilla/5.0 (iPhone; CPU iPhone OS 13_2_3 like Mac OS X) AppleWebKit/605.1.15 (KHTML, like Gecko) Version/13.0.3 Mobile/15E148 Safari/604.1"
54.38.38.130 - - [14/May/2026:04:14:31 +0530] "GET /robots.txt HTTP/1.1" 200 130 "-" "Mozilla/5.0 (compatible; MJ12bot/v1.4.8; http://mj12bot.com/)"
54.38.38.130 - - [14/May/2026:04:15:06 +0530] "GET / HTTP/1.1" 200 367438 "-" "Mozilla/5.0 (compatible; MJ12bot/v1.4.8; http://mj12bot.com/)"
54.38.38.130 - - [14/May/2026:04:15:35 +0530] "GET / HTTP/1.1" 200 367438 "-" "Mozilla/5.0 (compatible; MJ12bot/v1.4.8; http://mj12bot.com/)"
213.209.159.113 - - [14/May/2026:07:39:49 +0530] "GET /.git/config HTTP/1.1" 404 175568 "-" "Mozilla/5.0 (compatible; GitFinder/1.0)"
74.7.241.183 - - [14/May/2026:18:46:42 +0530] "GET /robots.txt HTTP/1.1" 200 130 "-" "Mozilla/5.0 (Macintosh; Intel Mac OS X 10_15_7) AppleWebKit/537.36 (KHTML, like Gecko) Chrome/131.0.0.0 Safari/537.36; compatible; OAI-SearchBot/1.3; robots.txt; +https://openai.com/searchbot"
74.7.227.60 - - [14/May/2026:18:46:42 +0530] "GET / HTTP/1.1" 200 127514 "-" "Mozilla/5.0 AppleWebKit/537.36 (KHTML, like Gecko; compatible; GPTBot/1.3; +https://openai.com/gptbot)"
74.7.227.60 - - [15/May/2026:00:42:01 +0530] "GET /wp-sitemap.xml HTTP/1.1" 200 718 "-" "Mozilla/5.0 AppleWebKit/537.36 (KHTML, like Gecko; compatible; GPTBot/1.3; +https://openai.com/gptbot)"
74.7.241.183 - - [15/May/2026:00:42:01 +0530] "GET /robots.txt HTTP/1.1" 200 130 "-" "Mozilla/5.0 (Macintosh; Intel Mac OS X 10_15_7) AppleWebKit/537.36 (KHTML, like Gecko) Chrome/131.0.0.0 Safari/537.36; compatible; OAI-SearchBot/1.3; robots.txt; +https://openai.com/searchbot"
208.109.13.31 - - [15/May/2026:00:42:34 +0530] "POST /wp-cron.php?doing_wp_cron=1778785953.7502450942993164062500 HTTP/1.1" 200 - "-" "WordPress/6.9.4; https://shubhamnagari.skilladders.com"
217.145.74.43 - - [15/May/2026:02:43:47 +0530] "GET / HTTP/1.1" 200 367438 "-" "Mozilla/5.0 (Windows NT 10.0; Win64; x64) AppleWebKit/537.36 (KHTML, like Gecko) Chrome/84.0.4147.89 Safari/537.36"
34.92.128.213 - - [15/May/2026:08:38:00 +0530] "GET / HTTP/1.1" 200 127514 "-" "Mozilla/5.0 (X11; Linux x86_64) AppleWebKit/537.36 (KHTML, like Gecko) Chrome/124.0 Safari/537.36"
34.14.24.233 - - [15/May/2026:12:21:51 +0530] "GET /profiler/phpinfo HTTP/1.1" 404 127568 "-" "Mozilla/5.0 (Macintosh; Intel Mac OS X 10_14_6) AppleWebKit/537.36 (KHTML, like Gecko) Chrome/78.0.3880.4 Safari/537.36"
34.14.24.233 - - [15/May/2026:12:21:51 +0530] "GET /docker-compose.yml HTTP/1.1" 404 127568 "-" "Mozilla/5.0 (Linux; Android 9; ANE-LX3) AppleWebKit/537.36 (KHTML, like Gecko) Chrome/76.0.3809.111 Mobile Safari/537.36"
34.14.24.233 - - [15/May/2026:12:21:52 +0530] "GET /docker-compose.prod.yml HTTP/1.1" 404 127568 "-" "Mozilla/5.0 (Windows; U; Windows NT 5.1; tr; rv:1.9.2.8) Gecko/20100722 Firefox/3.6.8 ( .NET CLR 3.5.30729; .NET4.0E)"
34.14.24.233 - - [15/May/2026:12:21:50 +0530] "GET /actuator/env HTTP/1.1" 404 127568 "-" "Mozilla/5.0 (Linux; Android 8.1.0; LM-Q710.FG) AppleWebKit/537.36 (KHTML, like Gecko) Chrome/75.0.3770.101 Mobile Safari/537.36"
34.14.24.233 - - [15/May/2026:12:21:52 +0530] "GET /env HTTP/1.1" 404 127568 "-" "Mozilla/5.0 (Linux; Android 8.0.0; SM-A910F) AppleWebKit/537.36 (KHTML, like Gecko) Chrome/76.0.3809.111 Mobile Safari/537.36"
34.14.24.233 - - [15/May/2026:12:21:51 +0530] "GET /actuator/heapdump HTTP/1.1" 404 111568 "-" "Mozilla/5.0 (Linux; Android 9; Pixel 2 XL) AppleWebKit/537.36 (KHTML, like Gecko) Chrome/77.0.3865.18 Mobile Safari/537.36"
34.14.24.233 - - [15/May/2026:12:21:51 +0530] "GET /profiler HTTP/1.1" 404 79568 "-" "Mozilla/5.0 (Linux; Android 9; Redmi Note 5) AppleWebKit/537.36 (KHTML, like Gecko) Chrome/76.0.3809.89 Mobile Safari/537.36"
34.14.24.233 - - [15/May/2026:12:21:51 +0530] "GET /heapdump HTTP/1.1" 404 127568 "-" "Mozilla/5.0 (Linux; Android 9; SM-G973F) AppleWebKit/537.36 (KHTML, like Gecko) Chrome/76.0.3809.111 Mobile Safari/537.36"
34.14.24.233 - - [15/May/2026:12:21:52 +0530] "GET /actuator/configprops HTTP/1.1" 404 127568 "-" "Mozilla/5.0 (X11; Linux x86_64) AppleWebKit/537.36 (KHTML, like Gecko) Chrome/74.0.3729.169 YaBrowser/19.6.2.594 (beta) Yowser/2.5 Safari/537.36"
34.14.24.233 - - [15/May/2026:12:21:52 +0530] "GET /configprops HTTP/1.1" 404 127568 "-" "Mozilla/5.0 (Linux; Android 9; GM1910) AppleWebKit/537.36 (KHTML, like Gecko) Chrome/76.0.3809.111 Mobile Safari/537.36"
34.14.24.233 - - [15/May/2026:12:22:06 +0530] "GET /profiler/phpinfo HTTP/1.1" 404 79568 "-" "Mozilla/5.0 (Macintosh; Intel Mac OS X 10_14_6) AppleWebKit/537.36 (KHTML, like Gecko) Chrome/78.0.3880.4 Safari/537.36"
34.14.24.233 - - [15/May/2026:12:22:06 +0530] "GET /docker-compose.prod.yml HTTP/1.1" 404 127568 "-" "Mozilla/5.0 (Windows; U; Windows NT 5.1; tr; rv:1.9.2.8) Gecko/20100722 Firefox/3.6.8 ( .NET CLR 3.5.30729; .NET4.0E)"
34.14.24.233 - - [15/May/2026:12:22:06 +0530] "GET /env HTTP/1.1" 404 127568 "-" "Mozilla/5.0 (Linux; Android 8.0.0; SM-A910F) AppleWebKit/537.36 (KHTML, like Gecko) Chrome/76.0.3809.111 Mobile Safari/537.36"
34.14.24.233 - - [15/May/2026:12:22:06 +0530] "GET /heapdump HTTP/1.1" 404 79568 "-" "Mozilla/5.0 (Linux; Android 9; SM-G973F) AppleWebKit/537.36 (KHTML, like Gecko) Chrome/76.0.3809.111 Mobile Safari/537.36"
34.14.24.233 - - [15/May/2026:12:22:06 +0530] "GET /actuator/configprops HTTP/1.1" 404 111568 "-" "Mozilla/5.0 (X11; Linux x86_64) AppleWebKit/537.36 (KHTML, like Gecko) Chrome/74.0.3729.169 YaBrowser/19.6.2.594 (beta) Yowser/2.5 Safari/537.36"
34.14.24.233 - - [15/May/2026:12:22:06 +0530] "GET /actuator/env HTTP/1.1" 404 127568 "-" "Mozilla/5.0 (Linux; Android 8.1.0; LM-Q710.FG) AppleWebKit/537.36 (KHTML, like Gecko) Chrome/75.0.3770.101 Mobile Safari/537.36"
34.14.24.233 - - [15/May/2026:12:22:06 +0530] "GET /actuator/heapdump HTTP/1.1" 404 127568 "-" "Mozilla/5.0 (Linux; Android 9; Pixel 2 XL) AppleWebKit/537.36 (KHTML, like Gecko) Chrome/77.0.3865.18 Mobile Safari/537.36"
34.14.24.233 - - [15/May/2026:12:22:06 +0530] "GET /configprops HTTP/1.1" 404 127568 "-" "Mozilla/5.0 (Linux; Android 9; GM1910) AppleWebKit/537.36 (KHTML, like Gecko) Chrome/76.0.3809.111 Mobile Safari/537.36"
34.14.24.233 - - [15/May/2026:12:22:06 +0530] "GET /docker-compose.yml HTTP/1.1" 404 127568 "-" "Mozilla/5.0 (Linux; Android 9; ANE-LX3) AppleWebKit/537.36 (KHTML, like Gecko) Chrome/76.0.3809.111 Mobile Safari/537.36"
34.14.24.233 - - [15/May/2026:12:22:06 +0530] "GET /profiler HTTP/1.1" 404 127568 "-" "Mozilla/5.0 (Linux; Android 9; Redmi Note 5) AppleWebKit/537.36 (KHTML, like Gecko) Chrome/76.0.3809.89 Mobile Safari/537.36"
34.80.76.48 - - [15/May/2026:14:02:14 +0530] "GET /app/.env.local HTTP/1.1" 404 79568 "-" "Mozilla/5.0 (Windows; U; Windows NT 6.0; en-US) AppleWebKit/534.14 (KHTML, like Gecko) Chrome/9.0.601.0 Safari/534.14"
34.80.76.48 - - [15/May/2026:14:02:14 +0530] "GET /app/.env HTTP/1.1" 404 127568 "-" "Mozilla/5.0 (X11; U; Linux x86_64; en-US; rv:1.9.1.3) Gecko/20091020 Linux Mint/8 (Helena) Firefox/3.5.3"
34.80.76.48 - - [15/May/2026:14:02:14 +0530] "GET /.env.development.local HTTP/1.1" 404 79568 "-" "Mozilla/5.0 (Macintosh; Intel Mac OS X 10_11_6) AppleWebKit/601.7.8 (KHTML, like Gecko) Version/10.1 Safari/603.1.30"
34.80.76.48 - - [15/May/2026:14:02:14 +0530] "GET /api/.env HTTP/1.1" 404 127568 "-" "Mozilla/5.0 (Linux; Android 9; RMX1801) AppleWebKit/537.36 (KHTML, like Gecko) Chrome/76.0.3809.111 Mobile Safari/537.36"
34.80.76.48 - - [15/May/2026:14:02:14 +0530] "GET /.env.docker HTTP/1.1" 404 79568 "-" "Opera/9.80 (X11; Linux i686; U; en) Presto/2.2.15 Version/10.10"
34.80.76.48 - - [15/May/2026:14:02:14 +0530] "GET /.env.dev.local HTTP/1.1" 404 127568 "-" "Mozilla/5.0 (Macintosh; Intel Mac OS X 10_14_3) AppleWebKit/537.36 (KHTML, like Gecko) Chrome/75.0.3770.80 Safari/537.36"
34.80.76.48 - - [15/May/2026:14:02:15 +0530] "GET /.env.dev HTTP/1.1" 404 79568 "-" "Mozilla/5.0 (compatible; MSIE 10.0; Windows Phone 8.0; Trident/6.0; IEMobile/10.0; ARM; Touch)"
34.80.76.48 - - [15/May/2026:14:02:13 +0530] "GET /.env.local HTTP/1.1" 404 127568 "-" "Mozilla/5.0 (Linux; Android 7.0; SM-G925F) AppleWebKit/537.36 (KHTML, like Gecko) Chrome/76.0.3809.111 Mobile Safari/537.36"
34.80.76.48 - - [15/May/2026:14:02:13 +0530] "GET /.env HTTP/1.1" 404 79568 "-" "Mozilla/5.0 (Macintosh; Intel Mac OS X 10_12_6) AppleWebKit/605.1.15 (KHTML, like Gecko) Version/11.1.2 Safari/605.1.15"
34.80.76.48 - - [15/May/2026:14:02:14 +0530] "GET /admin/.env HTTP/1.1" 404 79568 "-" "SEC-SGHX210/1.0 UP.Link/6.3.1.13.0"
208.109.13.31 - - [15/May/2026:16:00:14 +0530] "GET / HTTP/1.1" 200 15514 "-" "WordPress/6.9.4; https://shubhamnagari.skilladders.com"
208.109.13.31 - - [15/May/2026:16:00:19 +0530] "GET / HTTP/1.1" 200 15685 "-" "WordPress/6.9.4; https://shubhamnagari.skilladders.com"
208.109.13.31 - - [15/May/2026:16:00:24 +0530] "GET / HTTP/1.1" 200 15514 "-" "WordPress/6.9.4; https://shubhamnagari.skilladders.com"
51.77.74.125 - - [15/May/2026:17:12:26 +0530] "GET /about.php?520 HTTP/1.1" 404 207568 "-" "Mozilla/5.0 (Windows NT 10.0; Win64; x64) AppleWebKit/537.36 (KHTML, like Gecko) Chrome/127.0.0.0 Safari/537.36"
51.77.74.125 - - [15/May/2026:17:12:23 +0530] "GET /images/images/cache.php HTTP/1.1" 404 207568 "-" "Mozilla/5.0 (Macintosh; Intel Mac OS X 10_15_7) AppleWebKit/537.36 (KHTML, like Gecko) Chrome/147.0.0.0 Safari/537.36"
51.77.74.125 - - [15/May/2026:17:12:27 +0530] "GET /admin.php?520 HTTP/1.1" 404 207568 "-" "Mozilla/5.0 (Windows NT 10.0; Win64; x64) AppleWebKit/537.36 (KHTML, like Gecko) Chrome/127.0.0.0 Safari/537.36"
208.109.13.31 - - [15/May/2026:17:12:56 +0530] "POST /wp-cron.php?doing_wp_cron=1778845375.5622711181640625000000 HTTP/1.1" 200 - "-" "WordPress/6.9.4; https://shubhamnagari.skilladders.com"
45.148.10.16 - - [15/May/2026:19:15:31 +0530] "GET / HTTP/1.1" 200 159514 "-" "Mozilla/5.0 (X11; Linux x86_64) AppleWebKit/537.36 Chrome/122.0.0.0 Safari/537.36"
43.153.205.132 - - [15/May/2026:20:52:10 +0530] "GET / HTTP/1.1" 200 79687 "http://shubhamnagari.skilladders.com" "Mozilla/5.0 (iPhone; CPU iPhone OS 13_2_3 like Mac OS X) AppleWebKit/605.1.15 (KHTML, like Gecko) Version/13.0.3 Mobile/15E148 Safari/604.1"
74.7.241.183 - - [16/May/2026:00:10:59 +0530] "GET /robots.txt HTTP/1.1" 200 130 "-" "Mozilla/5.0 (Macintosh; Intel Mac OS X 10_15_7) AppleWebKit/537.36 (KHTML, like Gecko) Chrome/131.0.0.0 Safari/537.36; compatible; OAI-SearchBot/1.3; robots.txt; +https://openai.com/searchbot"
74.7.227.60 - - [16/May/2026:00:10:59 +0530] "GET / HTTP/1.1" 200 127514 "-" "Mozilla/5.0 AppleWebKit/537.36 (KHTML, like Gecko; compatible; GPTBot/1.3; +https://openai.com/gptbot)"
208.109.13.31 - - [16/May/2026:00:11:29 +0530] "POST /wp-cron.php?doing_wp_cron=1778870489.3473250865936279296875 HTTP/1.1" 200 - "-" "WordPress/6.9.4; https://shubhamnagari.skilladders.com"
74.7.227.60 - - [16/May/2026:00:44:43 +0530] "GET /wp-sitemap.xml HTTP/1.1" 200 718 "-" "Mozilla/5.0 AppleWebKit/537.36 (KHTML, like Gecko; compatible; GPTBot/1.3; +https://openai.com/gptbot)"
208.109.13.31 - - [16/May/2026:00:45:17 +0530] "POST /wp-cron.php?doing_wp_cron=1778872517.4380810260772705078125 HTTP/1.1" 200 - "-" "WordPress/6.9.4; https://shubhamnagari.skilladders.com"
43.130.16.140 - - [16/May/2026:04:44:26 +0530] "GET / HTTP/1.1" 200 127514 "http://shubhamnagari.skilladders.com" "Mozilla/5.0 (iPhone; CPU iPhone OS 13_2_3 like Mac OS X) AppleWebKit/605.1.15 (KHTML, like Gecko) Version/13.0.3 Mobile/15E148 Safari/604.1"
193.32.248.252 - - [16/May/2026:05:40:14 +0530] "GET / HTTP/1.1" 200 111514 "https://shubhamnagari.skilladders.com" "Mozilla/5.0 (X11; Linux x86_64; rv:91.0) Gecko/20100101 Firefox/91.0"
193.32.248.248 - - [16/May/2026:05:40:23 +0530] "GET / HTTP/1.1" 200 111514 "https://shubhamnagari.skilladders.com" "Mozilla/5.0 (X11; Linux x86_64; rv:91.0) Gecko/20100101 Firefox/91.0"
193.32.248.252 - - [16/May/2026:05:40:34 +0530] "GET / HTTP/1.1" 200 111514 "https://shubhamnagari.skilladders.com" "Mozilla/5.0 (X11; Linux x86_64; rv:91.0) Gecko/20100101 Firefox/91.0"
92.205.109.21 - - [16/May/2026:09:07:48 +0530] "GET /wp-json/oembed/1.0/embed?url=https%3A%2F%2Fshubhamnagari.skilladders.com&format=json HTTP/1.1" 200 2234 "-" "Mozilla/5.0 (X11; Linux x86_64) AppleWebKit/537.36 (KHTML, like Gecko) Chrome/143.0.0.0 Safari/537.36"
92.205.109.21 - - [16/May/2026:09:07:57 +0530] "GET /wp-sitemap-users-1.xml HTTP/1.1" 200 279 "-" "Mozilla/5.0 (X11; Linux x86_64) AppleWebKit/537.36 (KHTML, like Gecko) Chrome/143.0.0.0 Safari/537.36"
208.109.13.31 - - [16/May/2026:09:08:14 +0530] "POST /wp-cron.php?doing_wp_cron=1778902693.9991049766540527343750 HTTP/1.1" 200 - "-" "WordPress/6.9.4; https://shubhamnagari.skilladders.com"
208.109.188.137 - - [16/May/2026:09:08:31 +0530] "GET /wp-json/wp/v2/comments?per_page=100&_fields=author_name,author_url HTTP/1.1" 200 2 "-" "Mozilla/5.0 (X11; Linux x86_64) AppleWebKit/537.36 (KHTML, like Gecko) Chrome/143.0.0.0 Safari/537.36"
78.142.18.172 - - [16/May/2026:10:02:02 +0530] "GET /feed/atom/ HTTP/1.1" 200 10026 "-" "Mozilla/5.0 (Windows NT 10.0; Win64; x64) AppleWebKit/537.36 (KHTML, like Gecko) Chrome/133.0.0.0 Safari/537.36, Mozilla/5.0 (Macintosh; Intel Mac OS X 10_15_7) AppleWebKit/537.36 (KHTML, like Gecko) Chrome/133.0.0.0 Safari/537.36"
208.109.13.31 - - [16/May/2026:10:02:27 +0530] "POST /wp-cron.php?doing_wp_cron=1778905946.5712440013885498046875 HTTP/1.1" 200 - "-" "WordPress/6.9.4; https://shubhamnagari.skilladders.com"
78.142.18.172 - - [16/May/2026:10:03:13 +0530] "GET /wp-json/webmention/1.0 HTTP/1.1" 404 114 "-" "Mozilla/5.0 (Windows NT 10.0; Win64; x64) AppleWebKit/537.36 (KHTML, like Gecko) Chrome/133.0.0.0 Safari/537.36, Mozilla/5.0 (Windows NT 10.0; Win64; x64) AppleWebKit/537.36 (KHTML, like Gecko) Chrome/133.0.0.0 Safari/537.36 Edg/133.0.0.0"
50.6.224.46 - - [16/May/2026:10:04:16 +0530] "POST /xmlrpc.php HTTP/1.1" 200 403 "-" "Mozilla/5.0 (Windows NT 10.0; Win64; x64) AppleWebKit/537.36 (KHTML, like Gecko) Chrome/133.0.0.0 Safari/537.36, Mozilla/5.0 (Windows NT 10.0; Win64; x64) AppleWebKit/537.36 (KHTML, like Gecko) Chrome/133.0.0.0 Safari/537.36"
46.32.255.52 - - [16/May/2026:10:04:12 +0530] "POST /xmlrpc.php HTTP/1.1" 200 401 "-" "Mozilla/5.0 (Windows NT 10.0; Win64; x64) AppleWebKit/537.36 (KHTML, like Gecko) Chrome/133.0.0.0 Safari/537.36, Mozilla/5.0 (Windows NT 10.0; Win64; x64) AppleWebKit/537.36 (KHTML, like Gecko) Chrome/133.0.0.0 Safari/537.36 Edg/133.0.0.0"
208.109.189.74 - - [16/May/2026:10:04:55 +0530] "GET /?author=2 HTTP/1.1" 200 159578 "-" "Mozilla/5.0 (Windows NT 10.0; Win64; x64) AppleWebKit/537.36 (KHTML, like Gecko) Chrome/133.0.0.0 Safari/537.36, Mozilla/5.0 (Macintosh; Intel Mac OS X 10_15_7) AppleWebKit/537.36 (KHTML, like Gecko) Chrome/133.0.0.0 Safari/537.36"
78.142.18.172 - - [16/May/2026:10:06:31 +0530] "GET /wp-json/peepso/v1/members HTTP/1.1" 404 114 "-" "Mozilla/5.0 (Windows NT 10.0; Win64; x64) AppleWebKit/537.36 (KHTML, like Gecko) Chrome/133.0.0.0 Safari/537.36, Mozilla/5.0 (Macintosh; Intel Mac OS X 10_15_7) AppleWebKit/537.36 (KHTML, like Gecko) Chrome/133.0.0.0 Safari/537.36"
92.205.109.21 - - [16/May/2026:10:06:38 +0530] "GET /?author=9 HTTP/1.1" 404 175589 "-" "Mozilla/5.0 (Windows NT 10.0; Win64; x64) AppleWebKit/537.36 (KHTML, like Gecko) Chrome/133.0.0.0 Safari/537.36, Mozilla/5.0 (X11; Linux x86_64) AppleWebKit/537.36 (KHTML, like Gecko) Chrome/133.0.0.0 Safari/537.36"
92.205.20.61 - - [16/May/2026:10:07:43 +0530] "GET /?author=15 HTTP/1.1" 404 159568 "-" "Mozilla/5.0 (Windows NT 10.0; Win64; x64) AppleWebKit/537.36 (KHTML, like Gecko) Chrome/133.0.0.0 Safari/537.36, Mozilla/5.0 (Macintosh; Intel Mac OS X 10_15_7) AppleWebKit/537.36 (KHTML, like Gecko) Chrome/133.0.0.0 Safari/537.36"
78.142.18.172 - - [16/May/2026:10:11:41 +0530] "GET /?author=29 HTTP/1.1" 404 175568 "-" "Mozilla/5.0 (Windows NT 10.0; Win64; x64) AppleWebKit/537.36 (KHTML, like Gecko) Chrome/133.0.0.0 Safari/537.36, Mozilla/5.0 (Macintosh; Intel Mac OS X 10_15_7) AppleWebKit/537.36 (KHTML, like Gecko) Chrome/133.0.0.0 Safari/537.36"
43.159.46.41 - - [16/May/2026:10:42:13 +0530] "GET / HTTP/1.1" 200 79687 "http://shubhamnagari.skilladders.com" "Mozilla/5.0 (iPhone; CPU iPhone OS 13_2_3 like Mac OS X) AppleWebKit/605.1.15 (KHTML, like Gecko) Version/13.0.3 Mobile/15E148 Safari/604.1"
195.96.139.237 - - [16/May/2026:11:49:48 +0530] "GET / HTTP/1.1" 200 15514 "-" "Mozilla/5.0 (compatible; InternetMeasurement/1.0; +https://internet-measurement.com/)"
72.167.150.128 - - [16/May/2026:13:59:25 +0530] "GET /feed/atom/ HTTP/1.1" 200 1183 "-" "Mozilla/5.0 (Windows NT 10.0; Win64; x64) AppleWebKit/537.36 (KHTML, like Gecko) Chrome/133.0.0.0 Safari/537.36, Mozilla/5.0 (X11; Linux x86_64) AppleWebKit/537.36 (KHTML, like Gecko) Chrome/133.0.0.0 Safari/537.36"
72.167.150.128 - - [16/May/2026:13:59:43 +0530] "GET /rss/ HTTP/1.1" 301 - "-" "Mozilla/5.0 (Windows NT 10.0; Win64; x64) AppleWebKit/537.36 (KHTML, like Gecko) Chrome/133.0.0.0 Safari/537.36, Mozilla/5.0 (Windows NT 10.0; Win64; x64) AppleWebKit/537.36 (KHTML, like Gecko) Chrome/133.0.0.0 Safari/537.36 Edg/133.0.0.0"
208.109.13.31 - - [16/May/2026:14:00:02 +0530] "POST /wp-cron.php?doing_wp_cron=1778920201.9485950469970703125000 HTTP/1.1" 200 - "-" "WordPress/6.9.4; https://shubhamnagari.skilladders.com"
208.109.191.182 - - [16/May/2026:14:02:53 +0530] "GET /wp-json/wp/v2/users?_jsonp=callback&per_page=100&_fields=id,slug HTTP/1.1" 200 40 "-" "Mozilla/5.0 (Windows NT 10.0; Win64; x64) AppleWebKit/537.36 (KHTML, like Gecko) Chrome/133.0.0.0 Safari/537.36, Mozilla/5.0 (Macintosh; Intel Mac OS X 10_15_7) AppleWebKit/537.36 (KHTML, like Gecko) Chrome/133.0.0.0 Safari/537.36"
72.167.150.128 - - [16/May/2026:14:05:58 +0530] "GET /?author=11 HTTP/1.1" 404 159568 "-" "Mozilla/5.0 (Windows NT 10.0; Win64; x64) AppleWebKit/537.36 (KHTML, like Gecko) Chrome/133.0.0.0 Safari/537.36, Mozilla/5.0 (Windows NT 10.0; Win64; x64) AppleWebKit/537.36 (KHTML, like Gecko) Chrome/133.0.0.0 Safari/537.36"
92.205.20.61 - - [16/May/2026:14:07:55 +0530] "GET /?author=17 HTTP/1.1" 404 175568 "-" "Mozilla/5.0 (Windows NT 10.0; Win64; x64) AppleWebKit/537.36 (KHTML, like Gecko) Chrome/133.0.0.0 Safari/537.36, Mozilla/5.0 (Macintosh; Intel Mac OS X 10_15_7) AppleWebKit/537.36 (KHTML, like Gecko) Chrome/133.0.0.0 Safari/537.36"
208.109.188.137 - - [16/May/2026:14:08:53 +0530] "GET /?author=20 HTTP/1.1" 404 159568 "-" "Mozilla/5.0 (Windows NT 10.0; Win64; x64) AppleWebKit/537.36 (KHTML, like Gecko) Chrome/133.0.0.0 Safari/537.36, Mozilla/5.0 (Macintosh; Intel Mac OS X 10_15_7) AppleWebKit/537.36 (KHTML, like Gecko) Chrome/133.0.0.0 Safari/537.36"
72.167.150.128 - - [16/May/2026:14:09:22 +0530] "GET /?author=21 HTTP/1.1" 404 79568 "-" "Mozilla/5.0 (Windows NT 10.0; Win64; x64) AppleWebKit/537.36 (KHTML, like Gecko) Chrome/133.0.0.0 Safari/537.36, Mozilla/5.0 (Windows NT 10.0; Win64; x64) AppleWebKit/537.36 (KHTML, like Gecko) Chrome/133.0.0.0 Safari/537.36"
74.7.241.183 - - [16/May/2026:19:37:54 +0530] "GET /robots.txt HTTP/1.1" 200 130 "-" "Mozilla/5.0 (Macintosh; Intel Mac OS X 10_15_7) AppleWebKit/537.36 (KHTML, like Gecko) Chrome/131.0.0.0 Safari/537.36; compatible; OAI-SearchBot/1.3; robots.txt; +https://openai.com/searchbot"
208.109.13.31 - - [16/May/2026:19:38:26 +0530] "POST /wp-cron.php?doing_wp_cron=1778940506.3561220169067382812500 HTTP/1.1" 200 - "-" "WordPress/6.9.4; https://shubhamnagari.skilladders.com"
51.77.74.125 - - [16/May/2026:21:34:09 +0530] "GET /wp-content/plugins/burst-statistics/assets/js/build/burst.js HTTP/1.1" 404 207568 "-" "Mozilla/5.0 (Windows NT 10.0; Win64; x64; rv:149.0) Gecko/20100101 Firefox/149.0"
208.109.13.31 - - [16/May/2026:21:34:43 +0530] "POST /wp-cron.php?doing_wp_cron=1778947482.9358379840850830078125 HTTP/1.1" 200 - "-" "WordPress/6.9.4; https://shubhamnagari.skilladders.com"
51.77.74.125 - - [16/May/2026:21:37:49 +0530] "GET /blog-verify HTTP/1.1" 404 207568 "-" "Mozilla/5.0 (Windows NT 10.0; Win64; x64; rv:149.0) Gecko/20100101 Firefox/149.0"
51.77.74.125 - - [16/May/2026:21:42:22 +0530] "GET /?wmo_hc=k7Hx9mQp2wRt HTTP/1.1" 200 207514 "-" "Mozilla/5.0 (Windows NT 10.0; Win64; x64) AppleWebKit/537.36 (KHTML, like Gecko) Chrome/146.0.0.0 Safari/537.36"
74.7.227.60 - - [17/May/2026:00:46:45 +0530] "GET /wp-sitemap.xml HTTP/1.1" 200 718 "-" "Mozilla/5.0 AppleWebKit/537.36 (KHTML, like Gecko; compatible; GPTBot/1.3; +https://openai.com/gptbot)"
74.7.241.183 - - [17/May/2026:00:46:45 +0530] "GET /robots.txt HTTP/1.1" 200 130 "-" "Mozilla/5.0 (Macintosh; Intel Mac OS X 10_15_7) AppleWebKit/537.36 (KHTML, like Gecko) Chrome/131.0.0.0 Safari/537.36; compatible; OAI-SearchBot/1.3; robots.txt; +https://openai.com/searchbot"
208.109.13.31 - - [17/May/2026:00:47:13 +0530] "POST /wp-cron.php?doing_wp_cron=1778959033.2654070854187011718750 HTTP/1.1" 200 - "-" "WordPress/6.9.4; https://shubhamnagari.skilladders.com"
158.173.77.26 - - [17/May/2026:02:34:49 +0530] "GET /wp-content/plugins/elementor/assets/css/frontend.min.css?ver=3.25.10 HTTP/1.1" 200 60575 "https://shubhamnagari.skilladders.com/" "Mozilla/5.0 (Windows NT 10.0; Win64; x64) AppleWebKit/537.36 (KHTML, like Gecko) Chrome/146.0.0.0 Safari/537.36"
158.173.77.26 - - [17/May/2026:02:34:50 +0530] "GET /wp-content/uploads/elementor/css/post-167.css?ver=1773270183 HTTP/1.1" 200 10258 "https://shubhamnagari.skilladders.com/" "Mozilla/5.0 (Windows NT 10.0; Win64; x64) AppleWebKit/537.36 (KHTML, like Gecko) Chrome/146.0.0.0 Safari/537.36"
158.173.77.26 - - [17/May/2026:02:34:08 +0530] "GET / HTTP/1.1" 200 367438 "-" "Mozilla/5.0 (Windows NT 10.0; Win64; x64) AppleWebKit/537.36 (KHTML, like Gecko) Chrome/146.0.0.0 Safari/537.36"
158.173.77.26 - - [17/May/2026:02:34:50 +0530] "GET /wp-content/plugins/contact-form-7/includes/css/styles.css?ver=6.0.1 HTTP/1.1" 200 2894 "https://shubhamnagari.skilladders.com/" "Mozilla/5.0 (Windows NT 10.0; Win64; x64) AppleWebKit/537.36 (KHTML, like Gecko) Chrome/146.0.0.0 Safari/537.36"
158.173.77.26 - - [17/May/2026:02:34:51 +0530] "GET /wp-content/plugins/elementor/assets/lib/swiper/v8/css/swiper.min.css?ver=8.4.5 HTTP/1.1" 200 16471 "https://shubhamnagari.skilladders.com/" "Mozilla/5.0 (Windows NT 10.0; Win64; x64) AppleWebKit/537.36 (KHTML, like Gecko) Chrome/146.0.0.0 Safari/537.36"
158.173.77.26 - - [17/May/2026:02:34:51 +0530] "GET /wp-content/plugins/elementor/assets/css/conditionals/e-swiper.min.css?ver=3.25.10 HTTP/1.1" 200 10260 "https://shubhamnagari.skilladders.com/" "Mozilla/5.0 (Windows NT 10.0; Win64; x64) AppleWebKit/537.36 (KHTML, like Gecko) Chrome/146.0.0.0 Safari/537.36"
158.173.77.26 - - [17/May/2026:02:34:51 +0530] "GET /wp-content/uploads/elementor/css/post-7.css?ver=1773270184 HTTP/1.1" 200 1107 "https://shubhamnagari.skilladders.com/" "Mozilla/5.0 (Windows NT 10.0; Win64; x64) AppleWebKit/537.36 (KHTML, like Gecko) Chrome/146.0.0.0 Safari/537.36"
158.173.77.26 - - [17/May/2026:02:34:52 +0530] "GET /wp-content/plugins/elementor/assets/css/widget-image.min.css?ver=3.25.10 HTTP/1.1" 200 254 "https://shubhamnagari.skilladders.com/" "Mozilla/5.0 (Windows NT 10.0; Win64; x64) AppleWebKit/537.36 (KHTML, like Gecko) Chrome/146.0.0.0 Safari/537.36"
158.173.77.26 - - [17/May/2026:02:34:52 +0530] "GET /wp-content/plugins/elementor/assets/css/widget-icon-box.min.css?ver=3.25.10 HTTP/1.1" 200 10094 "https://shubhamnagari.skilladders.com/" "Mozilla/5.0 (Windows NT 10.0; Win64; x64) AppleWebKit/537.36 (KHTML, like Gecko) Chrome/146.0.0.0 Safari/537.36"
158.173.77.26 - - [17/May/2026:02:34:52 +0530] "GET /wp-content/plugins/elementor/assets/css/widget-counter.min.css?ver=3.25.10 HTTP/1.1" 200 793 "https://shubhamnagari.skilladders.com/" "Mozilla/5.0 (Windows NT 10.0; Win64; x64) AppleWebKit/537.36 (KHTML, like Gecko) Chrome/146.0.0.0 Safari/537.36"
158.173.77.26 - - [17/May/2026:02:34:52 +0530] "GET /wp-content/plugins/elementor/assets/css/widget-heading.min.css?ver=3.25.10 HTTP/1.1" 200 600 "https://shubhamnagari.skilladders.com/" "Mozilla/5.0 (Windows NT 10.0; Win64; x64) AppleWebKit/537.36 (KHTML, like Gecko) Chrome/146.0.0.0 Safari/537.36"
158.173.77.26 - - [17/May/2026:02:34:52 +0530] "GET /wp-content/plugins/elementor/assets/css/widget-text-editor.min.css?ver=3.25.10 HTTP/1.1" 200 704 "https://shubhamnagari.skilladders.com/" "Mozilla/5.0 (Windows NT 10.0; Win64; x64) AppleWebKit/537.36 (KHTML, like Gecko) Chrome/146.0.0.0 Safari/537.36"
158.173.77.26 - - [17/May/2026:02:34:52 +0530] "GET /wp-content/plugins/elementor/assets/css/widget-spacer.min.css?ver=3.25.10 HTTP/1.1" 200 1364 "https://shubhamnagari.skilladders.com/" "Mozilla/5.0 (Windows NT 10.0; Win64; x64) AppleWebKit/537.36 (KHTML, like Gecko) Chrome/146.0.0.0 Safari/537.36"
158.173.77.26 - - [17/May/2026:02:34:52 +0530] "GET /wp-includes/js/mediaelement/mediaelementplayer-legacy.min.css?ver=4.2.17 HTTP/1.1" 200 11256 "https://shubhamnagari.skilladders.com/" "Mozilla/5.0 (Windows NT 10.0; Win64; x64) AppleWebKit/537.36 (KHTML, like Gecko) Chrome/146.0.0.0 Safari/537.36"
158.173.77.26 - - [17/May/2026:02:34:53 +0530] "GET /wp-includes/js/mediaelement/wp-mediaelement.min.css?ver=6.9.4 HTTP/1.1" 200 4186 "https://shubhamnagari.skilladders.com/" "Mozilla/5.0 (Windows NT 10.0; Win64; x64) AppleWebKit/537.36 (KHTML, like Gecko) Chrome/146.0.0.0 Safari/537.36"
158.173.77.26 - - [17/May/2026:02:34:53 +0530] "GET /wp-content/plugins/elementor/assets/css/widget-icon-list.min.css?ver=3.25.10 HTTP/1.1" 200 9929 "https://shubhamnagari.skilladders.com/" "Mozilla/5.0 (Windows NT 10.0; Win64; x64) AppleWebKit/537.36 (KHTML, like Gecko) Chrome/146.0.0.0 Safari/537.36"
158.173.77.26 - - [17/May/2026:02:34:53 +0530] "GET /wp-content/plugins/elementor/assets/css/widget-rating.min.css?ver=3.25.10 HTTP/1.1" 200 1322 "https://shubhamnagari.skilladders.com/" "Mozilla/5.0 (Windows NT 10.0; Win64; x64) AppleWebKit/537.36 (KHTML, like Gecko) Chrome/146.0.0.0 Safari/537.36"
158.173.77.26 - - [17/May/2026:02:34:53 +0530] "GET /wp-content/uploads/elementor/css/post-81.css?ver=1773270186 HTTP/1.1" 200 174535 "https://shubhamnagari.skilladders.com/" "Mozilla/5.0 (Windows NT 10.0; Win64; x64) AppleWebKit/537.36 (KHTML, like Gecko) Chrome/146.0.0.0 Safari/537.36"
158.173.77.26 - - [17/May/2026:02:34:54 +0530] "GET /wp-content/themes/bosa/assets/css/slicknav.min.css?ver=6.9.4 HTTP/1.1" 200 2509 "https://shubhamnagari.skilladders.com/" "Mozilla/5.0 (Windows NT 10.0; Win64; x64) AppleWebKit/537.36 (KHTML, like Gecko) Chrome/146.0.0.0 Safari/537.36"
158.173.77.26 - - [17/May/2026:02:34:54 +0530] "GET /wp-content/themes/bosa/assets/slick/slick.css?ver=6.9.4 HTTP/1.1" 200 1895 "https://shubhamnagari.skilladders.com/" "Mozilla/5.0 (Windows NT 10.0; Win64; x64) AppleWebKit/537.36 (KHTML, like Gecko) Chrome/146.0.0.0 Safari/537.36"
158.173.77.26 - - [17/May/2026:02:34:54 +0530] "GET /wp-content/themes/bosa/assets/slick/slick-theme.css?ver=6.9.4 HTTP/1.1" 200 3349 "https://shubhamnagari.skilladders.com/" "Mozilla/5.0 (Windows NT 10.0; Win64; x64) AppleWebKit/537.36 (KHTML, like Gecko) Chrome/146.0.0.0 Safari/537.36"
158.173.77.26 - - [17/May/2026:02:34:55 +0530] "GET /wp-content/themes/bosa/assets/css/blocks.min.css?ver=6.9.4 HTTP/1.1" 200 9062 "https://shubhamnagari.skilladders.com/" "Mozilla/5.0 (Windows NT 10.0; Win64; x64) AppleWebKit/537.36 (KHTML, like Gecko) Chrome/146.0.0.0 Safari/537.36"
158.173.77.26 - - [17/May/2026:02:34:54 +0530] "GET /wp-content/themes/bosa/assets/bootstrap/css/bootstrap.min.css?ver=6.9.4 HTTP/1.1" 200 140942 "https://shubhamnagari.skilladders.com/" "Mozilla/5.0 (Windows NT 10.0; Win64; x64) AppleWebKit/537.36 (KHTML, like Gecko) Chrome/146.0.0.0 Safari/537.36"
158.173.77.26 - - [17/May/2026:02:34:55 +0530] "GET /wp-content/themes/bosa/assets/font-awesome/css/all.min.css?ver=6.9.4 HTTP/1.1" 200 102649 "https://shubhamnagari.skilladders.com/" "Mozilla/5.0 (Windows NT 10.0; Win64; x64) AppleWebKit/537.36 (KHTML, like Gecko) Chrome/146.0.0.0 Safari/537.36"
158.173.77.26 - - [17/May/2026:02:34:55 +0530] "GET /wp-content/fonts/1c12a66000e36ff266a256da8f92b10a.css?ver=6.9.4 HTTP/1.1" 200 20358 "https://shubhamnagari.skilladders.com/" "Mozilla/5.0 (Windows NT 10.0; Win64; x64) AppleWebKit/537.36 (KHTML, like Gecko) Chrome/146.0.0.0 Safari/537.36"
158.173.77.26 - - [17/May/2026:02:34:56 +0530] "GET /wp-content/themes/bosa-real-estate/style.css?ver=6.9.4 HTTP/1.1" 200 23563 "https://shubhamnagari.skilladders.com/" "Mozilla/5.0 (Windows NT 10.0; Win64; x64) AppleWebKit/537.36 (KHTML, like Gecko) Chrome/146.0.0.0 Safari/537.36"
