171.61.21.61 - - [09/May/2026:17:11:17 +0530] "POST /admin/verify-registration/3 HTTP/1.1" 200 62 "http://bharatmatabackend.skilladders.com/admin/vendor-verifications/1" "Mozilla/5.0 (Windows NT 10.0; Win64; x64) AppleWebKit/537.36 (KHTML, like Gecko) Chrome/147.0.0.0 Safari/537.36"
171.61.21.61 - - [09/May/2026:17:11:24 +0530] "GET /admin/notifications HTTP/1.1" 200 2 "http://bharatmatabackend.skilladders.com/admin/vendor-verifications/1" "Mozilla/5.0 (Windows NT 10.0; Win64; x64) AppleWebKit/537.36 (KHTML, like Gecko) Chrome/147.0.0.0 Safari/537.36"
171.61.21.61 - - [09/May/2026:17:11:34 +0530] "GET /storage/vendor/government_ids/x6FC7EMnSdi9bYC6w0CAKGipbab8AiJmcmODOnmz.jpg HTTP/1.1" 403 6659 "http://bharatmatabackend.skilladders.com/admin/vendor-verifications/1" "Mozilla/5.0 (Windows NT 10.0; Win64; x64) AppleWebKit/537.36 (KHTML, like Gecko) Chrome/147.0.0.0 Safari/537.36"
171.61.21.61 - - [09/May/2026:17:11:35 +0530] "GET /favicon.ico HTTP/1.1" 304 - "http://bharatmatabackend.skilladders.com/storage/vendor/government_ids/x6FC7EMnSdi9bYC6w0CAKGipbab8AiJmcmODOnmz.jpg" "Mozilla/5.0 (Windows NT 10.0; Win64; x64) AppleWebKit/537.36 (KHTML, like Gecko) Chrome/147.0.0.0 Safari/537.36"
171.61.21.61 - - [09/May/2026:17:11:35 +0530] "GET /admin/notifications HTTP/1.1" 200 2 "http://bharatmatabackend.skilladders.com/admin/vendor-verifications/1" "Mozilla/5.0 (Windows NT 10.0; Win64; x64) AppleWebKit/537.36 (KHTML, like Gecko) Chrome/147.0.0.0 Safari/537.36"
171.61.21.61 - - [09/May/2026:17:11:44 +0530] "GET /admin/notifications HTTP/1.1" 200 2 "http://bharatmatabackend.skilladders.com/admin/vendor-verifications/1" "Mozilla/5.0 (Windows NT 10.0; Win64; x64) AppleWebKit/537.36 (KHTML, like Gecko) Chrome/147.0.0.0 Safari/537.36"
171.61.21.61 - - [09/May/2026:17:11:54 +0530] "GET /admin/notifications HTTP/1.1" 200 2 "http://bharatmatabackend.skilladders.com/admin/vendor-verifications/1" "Mozilla/5.0 (Windows NT 10.0; Win64; x64) AppleWebKit/537.36 (KHTML, like Gecko) Chrome/147.0.0.0 Safari/537.36"
171.61.21.61 - - [09/May/2026:17:12:04 +0530] "GET /admin/notifications HTTP/1.1" 200 2 "http://bharatmatabackend.skilladders.com/admin/vendor-verifications/1" "Mozilla/5.0 (Windows NT 10.0; Win64; x64) AppleWebKit/537.36 (KHTML, like Gecko) Chrome/147.0.0.0 Safari/537.36"
171.61.21.61 - - [09/May/2026:17:12:08 +0530] "POST /admin/logout HTTP/1.1" 302 454 "http://bharatmatabackend.skilladders.com/admin/vendor-verifications/1" "Mozilla/5.0 (Windows NT 10.0; Win64; x64) AppleWebKit/537.36 (KHTML, like Gecko) Chrome/147.0.0.0 Safari/537.36"
171.61.21.61 - - [09/May/2026:17:12:09 +0530] "GET /admin/login HTTP/1.1" 200 9751 "http://bharatmatabackend.skilladders.com/admin/vendor-verifications/1" "Mozilla/5.0 (Windows NT 10.0; Win64; x64) AppleWebKit/537.36 (KHTML, like Gecko) Chrome/147.0.0.0 Safari/537.36"
171.61.21.61 - - [09/May/2026:17:12:10 +0530] "GET /common/img/gallery/farmtoapmc.png HTTP/1.1" 404 6659 "http://bharatmatabackend.skilladders.com/admin/login" "Mozilla/5.0 (Windows NT 10.0; Win64; x64) AppleWebKit/537.36 (KHTML, like Gecko) Chrome/147.0.0.0 Safari/537.36"
171.61.21.61 - - [09/May/2026:17:12:17 +0530] "POST /admin/admin-login HTTP/1.1" 302 470 "http://bharatmatabackend.skilladders.com/admin/login" "Mozilla/5.0 (Windows NT 10.0; Win64; x64) AppleWebKit/537.36 (KHTML, like Gecko) Chrome/147.0.0.0 Safari/537.36"
171.61.21.61 - - [09/May/2026:17:12:18 +0530] "GET /admin/dashboard HTTP/1.1" 200 83645 "http://bharatmatabackend.skilladders.com/admin/login" "Mozilla/5.0 (Windows NT 10.0; Win64; x64) AppleWebKit/537.36 (KHTML, like Gecko) Chrome/147.0.0.0 Safari/537.36"
171.61.21.61 - - [09/May/2026:17:12:20 +0530] "GET /admin/notifications HTTP/1.1" 200 1397 "http://bharatmatabackend.skilladders.com/admin/dashboard" "Mozilla/5.0 (Windows NT 10.0; Win64; x64) AppleWebKit/537.36 (KHTML, like Gecko) Chrome/147.0.0.0 Safari/537.36"
171.61.21.61 - - [09/May/2026:17:12:25 +0530] "GET /admin/vendor-verifications HTTP/1.1" 200 23918 "http://bharatmatabackend.skilladders.com/admin/dashboard" "Mozilla/5.0 (Windows NT 10.0; Win64; x64) AppleWebKit/537.36 (KHTML, like Gecko) Chrome/147.0.0.0 Safari/537.36"
171.61.21.61 - - [09/May/2026:17:12:25 +0530] "GET /admin/notifications HTTP/1.1" 200 1397 "http://bharatmatabackend.skilladders.com/admin/vendor-verifications" "Mozilla/5.0 (Windows NT 10.0; Win64; x64) AppleWebKit/537.36 (KHTML, like Gecko) Chrome/147.0.0.0 Safari/537.36"
171.61.21.61 - - [09/May/2026:17:12:25 +0530] "GET /admin/vendor-verifications?draw=1&columns%5B0%5D%5Bdata%5D=DT_RowIndex&columns%5B0%5D%5Bname%5D=DT_RowIndex&columns%5B0%5D%5Bsearchable%5D=false&columns%5B0%5D%5Borderable%5D=false&columns%5B0%5D%5Bsearch%5D%5Bvalue%5D=&columns%5B0%5D%5Bsearch%5D%5Bregex%5D=false&columns%5B1%5D%5Bdata%5D=business_name&columns%5B1%5D%5Bname%5D=business_name&columns%5B1%5D%5Bsearchable%5D=true&columns%5B1%5D%5Borderable%5D=true&columns%5B1%5D%5Bsearch%5D%5Bvalue%5D=&columns%5B1%5D%5Bsearch%5D%5Bregex%5D=false&columns%5B2%5D%5Bdata%5D=business_email&columns%5B2%5D%5Bname%5D=business_email&columns%5B2%5D%5Bsearchable%5D=true&columns%5B2%5D%5Borderable%5D=true&columns%5B2%5D%5Bsearch%5D%5Bvalue%5D=&columns%5B2%5D%5Bsearch%5D%5Bregex%5D=false&columns%5B3%5D%5Bdata%5D=status&columns%5B3%5D%5Bname%5D=status&columns%5B3%5D%5Bsearchable%5D=false&columns%5B3%5D%5Borderable%5D=false&columns%5B3%5D%5Bsearch%5D%5Bvalue%5D=&columns%5B3%5D%5Bsearch%5D%5Bregex%5D=false&columns%5B4%5D%5Bdata%5D=volunteer&columns%5B4%5D%5Bname%5D=&columns%5B4%5D%5Bsearchable%5D=false&columns%5B4%5D%5Borderable%5D=false&columns%5B4%5D%5Bsearch%5D%5Bvalue%5D=&columns%5B4%5D%5Bsearch%5D%5Bregex%5D=false&columns%5B5%5D%5Bdata%5D=actions&columns%5B5%5D%5Bname%5D=actions&columns%5B5%5D%5Bsearchable%5D=false&columns%5B5%5D%5Borderable%5D=false&columns%5B5%5D%5Bsearch%5D%5Bvalue%5D=&columns%5B5%5D%5Bsearch%5D%5Bregex%5D=false&order%5B0%5D%5Bcolumn%5D=4&order%5B0%5D%5Bdir%5D=desc&order%5B0%5D%5Bname%5D=&start=0&length=10&search%5Bvalue%5D=&search%5Bregex%5D=false&vendor_id=&_=1778326948078 HTTP/1.1" 200 12442 "http://bharatmatabackend.skilladders.com/admin/vendor-verifications" "Mozilla/5.0 (Windows NT 10.0; Win64; x64) AppleWebKit/537.36 (KHTML, like Gecko) Chrome/147.0.0.0 Safari/537.36"
171.61.21.61 - - [09/May/2026:17:12:29 +0530] "GET /admin/vendor-verifications/1 HTTP/1.1" 200 84532 "http://bharatmatabackend.skilladders.com/admin/vendor-verifications" "Mozilla/5.0 (Windows NT 10.0; Win64; x64) AppleWebKit/537.36 (KHTML, like Gecko) Chrome/147.0.0.0 Safari/537.36"
171.61.21.61 - - [09/May/2026:17:12:30 +0530] "GET /storage/vendor/logos/OGeDEwk8jWAnSgwXidCoOPHSHRzuaEViiHOawvE4.jpg HTTP/1.1" 403 6659 "http://bharatmatabackend.skilladders.com/admin/vendor-verifications/1" "Mozilla/5.0 (Windows NT 10.0; Win64; x64) AppleWebKit/537.36 (KHTML, like Gecko) Chrome/147.0.0.0 Safari/537.36"
171.61.21.61 - - [09/May/2026:17:12:30 +0530] "GET /storage/vendor/banners/AtjtjKL5uBLJNIoLm8z11tvZ4H1zvPaGZfNi3vz0.jpg HTTP/1.1" 403 6659 "http://bharatmatabackend.skilladders.com/admin/vendor-verifications/1" "Mozilla/5.0 (Windows NT 10.0; Win64; x64) AppleWebKit/537.36 (KHTML, like Gecko) Chrome/147.0.0.0 Safari/537.36"
171.61.21.61 - - [09/May/2026:17:12:30 +0530] "GET /storage/vendor/government_ids/x6FC7EMnSdi9bYC6w0CAKGipbab8AiJmcmODOnmz.jpg HTTP/1.1" 403 6659 "http://bharatmatabackend.skilladders.com/admin/vendor-verifications/1" "Mozilla/5.0 (Windows NT 10.0; Win64; x64) AppleWebKit/537.36 (KHTML, like Gecko) Chrome/147.0.0.0 Safari/537.36"
171.61.21.61 - - [09/May/2026:17:12:30 +0530] "GET /storage/vendor/business_registrations/WMhfzSSVYIo6RhhuUXllLZyk0XLdMbF6x51w6GHD.png HTTP/1.1" 403 6659 "http://bharatmatabackend.skilladders.com/admin/vendor-verifications/1" "Mozilla/5.0 (Windows NT 10.0; Win64; x64) AppleWebKit/537.36 (KHTML, like Gecko) Chrome/147.0.0.0 Safari/537.36"
171.61.21.61 - - [09/May/2026:17:12:30 +0530] "GET /storage/vendor/business_registrations/3cdvMmmKlpxanRbPSjSebSaCaD5yf5DuhodzTbe0.png HTTP/1.1" 403 6659 "http://bharatmatabackend.skilladders.com/admin/vendor-verifications/1" "Mozilla/5.0 (Windows NT 10.0; Win64; x64) AppleWebKit/537.36 (KHTML, like Gecko) Chrome/147.0.0.0 Safari/537.36"
171.61.21.61 - - [09/May/2026:17:12:30 +0530] "GET /storage/vendor/government_ids/KGaa9zghCM0BQMHmduwtCGzDIrsl52PhZAnSiu1v.jpg HTTP/1.1" 403 6659 "http://bharatmatabackend.skilladders.com/admin/vendor-verifications/1" "Mozilla/5.0 (Windows NT 10.0; Win64; x64) AppleWebKit/537.36 (KHTML, like Gecko) Chrome/147.0.0.0 Safari/537.36"
171.61.21.61 - - [09/May/2026:17:12:31 +0530] "GET /admin/notifications HTTP/1.1" 200 1397 "http://bharatmatabackend.skilladders.com/admin/vendor-verifications/1" "Mozilla/5.0 (Windows NT 10.0; Win64; x64) AppleWebKit/537.36 (KHTML, like Gecko) Chrome/147.0.0.0 Safari/537.36"
171.61.21.61 - - [09/May/2026:17:12:31 +0530] "GET /storage/vendor/business_registrations/fgOEBL9o5birRYtLcGfsYMEiEcgIpr2I0cEOFi4F.png HTTP/1.1" 403 6659 "http://bharatmatabackend.skilladders.com/admin/vendor-verifications/1" "Mozilla/5.0 (Windows NT 10.0; Win64; x64) AppleWebKit/537.36 (KHTML, like Gecko) Chrome/147.0.0.0 Safari/537.36"
171.61.21.61 - - [09/May/2026:17:12:39 +0530] "POST /admin/verify-government-registration/1 HTTP/1.1" 200 55 "http://bharatmatabackend.skilladders.com/admin/vendor-verifications/1" "Mozilla/5.0 (Windows NT 10.0; Win64; x64) AppleWebKit/537.36 (KHTML, like Gecko) Chrome/147.0.0.0 Safari/537.36"
171.61.21.61 - - [09/May/2026:17:12:40 +0530] "GET /admin/notifications HTTP/1.1" 200 1397 "http://bharatmatabackend.skilladders.com/admin/vendor-verifications/1" "Mozilla/5.0 (Windows NT 10.0; Win64; x64) AppleWebKit/537.36 (KHTML, like Gecko) Chrome/147.0.0.0 Safari/537.36"
171.61.21.61 - - [09/May/2026:17:12:41 +0530] "POST /admin/verify-government-registration/2 HTTP/1.1" 200 55 "http://bharatmatabackend.skilladders.com/admin/vendor-verifications/1" "Mozilla/5.0 (Windows NT 10.0; Win64; x64) AppleWebKit/537.36 (KHTML, like Gecko) Chrome/147.0.0.0 Safari/537.36"
171.61.21.61 - - [09/May/2026:17:12:50 +0530] "POST /admin/verify-registration/1 HTTP/1.1" 200 62 "http://bharatmatabackend.skilladders.com/admin/vendor-verifications/1" "Mozilla/5.0 (Windows NT 10.0; Win64; x64) AppleWebKit/537.36 (KHTML, like Gecko) Chrome/147.0.0.0 Safari/537.36"
171.61.21.61 - - [09/May/2026:17:12:50 +0530] "GET /admin/notifications HTTP/1.1" 200 1397 "http://bharatmatabackend.skilladders.com/admin/vendor-verifications/1" "Mozilla/5.0 (Windows NT 10.0; Win64; x64) AppleWebKit/537.36 (KHTML, like Gecko) Chrome/147.0.0.0 Safari/537.36"
171.61.21.61 - - [09/May/2026:17:12:52 +0530] "POST /admin/verify-registration/2 HTTP/1.1" 200 62 "http://bharatmatabackend.skilladders.com/admin/vendor-verifications/1" "Mozilla/5.0 (Windows NT 10.0; Win64; x64) AppleWebKit/537.36 (KHTML, like Gecko) Chrome/147.0.0.0 Safari/537.36"
171.61.21.61 - - [09/May/2026:17:12:54 +0530] "POST /admin/verify-registration/3 HTTP/1.1" 200 62 "http://bharatmatabackend.skilladders.com/admin/vendor-verifications/1" "Mozilla/5.0 (Windows NT 10.0; Win64; x64) AppleWebKit/537.36 (KHTML, like Gecko) Chrome/147.0.0.0 Safari/537.36"
171.61.21.61 - - [09/May/2026:17:13:00 +0530] "GET /admin/notifications HTTP/1.1" 200 1397 "http://bharatmatabackend.skilladders.com/admin/vendor-verifications/1" "Mozilla/5.0 (Windows NT 10.0; Win64; x64) AppleWebKit/537.36 (KHTML, like Gecko) Chrome/147.0.0.0 Safari/537.36"
103.27.51.169 - - [09/May/2026:17:13:02 +0530] "GET /api/v1/vendor/business/1/details HTTP/1.1" 200 609 "-" "Dart/3.10 (dart:io)"
103.27.51.169 - - [09/May/2026:17:13:05 +0530] "GET /api/v1/vendor/profile HTTP/1.1" 200 1346 "-" "Dart/3.10 (dart:io)"
103.27.51.169 - - [09/May/2026:17:13:05 +0530] "GET /api/v1/vendor/dashboard HTTP/1.1" 200 701 "-" "Dart/3.10 (dart:io)"
103.27.51.169 - - [09/May/2026:17:13:06 +0530] "GET /storage/profile_photos/1777966672_69f99e50363f8.jpg HTTP/1.1" 403 6659 "-" "Dart/3.10 (dart:io)"
103.27.51.169 - - [09/May/2026:17:13:08 +0530] "GET /storage/profile_photos/1777966672_69f99e50363f8.jpg HTTP/1.1" 403 6659 "-" "Dart/3.10 (dart:io)"
103.27.51.169 - - [09/May/2026:17:13:09 +0530] "GET /storage/profile_photos/1777966672_69f99e50363f8.jpg HTTP/1.1" 403 6659 "-" "Dart/3.10 (dart:io)"
103.27.51.169 - - [09/May/2026:17:13:09 +0530] "GET /storage/profile_photos/1777966672_69f99e50363f8.jpg HTTP/1.1" 403 6659 "-" "Dart/3.10 (dart:io)"
103.27.51.169 - - [09/May/2026:17:13:10 +0530] "GET /storage/profile_photos/1777966672_69f99e50363f8.jpg HTTP/1.1" 403 6659 "-" "Dart/3.10 (dart:io)"
103.27.51.169 - - [09/May/2026:17:13:10 +0530] "GET /storage/profile_photos/1777966672_69f99e50363f8.jpg HTTP/1.1" 403 6659 "-" "Dart/3.10 (dart:io)"
171.61.21.61 - - [09/May/2026:17:13:10 +0530] "GET /admin/notifications HTTP/1.1" 200 1397 "http://bharatmatabackend.skilladders.com/admin/vendor-verifications/1" "Mozilla/5.0 (Windows NT 10.0; Win64; x64) AppleWebKit/537.36 (KHTML, like Gecko) Chrome/147.0.0.0 Safari/537.36"
103.27.51.169 - - [09/May/2026:17:13:11 +0530] "GET /storage/profile_photos/1777966672_69f99e50363f8.jpg HTTP/1.1" 403 6659 "-" "Dart/3.10 (dart:io)"
103.27.51.169 - - [09/May/2026:17:13:12 +0530] "GET /storage/profile_photos/1777966672_69f99e50363f8.jpg HTTP/1.1" 403 6659 "-" "Dart/3.10 (dart:io)"
103.27.51.169 - - [09/May/2026:17:13:12 +0530] "GET /storage/profile_photos/1777966672_69f99e50363f8.jpg HTTP/1.1" 403 6659 "-" "Dart/3.10 (dart:io)"
103.27.51.169 - - [09/May/2026:17:13:20 +0530] "GET /storage/profile_photos/1777966672_69f99e50363f8.jpg HTTP/1.1" 403 6659 "-" "Dart/3.10 (dart:io)"
103.27.51.169 - - [09/May/2026:17:13:20 +0530] "GET /storage/profile_photos/1777966672_69f99e50363f8.jpg HTTP/1.1" 403 6659 "-" "Dart/3.10 (dart:io)"
171.61.21.61 - - [09/May/2026:17:13:20 +0530] "GET /admin/notifications HTTP/1.1" 200 1397 "http://bharatmatabackend.skilladders.com/admin/vendor-verifications/1" "Mozilla/5.0 (Windows NT 10.0; Win64; x64) AppleWebKit/537.36 (KHTML, like Gecko) Chrome/147.0.0.0 Safari/537.36"
103.27.51.169 - - [09/May/2026:17:13:21 +0530] "GET /storage/profile_photos/1777966672_69f99e50363f8.jpg HTTP/1.1" 403 6659 "-" "Dart/3.10 (dart:io)"
103.27.51.169 - - [09/May/2026:17:13:22 +0530] "GET /storage/profile_photos/1777966672_69f99e50363f8.jpg HTTP/1.1" 403 6659 "-" "Dart/3.10 (dart:io)"
171.61.21.61 - - [09/May/2026:17:13:31 +0530] "GET /admin/notifications HTTP/1.1" 200 1397 "http://bharatmatabackend.skilladders.com/admin/vendor-verifications/1" "Mozilla/5.0 (Windows NT 10.0; Win64; x64) AppleWebKit/537.36 (KHTML, like Gecko) Chrome/147.0.0.0 Safari/537.36"
103.27.51.169 - - [09/May/2026:17:13:36 +0530] "GET /storage/profile_photos/1777966672_69f99e50363f8.jpg HTTP/1.1" 403 6659 "-" "Dart/3.10 (dart:io)"
103.27.51.169 - - [09/May/2026:17:13:38 +0530] "GET /storage/profile_photos/1777966672_69f99e50363f8.jpg HTTP/1.1" 403 6659 "-" "Dart/3.10 (dart:io)"
103.27.51.169 - - [09/May/2026:17:13:38 +0530] "GET /storage/profile_photos/1777966672_69f99e50363f8.jpg HTTP/1.1" 403 6659 "-" "Dart/3.10 (dart:io)"
103.27.51.169 - - [09/May/2026:17:13:39 +0530] "GET /storage/profile_photos/1777966672_69f99e50363f8.jpg HTTP/1.1" 403 6659 "-" "Dart/3.10 (dart:io)"
103.27.51.169 - - [09/May/2026:17:13:40 +0530] "GET /storage/profile_photos/1777966672_69f99e50363f8.jpg HTTP/1.1" 403 6659 "-" "Dart/3.10 (dart:io)"
171.61.21.61 - - [09/May/2026:17:13:40 +0530] "GET /admin/notifications HTTP/1.1" 200 1397 "http://bharatmatabackend.skilladders.com/admin/vendor-verifications/1" "Mozilla/5.0 (Windows NT 10.0; Win64; x64) AppleWebKit/537.36 (KHTML, like Gecko) Chrome/147.0.0.0 Safari/537.36"
103.27.51.169 - - [09/May/2026:17:13:41 +0530] "GET /storage/profile_photos/1777966672_69f99e50363f8.jpg HTTP/1.1" 403 6659 "-" "Dart/3.10 (dart:io)"
103.27.51.169 - - [09/May/2026:17:13:41 +0530] "GET /storage/profile_photos/1777966672_69f99e50363f8.jpg HTTP/1.1" 403 6659 "-" "Dart/3.10 (dart:io)"
103.27.51.169 - - [09/May/2026:17:13:41 +0530] "POST /api/v1/vendor/generate-emblem/1 HTTP/1.1" 400 53 "-" "Dart/3.10 (dart:io)"
103.27.51.169 - - [09/May/2026:17:13:42 +0530] "GET /storage/profile_photos/1777966672_69f99e50363f8.jpg HTTP/1.1" 403 6659 "-" "Dart/3.10 (dart:io)"
103.27.51.169 - - [09/May/2026:17:13:48 +0530] "GET /api/v1/vendor/business/1/details HTTP/1.1" 200 609 "-" "Dart/3.10 (dart:io)"
171.61.21.61 - - [09/May/2026:17:13:50 +0530] "GET /admin/notifications HTTP/1.1" 200 1397 "http://bharatmatabackend.skilladders.com/admin/vendor-verifications/1" "Mozilla/5.0 (Windows NT 10.0; Win64; x64) AppleWebKit/537.36 (KHTML, like Gecko) Chrome/147.0.0.0 Safari/537.36"
171.61.21.61 - - [09/May/2026:17:14:00 +0530] "GET /admin/notifications HTTP/1.1" 200 1397 "http://bharatmatabackend.skilladders.com/admin/vendor-verifications/1" "Mozilla/5.0 (Windows NT 10.0; Win64; x64) AppleWebKit/537.36 (KHTML, like Gecko) Chrome/147.0.0.0 Safari/537.36"
171.61.21.61 - - [09/May/2026:17:14:10 +0530] "GET /admin/notifications HTTP/1.1" 200 1397 "http://bharatmatabackend.skilladders.com/admin/vendor-verifications/1" "Mozilla/5.0 (Windows NT 10.0; Win64; x64) AppleWebKit/537.36 (KHTML, like Gecko) Chrome/147.0.0.0 Safari/537.36"
171.61.21.61 - - [09/May/2026:17:14:21 +0530] "GET /admin/notifications HTTP/1.1" 200 1397 "http://bharatmatabackend.skilladders.com/admin/vendor-verifications/1" "Mozilla/5.0 (Windows NT 10.0; Win64; x64) AppleWebKit/537.36 (KHTML, like Gecko) Chrome/147.0.0.0 Safari/537.36"
171.61.21.61 - - [09/May/2026:17:14:31 +0530] "GET /admin/notifications HTTP/1.1" 200 1397 "http://bharatmatabackend.skilladders.com/admin/vendor-verifications/1" "Mozilla/5.0 (Windows NT 10.0; Win64; x64) AppleWebKit/537.36 (KHTML, like Gecko) Chrome/147.0.0.0 Safari/537.36"
103.27.51.169 - - [09/May/2026:17:14:36 +0530] "GET /api/v1/vendor/business/1/details HTTP/1.1" 200 609 "-" "Dart/3.10 (dart:io)"
103.27.51.169 - - [09/May/2026:17:14:39 +0530] "GET /api/v1/vendor/business/1/staff HTTP/1.1" 200 150 "-" "Dart/3.10 (dart:io)"
171.61.21.61 - - [09/May/2026:17:14:41 +0530] "GET /admin/notifications HTTP/1.1" 200 1397 "http://bharatmatabackend.skilladders.com/admin/vendor-verifications/1" "Mozilla/5.0 (Windows NT 10.0; Win64; x64) AppleWebKit/537.36 (KHTML, like Gecko) Chrome/147.0.0.0 Safari/537.36"
171.61.21.61 - - [09/May/2026:17:14:51 +0530] "GET /admin/notifications HTTP/1.1" 200 1397 "http://bharatmatabackend.skilladders.com/admin/vendor-verifications/1" "Mozilla/5.0 (Windows NT 10.0; Win64; x64) AppleWebKit/537.36 (KHTML, like Gecko) Chrome/147.0.0.0 Safari/537.36"
103.27.51.169 - - [09/May/2026:17:14:56 +0530] "GET /api/v1/vendor/profile HTTP/1.1" 200 1346 "-" "Dart/3.10 (dart:io)"
103.27.51.169 - - [09/May/2026:17:14:56 +0530] "GET /api/v1/vendor/dashboard HTTP/1.1" 200 701 "-" "Dart/3.10 (dart:io)"
103.27.51.169 - - [09/May/2026:17:14:57 +0530] "GET /storage/profile_photos/1777966672_69f99e50363f8.jpg HTTP/1.1" 403 6659 "-" "Dart/3.10 (dart:io)"
103.27.51.169 - - [09/May/2026:17:14:58 +0530] "GET /storage/profile_photos/1777966672_69f99e50363f8.jpg HTTP/1.1" 403 6659 "-" "Dart/3.10 (dart:io)"
103.27.51.169 - - [09/May/2026:17:14:59 +0530] "GET /storage/profile_photos/1777966672_69f99e50363f8.jpg HTTP/1.1" 403 6659 "-" "Dart/3.10 (dart:io)"
103.27.51.169 - - [09/May/2026:17:15:00 +0530] "GET /storage/profile_photos/1777966672_69f99e50363f8.jpg HTTP/1.1" 403 6659 "-" "Dart/3.10 (dart:io)"
103.27.51.169 - - [09/May/2026:17:15:00 +0530] "GET /storage/profile_photos/1777966672_69f99e50363f8.jpg HTTP/1.1" 403 6659 "-" "Dart/3.10 (dart:io)"
171.61.21.61 - - [09/May/2026:17:15:01 +0530] "GET /admin/notifications HTTP/1.1" 200 1397 "http://bharatmatabackend.skilladders.com/admin/vendor-verifications/1" "Mozilla/5.0 (Windows NT 10.0; Win64; x64) AppleWebKit/537.36 (KHTML, like Gecko) Chrome/147.0.0.0 Safari/537.36"
103.27.51.169 - - [09/May/2026:17:15:01 +0530] "GET /storage/profile_photos/1777966672_69f99e50363f8.jpg HTTP/1.1" 403 6659 "-" "Dart/3.10 (dart:io)"
103.27.51.169 - - [09/May/2026:17:15:02 +0530] "GET /storage/profile_photos/1777966672_69f99e50363f8.jpg HTTP/1.1" 403 6659 "-" "Dart/3.10 (dart:io)"
103.27.51.169 - - [09/May/2026:17:15:04 +0530] "GET /storage/profile_photos/1777966672_69f99e50363f8.jpg HTTP/1.1" 403 6659 "-" "Dart/3.10 (dart:io)"
103.27.51.169 - - [09/May/2026:17:15:06 +0530] "GET /storage/profile_photos/1777966672_69f99e50363f8.jpg HTTP/1.1" 403 6659 "-" "Dart/3.10 (dart:io)"
103.27.51.169 - - [09/May/2026:17:15:07 +0530] "GET /storage/profile_photos/1777966672_69f99e50363f8.jpg HTTP/1.1" 403 6659 "-" "Dart/3.10 (dart:io)"
171.61.21.61 - - [09/May/2026:17:15:11 +0530] "GET /admin/notifications HTTP/1.1" 200 1397 "http://bharatmatabackend.skilladders.com/admin/vendor-verifications/1" "Mozilla/5.0 (Windows NT 10.0; Win64; x64) AppleWebKit/537.36 (KHTML, like Gecko) Chrome/147.0.0.0 Safari/537.36"
171.61.21.61 - - [09/May/2026:17:16:12 +0530] "GET /admin/notifications HTTP/1.1" 200 1397 "http://bharatmatabackend.skilladders.com/admin/vendor-verifications/1" "Mozilla/5.0 (Windows NT 10.0; Win64; x64) AppleWebKit/537.36 (KHTML, like Gecko) Chrome/147.0.0.0 Safari/537.36"
103.27.51.169 - - [09/May/2026:17:17:02 +0530] "GET /storage/profile_photos/1777966672_69f99e50363f8.jpg HTTP/1.1" 403 6659 "-" "Dart/3.10 (dart:io)"
171.61.21.61 - - [09/May/2026:17:17:13 +0530] "GET /admin/notifications HTTP/1.1" 200 1397 "http://bharatmatabackend.skilladders.com/admin/vendor-verifications/1" "Mozilla/5.0 (Windows NT 10.0; Win64; x64) AppleWebKit/537.36 (KHTML, like Gecko) Chrome/147.0.0.0 Safari/537.36"
103.27.51.169 - - [09/May/2026:17:17:33 +0530] "GET /storage/profile_photos/1777966672_69f99e50363f8.jpg HTTP/1.1" 403 6659 "-" "Dart/3.10 (dart:io)"
103.27.51.169 - - [09/May/2026:17:17:34 +0530] "GET /storage/profile_photos/1777966672_69f99e50363f8.jpg HTTP/1.1" 403 6659 "-" "Dart/3.10 (dart:io)"
103.27.51.169 - - [09/May/2026:17:17:36 +0530] "GET /storage/profile_photos/1777966672_69f99e50363f8.jpg HTTP/1.1" 403 6659 "-" "Dart/3.10 (dart:io)"
103.27.51.169 - - [09/May/2026:17:17:37 +0530] "GET /api/v1/vendor/business/1/details HTTP/1.1" 200 609 "-" "Dart/3.10 (dart:io)"
103.27.51.169 - - [09/May/2026:17:17:51 +0530] "GET /api/v1/vendor/business/1/products HTTP/1.1" 200 333 "-" "Dart/3.10 (dart:io)"
171.61.21.61 - - [09/May/2026:17:18:14 +0530] "GET /admin/notifications HTTP/1.1" 200 1397 "http://bharatmatabackend.skilladders.com/admin/vendor-verifications/1" "Mozilla/5.0 (Windows NT 10.0; Win64; x64) AppleWebKit/537.36 (KHTML, like Gecko) Chrome/147.0.0.0 Safari/537.36"
103.27.51.169 - - [09/May/2026:17:18:18 +0530] "GET /api/v1/vendor/dashboard HTTP/1.1" 200 701 "-" "Dart/3.10 (dart:io)"
103.27.51.169 - - [09/May/2026:17:18:18 +0530] "GET /api/v1/vendor/profile HTTP/1.1" 200 1346 "-" "Dart/3.10 (dart:io)"
103.27.51.169 - - [09/May/2026:17:18:18 +0530] "GET /storage/profile_photos/1777966672_69f99e50363f8.jpg HTTP/1.1" 403 6659 "-" "Dart/3.10 (dart:io)"
103.27.51.169 - - [09/May/2026:17:18:20 +0530] "GET /storage/profile_photos/1777966672_69f99e50363f8.jpg HTTP/1.1" 403 6659 "-" "Dart/3.10 (dart:io)"
103.27.51.169 - - [09/May/2026:17:18:21 +0530] "GET /storage/profile_photos/1777966672_69f99e50363f8.jpg HTTP/1.1" 403 6659 "-" "Dart/3.10 (dart:io)"
103.27.51.169 - - [09/May/2026:17:18:22 +0530] "GET /storage/profile_photos/1777966672_69f99e50363f8.jpg HTTP/1.1" 403 6659 "-" "Dart/3.10 (dart:io)"
103.27.51.169 - - [09/May/2026:17:18:23 +0530] "GET /api/states HTTP/1.1" 200 201 "-" "Dart/3.10 (dart:io)"
103.27.51.169 - - [09/May/2026:17:18:23 +0530] "GET /api/cities HTTP/1.1" 200 4821 "-" "Dart/3.10 (dart:io)"
103.27.51.169 - - [09/May/2026:17:18:23 +0530] "GET /api/districts HTTP/1.1" 200 1088 "-" "Dart/3.10 (dart:io)"
103.27.51.169 - - [09/May/2026:17:18:23 +0530] "GET /api/business-categories HTTP/1.1" 200 74204 "-" "Dart/3.10 (dart:io)"
171.61.21.61 - - [09/May/2026:17:18:50 +0530] "GET /admin/notifications HTTP/1.1" 200 1397 "http://bharatmatabackend.skilladders.com/admin/vendor-verifications/1" "Mozilla/5.0 (Windows NT 10.0; Win64; x64) AppleWebKit/537.36 (KHTML, like Gecko) Chrome/147.0.0.0 Safari/537.36"
171.61.21.61 - - [09/May/2026:17:18:50 +0530] "GET /admin/notifications HTTP/1.1" 200 1397 "http://bharatmatabackend.skilladders.com/admin/vendor-verifications/1" "Mozilla/5.0 (Windows NT 10.0; Win64; x64) AppleWebKit/537.36 (KHTML, like Gecko) Chrome/147.0.0.0 Safari/537.36"
171.61.21.61 - - [09/May/2026:17:19:01 +0530] "GET /admin/notifications HTTP/1.1" 200 1397 "http://bharatmatabackend.skilladders.com/admin/vendor-verifications/1" "Mozilla/5.0 (Windows NT 10.0; Win64; x64) AppleWebKit/537.36 (KHTML, like Gecko) Chrome/147.0.0.0 Safari/537.36"
171.61.21.61 - - [09/May/2026:17:19:11 +0530] "GET /admin/notifications HTTP/1.1" 200 1397 "http://bharatmatabackend.skilladders.com/admin/vendor-verifications/1" "Mozilla/5.0 (Windows NT 10.0; Win64; x64) AppleWebKit/537.36 (KHTML, like Gecko) Chrome/147.0.0.0 Safari/537.36"
103.27.51.169 - - [09/May/2026:17:19:18 +0530] "GET /api/v1/vendor/business/1/details HTTP/1.1" 200 609 "-" "Dart/3.10 (dart:io)"
171.61.21.61 - - [09/May/2026:17:19:21 +0530] "GET /admin/notifications HTTP/1.1" 200 1397 "http://bharatmatabackend.skilladders.com/admin/vendor-verifications/1" "Mozilla/5.0 (Windows NT 10.0; Win64; x64) AppleWebKit/537.36 (KHTML, like Gecko) Chrome/147.0.0.0 Safari/537.36"
103.27.51.169 - - [09/May/2026:17:19:29 +0530] "GET /api/v1/vendor/dashboard HTTP/1.1" 200 701 "-" "Dart/3.10 (dart:io)"
103.27.51.169 - - [09/May/2026:17:19:29 +0530] "GET /api/v1/vendor/profile HTTP/1.1" 200 1346 "-" "Dart/3.10 (dart:io)"
103.27.51.169 - - [09/May/2026:17:19:30 +0530] "GET /storage/profile_photos/1777966672_69f99e50363f8.jpg HTTP/1.1" 403 6659 "-" "Dart/3.10 (dart:io)"
171.61.21.61 - - [09/May/2026:17:19:31 +0530] "GET /admin/notifications HTTP/1.1" 200 1397 "http://bharatmatabackend.skilladders.com/admin/vendor-verifications/1" "Mozilla/5.0 (Windows NT 10.0; Win64; x64) AppleWebKit/537.36 (KHTML, like Gecko) Chrome/147.0.0.0 Safari/537.36"
103.27.51.169 - - [09/May/2026:17:19:31 +0530] "GET /storage/profile_photos/1777966672_69f99e50363f8.jpg HTTP/1.1" 403 6659 "-" "Dart/3.10 (dart:io)"
103.27.51.169 - - [09/May/2026:17:19:32 +0530] "GET /storage/profile_photos/1777966672_69f99e50363f8.jpg HTTP/1.1" 403 6659 "-" "Dart/3.10 (dart:io)"
103.27.51.169 - - [09/May/2026:17:19:33 +0530] "GET /storage/profile_photos/1777966672_69f99e50363f8.jpg HTTP/1.1" 403 6659 "-" "Dart/3.10 (dart:io)"
171.61.21.61 - - [09/May/2026:17:19:41 +0530] "GET /admin/notifications HTTP/1.1" 200 1397 "http://bharatmatabackend.skilladders.com/admin/vendor-verifications/1" "Mozilla/5.0 (Windows NT 10.0; Win64; x64) AppleWebKit/537.36 (KHTML, like Gecko) Chrome/147.0.0.0 Safari/537.36"
171.61.21.61 - - [09/May/2026:17:19:51 +0530] "GET /admin/notifications HTTP/1.1" 200 1397 "http://bharatmatabackend.skilladders.com/admin/vendor-verifications/1" "Mozilla/5.0 (Windows NT 10.0; Win64; x64) AppleWebKit/537.36 (KHTML, like Gecko) Chrome/147.0.0.0 Safari/537.36"
171.61.21.61 - - [09/May/2026:17:20:12 +0530] "GET /admin/notifications HTTP/1.1" 200 1397 "http://bharatmatabackend.skilladders.com/admin/vendor-verifications/1" "Mozilla/5.0 (Windows NT 10.0; Win64; x64) AppleWebKit/537.36 (KHTML, like Gecko) Chrome/147.0.0.0 Safari/537.36"
171.61.21.61 - - [09/May/2026:17:20:21 +0530] "GET /admin/notifications HTTP/1.1" 200 1397 "http://bharatmatabackend.skilladders.com/admin/vendor-verifications/1" "Mozilla/5.0 (Windows NT 10.0; Win64; x64) AppleWebKit/537.36 (KHTML, like Gecko) Chrome/147.0.0.0 Safari/537.36"
54.86.50.139 - - [09/May/2026:17:20:23 +0530] "GET /api/v1/vendor/profile HTTP/1.1" 401 73 "-" "PostmanRuntime/7.54.0"
171.61.21.61 - - [09/May/2026:17:20:31 +0530] "GET /admin/notifications HTTP/1.1" 200 1397 "http://bharatmatabackend.skilladders.com/admin/vendor-verifications/1" "Mozilla/5.0 (Windows NT 10.0; Win64; x64) AppleWebKit/537.36 (KHTML, like Gecko) Chrome/147.0.0.0 Safari/537.36"
54.86.50.139 - - [09/May/2026:17:20:33 +0530] "POST /api/v1/auth/login HTTP/1.1" 200 1122 "-" "PostmanRuntime/7.54.0"
171.61.21.61 - - [09/May/2026:17:20:41 +0530] "GET /admin/notifications HTTP/1.1" 200 1397 "http://bharatmatabackend.skilladders.com/admin/vendor-verifications/1" "Mozilla/5.0 (Windows NT 10.0; Win64; x64) AppleWebKit/537.36 (KHTML, like Gecko) Chrome/147.0.0.0 Safari/537.36"
171.61.21.61 - - [09/May/2026:17:20:51 +0530] "GET /admin/notifications HTTP/1.1" 200 1397 "http://bharatmatabackend.skilladders.com/admin/vendor-verifications/1" "Mozilla/5.0 (Windows NT 10.0; Win64; x64) AppleWebKit/537.36 (KHTML, like Gecko) Chrome/147.0.0.0 Safari/537.36"
54.86.50.139 - - [09/May/2026:17:20:58 +0530] "GET /api/v1/vendor/profile HTTP/1.1" 200 1346 "-" "PostmanRuntime/7.54.0"
171.61.21.61 - - [09/May/2026:17:21:01 +0530] "GET /admin/notifications HTTP/1.1" 200 1397 "http://bharatmatabackend.skilladders.com/admin/vendor-verifications/1" "Mozilla/5.0 (Windows NT 10.0; Win64; x64) AppleWebKit/537.36 (KHTML, like Gecko) Chrome/147.0.0.0 Safari/537.36"
171.61.21.61 - - [09/May/2026:17:21:11 +0530] "GET /admin/notifications HTTP/1.1" 200 1397 "http://bharatmatabackend.skilladders.com/admin/vendor-verifications/1" "Mozilla/5.0 (Windows NT 10.0; Win64; x64) AppleWebKit/537.36 (KHTML, like Gecko) Chrome/147.0.0.0 Safari/537.36"
171.61.21.61 - - [09/May/2026:17:22:12 +0530] "GET /admin/notifications HTTP/1.1" 200 1397 "http://bharatmatabackend.skilladders.com/admin/vendor-verifications/1" "Mozilla/5.0 (Windows NT 10.0; Win64; x64) AppleWebKit/537.36 (KHTML, like Gecko) Chrome/147.0.0.0 Safari/537.36"
171.61.21.61 - - [09/May/2026:17:23:13 +0530] "GET /admin/notifications HTTP/1.1" 200 1397 "http://bharatmatabackend.skilladders.com/admin/vendor-verifications/1" "Mozilla/5.0 (Windows NT 10.0; Win64; x64) AppleWebKit/537.36 (KHTML, like Gecko) Chrome/147.0.0.0 Safari/537.36"
103.27.51.169 - - [09/May/2026:17:24:01 +0530] "GET /storage/profile_photos/1777966672_69f99e50363f8.jpg HTTP/1.1" 403 6659 "-" "Dart/3.10 (dart:io)"
103.27.51.169 - - [09/May/2026:17:24:02 +0530] "GET /storage/profile_photos/1777966672_69f99e50363f8.jpg HTTP/1.1" 403 6659 "-" "Dart/3.10 (dart:io)"
171.61.21.61 - - [09/May/2026:17:24:15 +0530] "GET /admin/notifications HTTP/1.1" 200 1397 "http://bharatmatabackend.skilladders.com/admin/vendor-verifications/1" "Mozilla/5.0 (Windows NT 10.0; Win64; x64) AppleWebKit/537.36 (KHTML, like Gecko) Chrome/147.0.0.0 Safari/537.36"
103.27.51.169 - - [09/May/2026:17:24:52 +0530] "GET /storage/profile_photos/1777966672_69f99e50363f8.jpg HTTP/1.1" 403 6659 "-" "Dart/3.10 (dart:io)"
171.61.21.61 - - [09/May/2026:17:25:41 +0530] "GET /admin/notifications HTTP/1.1" 200 1397 "http://bharatmatabackend.skilladders.com/admin/vendor-verifications/1" "Mozilla/5.0 (Windows NT 10.0; Win64; x64) AppleWebKit/537.36 (KHTML, like Gecko) Chrome/147.0.0.0 Safari/537.36"
103.27.51.169 - - [09/May/2026:17:27:50 +0530] "GET /storage/profile_photos/1777966672_69f99e50363f8.jpg HTTP/1.1" 403 6659 "-" "Dart/3.10 (dart:io)"
103.27.51.169 - - [09/May/2026:17:28:14 +0530] "GET /storage/profile_photos/1777966672_69f99e50363f8.jpg HTTP/1.1" 403 6659 "-" "Dart/3.10 (dart:io)"
103.27.51.169 - - [09/May/2026:17:28:15 +0530] "GET /storage/profile_photos/1777966672_69f99e50363f8.jpg HTTP/1.1" 403 6659 "-" "Dart/3.10 (dart:io)"
103.27.51.169 - - [09/May/2026:17:28:52 +0530] "GET /storage/profile_photos/1777966672_69f99e50363f8.jpg HTTP/1.1" 403 6659 "-" "Dart/3.10 (dart:io)"
103.27.51.169 - - [09/May/2026:17:48:16 +0530] "GET /api/v1/vendor/business/1/details HTTP/1.1" 200 609 "-" "Dart/3.10 (dart:io)"
103.27.51.169 - - [09/May/2026:17:48:27 +0530] "GET /api/v1/vendor/profile HTTP/1.1" 200 1346 "-" "Dart/3.10 (dart:io)"
103.27.51.169 - - [09/May/2026:17:48:27 +0530] "GET /api/v1/vendor/dashboard HTTP/1.1" 200 701 "-" "Dart/3.10 (dart:io)"
103.27.51.169 - - [09/May/2026:17:48:29 +0530] "GET /storage/profile_photos/1777966672_69f99e50363f8.jpg HTTP/1.1" 403 6659 "-" "Dart/3.10 (dart:io)"
103.27.51.169 - - [09/May/2026:17:48:32 +0530] "GET /storage/profile_photos/1777966672_69f99e50363f8.jpg HTTP/1.1" 403 6659 "-" "Dart/3.10 (dart:io)"
103.27.51.169 - - [09/May/2026:17:48:32 +0530] "GET /storage/profile_photos/1777966672_69f99e50363f8.jpg HTTP/1.1" 403 6659 "-" "Dart/3.10 (dart:io)"
103.27.51.169 - - [09/May/2026:17:48:33 +0530] "GET /storage/profile_photos/1777966672_69f99e50363f8.jpg HTTP/1.1" 403 6659 "-" "Dart/3.10 (dart:io)"
103.27.51.169 - - [09/May/2026:17:48:38 +0530] "GET /storage/profile_photos/1777966672_69f99e50363f8.jpg HTTP/1.1" 403 6659 "-" "Dart/3.10 (dart:io)"
103.27.51.169 - - [09/May/2026:17:49:17 +0530] "GET /storage/profile_photos/1777966672_69f99e50363f8.jpg HTTP/1.1" 403 6659 "-" "Dart/3.10 (dart:io)"
103.27.51.169 - - [09/May/2026:17:49:29 +0530] "GET /storage/profile_photos/1777966672_69f99e50363f8.jpg HTTP/1.1" 403 6659 "-" "Dart/3.10 (dart:io)"
103.27.51.169 - - [09/May/2026:17:49:33 +0530] "GET /storage/profile_photos/1777966672_69f99e50363f8.jpg HTTP/1.1" 403 6659 "-" "Dart/3.10 (dart:io)"
103.27.51.169 - - [09/May/2026:17:50:19 +0530] "GET /storage/profile_photos/1777966672_69f99e50363f8.jpg HTTP/1.1" 403 6659 "-" "Dart/3.10 (dart:io)"
103.27.51.169 - - [09/May/2026:17:50:25 +0530] "GET /storage/profile_photos/1777966672_69f99e50363f8.jpg HTTP/1.1" 403 6659 "-" "Dart/3.10 (dart:io)"
103.27.51.169 - - [09/May/2026:17:50:26 +0530] "GET /storage/profile_photos/1777966672_69f99e50363f8.jpg HTTP/1.1" 403 6659 "-" "Dart/3.10 (dart:io)"
103.27.51.169 - - [09/May/2026:17:52:27 +0530] "GET /api/v1/vendor/business/1/details HTTP/1.1" 200 609 "-" "Dart/3.10 (dart:io)"
103.27.51.169 - - [09/May/2026:17:52:39 +0530] "GET /api/v1/vendor/dashboard HTTP/1.1" 200 701 "-" "Dart/3.10 (dart:io)"
103.27.51.169 - - [09/May/2026:17:52:39 +0530] "GET /api/v1/vendor/profile HTTP/1.1" 200 1346 "-" "Dart/3.10 (dart:io)"
103.27.51.169 - - [09/May/2026:17:52:40 +0530] "GET /storage/profile_photos/1777966672_69f99e50363f8.jpg HTTP/1.1" 403 6659 "-" "Dart/3.10 (dart:io)"
103.27.51.169 - - [09/May/2026:17:52:41 +0530] "GET /storage/profile_photos/1777966672_69f99e50363f8.jpg HTTP/1.1" 403 6659 "-" "Dart/3.10 (dart:io)"
103.27.51.169 - - [09/May/2026:17:52:41 +0530] "GET /storage/profile_photos/1777966672_69f99e50363f8.jpg HTTP/1.1" 403 6659 "-" "Dart/3.10 (dart:io)"
103.27.51.169 - - [09/May/2026:17:52:42 +0530] "GET /storage/profile_photos/1777966672_69f99e50363f8.jpg HTTP/1.1" 403 6659 "-" "Dart/3.10 (dart:io)"
103.27.51.169 - - [09/May/2026:17:52:43 +0530] "GET /storage/profile_photos/1777966672_69f99e50363f8.jpg HTTP/1.1" 403 6659 "-" "Dart/3.10 (dart:io)"
103.27.51.169 - - [09/May/2026:17:52:43 +0530] "GET /storage/profile_photos/1777966672_69f99e50363f8.jpg HTTP/1.1" 403 6659 "-" "Dart/3.10 (dart:io)"
103.27.51.169 - - [09/May/2026:17:52:44 +0530] "GET /storage/profile_photos/1777966672_69f99e50363f8.jpg HTTP/1.1" 403 6659 "-" "Dart/3.10 (dart:io)"
103.27.51.169 - - [09/May/2026:17:52:44 +0530] "GET /storage/profile_photos/1777966672_69f99e50363f8.jpg HTTP/1.1" 403 6659 "-" "Dart/3.10 (dart:io)"
103.27.51.169 - - [09/May/2026:17:52:54 +0530] "GET /api/v1/vendor/business/1/details HTTP/1.1" 200 609 "-" "Dart/3.10 (dart:io)"
103.27.51.169 - - [09/May/2026:17:53:37 +0530] "GET /api/v1/vendor/dashboard HTTP/1.1" 200 701 "-" "Dart/3.10 (dart:io)"
103.27.51.169 - - [09/May/2026:17:53:37 +0530] "GET /api/v1/vendor/profile HTTP/1.1" 200 1346 "-" "Dart/3.10 (dart:io)"
103.27.51.169 - - [09/May/2026:17:53:38 +0530] "GET /storage/profile_photos/1777966672_69f99e50363f8.jpg HTTP/1.1" 403 6659 "-" "Dart/3.10 (dart:io)"
103.27.51.169 - - [09/May/2026:17:53:39 +0530] "GET /storage/profile_photos/1777966672_69f99e50363f8.jpg HTTP/1.1" 403 6659 "-" "Dart/3.10 (dart:io)"
103.27.51.169 - - [09/May/2026:17:53:40 +0530] "GET /storage/profile_photos/1777966672_69f99e50363f8.jpg HTTP/1.1" 403 6659 "-" "Dart/3.10 (dart:io)"
103.27.51.169 - - [09/May/2026:17:53:40 +0530] "GET /storage/profile_photos/1777966672_69f99e50363f8.jpg HTTP/1.1" 403 6659 "-" "Dart/3.10 (dart:io)"
103.27.51.169 - - [09/May/2026:17:53:41 +0530] "GET /storage/profile_photos/1777966672_69f99e50363f8.jpg HTTP/1.1" 403 6659 "-" "Dart/3.10 (dart:io)"
103.27.51.169 - - [09/May/2026:17:53:42 +0530] "GET /storage/profile_photos/1777966672_69f99e50363f8.jpg HTTP/1.1" 403 6659 "-" "Dart/3.10 (dart:io)"
103.27.51.169 - - [09/May/2026:17:53:43 +0530] "GET /storage/profile_photos/1777966672_69f99e50363f8.jpg HTTP/1.1" 403 6659 "-" "Dart/3.10 (dart:io)"
103.27.51.169 - - [09/May/2026:17:53:45 +0530] "GET /storage/profile_photos/1777966672_69f99e50363f8.jpg HTTP/1.1" 403 6659 "-" "Dart/3.10 (dart:io)"
103.27.51.169 - - [09/May/2026:17:54:54 +0530] "GET /storage/profile_photos/1777966672_69f99e50363f8.jpg HTTP/1.1" 403 6659 "-" "Dart/3.10 (dart:io)"
103.27.51.169 - - [09/May/2026:17:55:22 +0530] "GET /storage/profile_photos/1777966672_69f99e50363f8.jpg HTTP/1.1" 403 6659 "-" "Dart/3.10 (dart:io)"
103.27.51.169 - - [09/May/2026:17:55:24 +0530] "GET /storage/profile_photos/1777966672_69f99e50363f8.jpg HTTP/1.1" 403 6659 "-" "Dart/3.10 (dart:io)"
103.27.51.169 - - [09/May/2026:17:55:24 +0530] "GET /storage/profile_photos/1777966672_69f99e50363f8.jpg HTTP/1.1" 403 6659 "-" "Dart/3.10 (dart:io)"
103.27.51.169 - - [09/May/2026:17:55:25 +0530] "GET /storage/profile_photos/1777966672_69f99e50363f8.jpg HTTP/1.1" 403 6659 "-" "Dart/3.10 (dart:io)"
103.27.51.169 - - [09/May/2026:17:55:25 +0530] "GET /storage/profile_photos/1777966672_69f99e50363f8.jpg HTTP/1.1" 403 6659 "-" "Dart/3.10 (dart:io)"
103.27.51.169 - - [09/May/2026:17:55:28 +0530] "GET /api/v1/vendor/business/1/details HTTP/1.1" 200 609 "-" "Dart/3.10 (dart:io)"
103.27.51.169 - - [09/May/2026:17:56:10 +0530] "GET /api/v1/vendor/dashboard HTTP/1.1" 200 701 "-" "Dart/3.10 (dart:io)"
103.27.51.169 - - [09/May/2026:17:56:10 +0530] "GET /api/v1/vendor/profile HTTP/1.1" 200 1346 "-" "Dart/3.10 (dart:io)"
103.27.51.169 - - [09/May/2026:17:56:15 +0530] "GET /storage/profile_photos/1777966672_69f99e50363f8.jpg HTTP/1.1" 403 6659 "-" "Dart/3.10 (dart:io)"
103.27.51.169 - - [09/May/2026:17:56:22 +0530] "GET /storage/profile_photos/1777966672_69f99e50363f8.jpg HTTP/1.1" 403 6659 "-" "Dart/3.10 (dart:io)"
103.27.51.169 - - [09/May/2026:17:56:25 +0530] "GET /api/states HTTP/1.1" 200 201 "-" "Dart/3.10 (dart:io)"
103.27.51.169 - - [09/May/2026:17:56:25 +0530] "GET /api/cities HTTP/1.1" 200 4821 "-" "Dart/3.10 (dart:io)"
103.27.51.169 - - [09/May/2026:17:56:25 +0530] "GET /api/districts HTTP/1.1" 200 1088 "-" "Dart/3.10 (dart:io)"
103.27.51.169 - - [09/May/2026:17:56:25 +0530] "GET /api/business-categories HTTP/1.1" 200 74204 "-" "Dart/3.10 (dart:io)"
103.27.51.169 - - [09/May/2026:17:58:02 +0530] "GET /api/categories/49/sub-categories HTTP/1.1" 200 26 "-" "Dart/3.10 (dart:io)"
103.27.51.169 - - [09/May/2026:17:58:12 +0530] "GET /api/categories/104/sub-categories HTTP/1.1" 200 892 "-" "Dart/3.10 (dart:io)"
103.27.51.169 - - [09/May/2026:17:58:17 +0530] "POST /api/v1/vendor/business/register HTTP/1.1" 200 542 "-" "Dart/3.10 (dart:io)"
103.27.51.169 - - [09/May/2026:17:59:43 +0530] "GET /api/v1/vendor/business/4/details HTTP/1.1" 200 340 "-" "Dart/3.10 (dart:io)"
103.27.51.169 - - [09/May/2026:17:59:47 +0530] "GET /api/v1/vendor/profile HTTP/1.1" 200 1568 "-" "Dart/3.10 (dart:io)"
103.27.51.169 - - [09/May/2026:17:59:46 +0530] "GET /api/v1/vendor/dashboard HTTP/1.1" 200 838 "-" "Dart/3.10 (dart:io)"
103.27.51.169 - - [09/May/2026:17:59:49 +0530] "GET /storage/profile_photos/1777966672_69f99e50363f8.jpg HTTP/1.1" 403 6659 "-" "Dart/3.10 (dart:io)"
103.27.51.169 - - [09/May/2026:17:59:52 +0530] "GET /api/v1/vendor/business/4/details HTTP/1.1" 200 340 "-" "Dart/3.10 (dart:io)"
103.27.51.169 - - [09/May/2026:18:00:38 +0530] "GET /api/v1/vendor/profile HTTP/1.1" 200 1568 "-" "Dart/3.10 (dart:io)"
103.27.51.169 - - [09/May/2026:18:00:38 +0530] "GET /api/v1/vendor/dashboard HTTP/1.1" 200 838 "-" "Dart/3.10 (dart:io)"
103.27.51.169 - - [09/May/2026:18:00:39 +0530] "GET /storage/profile_photos/1777966672_69f99e50363f8.jpg HTTP/1.1" 403 6659 "-" "Dart/3.10 (dart:io)"
103.27.51.169 - - [09/May/2026:18:00:39 +0530] "GET /storage/profile_photos/1777966672_69f99e50363f8.jpg HTTP/1.1" 403 6659 "-" "Dart/3.10 (dart:io)"
103.27.51.169 - - [09/May/2026:18:00:47 +0530] "GET /storage/profile_photos/1777966672_69f99e50363f8.jpg HTTP/1.1" 403 6659 "-" "Dart/3.10 (dart:io)"
103.27.51.169 - - [09/May/2026:18:00:48 +0530] "GET /storage/profile_photos/1777966672_69f99e50363f8.jpg HTTP/1.1" 403 6659 "-" "Dart/3.10 (dart:io)"
103.27.51.169 - - [09/May/2026:18:00:48 +0530] "GET /storage/profile_photos/1777966672_69f99e50363f8.jpg HTTP/1.1" 403 6659 "-" "Dart/3.10 (dart:io)"
103.27.51.169 - - [09/May/2026:18:00:50 +0530] "GET /storage/profile_photos/1777966672_69f99e50363f8.jpg HTTP/1.1" 403 6659 "-" "Dart/3.10 (dart:io)"
103.27.51.169 - - [09/May/2026:18:00:51 +0530] "GET /storage/profile_photos/1777966672_69f99e50363f8.jpg HTTP/1.1" 403 6659 "-" "Dart/3.10 (dart:io)"
103.27.51.169 - - [09/May/2026:18:00:52 +0530] "GET /storage/profile_photos/1777966672_69f99e50363f8.jpg HTTP/1.1" 403 6659 "-" "Dart/3.10 (dart:io)"
103.27.51.169 - - [09/May/2026:18:00:53 +0530] "GET /storage/profile_photos/1777966672_69f99e50363f8.jpg HTTP/1.1" 403 6659 "-" "Dart/3.10 (dart:io)"
103.27.51.169 - - [09/May/2026:18:00:56 +0530] "GET /storage/profile_photos/1777966672_69f99e50363f8.jpg HTTP/1.1" 403 6659 "-" "Dart/3.10 (dart:io)"
103.27.51.169 - - [09/May/2026:18:01:21 +0530] "GET /storage/vendor/logos/OGeDEwk8jWAnSgwXidCoOPHSHRzuaEViiHOawvE4.jpg HTTP/1.1" 403 6659 "-" "Dart/3.10 (dart:io)"
103.27.51.169 - - [09/May/2026:18:01:21 +0530] "GET /storage/profile_photos/1777966672_69f99e50363f8.jpg HTTP/1.1" 403 6659 "-" "Dart/3.10 (dart:io)"
103.27.51.169 - - [09/May/2026:18:01:21 +0530] "GET /storage/vendor/logos/vsvbgs1u2hbsF1JKLHwiR8ajiu18zb4wEjknAHtC.jpg HTTP/1.1" 403 6659 "-" "Dart/3.10 (dart:io)"
103.27.51.169 - - [09/May/2026:18:01:42 +0530] "GET /api/v1/vendor/business/4/details HTTP/1.1" 200 340 "-" "Dart/3.10 (dart:io)"
103.27.51.169 - - [09/May/2026:18:01:43 +0530] "GET /api/v1/vendor/profile HTTP/1.1" 200 1568 "-" "Dart/3.10 (dart:io)"
103.27.51.169 - - [09/May/2026:18:01:44 +0530] "GET /api/v1/vendor/dashboard HTTP/1.1" 200 838 "-" "Dart/3.10 (dart:io)"
103.27.51.169 - - [09/May/2026:18:01:47 +0530] "GET /storage/profile_photos/1777966672_69f99e50363f8.jpg HTTP/1.1" 403 6659 "-" "Dart/3.10 (dart:io)"
171.61.21.61 - - [09/May/2026:18:03:29 +0530] "GET /admin/notifications HTTP/1.1" 200 1397 "http://bharatmatabackend.skilladders.com/admin/vendor-verifications/1" "Mozilla/5.0 (Windows NT 10.0; Win64; x64) AppleWebKit/537.36 (KHTML, like Gecko) Chrome/147.0.0.0 Safari/537.36"
171.61.21.61 - - [09/May/2026:18:04:20 +0530] "GET /admin/notifications HTTP/1.1" 200 1397 "http://bharatmatabackend.skilladders.com/admin/vendor-verifications/1" "Mozilla/5.0 (Windows NT 10.0; Win64; x64) AppleWebKit/537.36 (KHTML, like Gecko) Chrome/147.0.0.0 Safari/537.36"
171.61.21.61 - - [09/May/2026:18:05:20 +0530] "GET /admin/notifications HTTP/1.1" 200 1397 "http://bharatmatabackend.skilladders.com/admin/vendor-verifications/1" "Mozilla/5.0 (Windows NT 10.0; Win64; x64) AppleWebKit/537.36 (KHTML, like Gecko) Chrome/147.0.0.0 Safari/537.36"
171.61.21.61 - - [09/May/2026:18:06:20 +0530] "GET /admin/notifications HTTP/1.1" 200 1397 "http://bharatmatabackend.skilladders.com/admin/vendor-verifications/1" "Mozilla/5.0 (Windows NT 10.0; Win64; x64) AppleWebKit/537.36 (KHTML, like Gecko) Chrome/147.0.0.0 Safari/537.36"
171.61.21.61 - - [09/May/2026:18:07:20 +0530] "GET /admin/notifications HTTP/1.1" 200 1397 "http://bharatmatabackend.skilladders.com/admin/vendor-verifications/1" "Mozilla/5.0 (Windows NT 10.0; Win64; x64) AppleWebKit/537.36 (KHTML, like Gecko) Chrome/147.0.0.0 Safari/537.36"
171.61.21.61 - - [09/May/2026:18:08:20 +0530] "GET /admin/notifications HTTP/1.1" 200 1397 "http://bharatmatabackend.skilladders.com/admin/vendor-verifications/1" "Mozilla/5.0 (Windows NT 10.0; Win64; x64) AppleWebKit/537.36 (KHTML, like Gecko) Chrome/147.0.0.0 Safari/537.36"
171.61.21.61 - - [09/May/2026:18:09:20 +0530] "GET /admin/notifications HTTP/1.1" 200 1397 "http://bharatmatabackend.skilladders.com/admin/vendor-verifications/1" "Mozilla/5.0 (Windows NT 10.0; Win64; x64) AppleWebKit/537.36 (KHTML, like Gecko) Chrome/147.0.0.0 Safari/537.36"
171.61.21.61 - - [09/May/2026:18:10:20 +0530] "GET /admin/notifications HTTP/1.1" 200 1397 "http://bharatmatabackend.skilladders.com/admin/vendor-verifications/1" "Mozilla/5.0 (Windows NT 10.0; Win64; x64) AppleWebKit/537.36 (KHTML, like Gecko) Chrome/147.0.0.0 Safari/537.36"
171.61.21.61 - - [09/May/2026:18:11:20 +0530] "GET /admin/notifications HTTP/1.1" 200 1397 "http://bharatmatabackend.skilladders.com/admin/vendor-verifications/1" "Mozilla/5.0 (Windows NT 10.0; Win64; x64) AppleWebKit/537.36 (KHTML, like Gecko) Chrome/147.0.0.0 Safari/537.36"
171.61.21.61 - - [09/May/2026:18:12:20 +0530] "GET /admin/notifications HTTP/1.1" 200 1397 "http://bharatmatabackend.skilladders.com/admin/vendor-verifications/1" "Mozilla/5.0 (Windows NT 10.0; Win64; x64) AppleWebKit/537.36 (KHTML, like Gecko) Chrome/147.0.0.0 Safari/537.36"
171.61.21.61 - - [09/May/2026:18:13:20 +0530] "GET /admin/notifications HTTP/1.1" 200 1397 "http://bharatmatabackend.skilladders.com/admin/vendor-verifications/1" "Mozilla/5.0 (Windows NT 10.0; Win64; x64) AppleWebKit/537.36 (KHTML, like Gecko) Chrome/147.0.0.0 Safari/537.36"
171.61.21.61 - - [09/May/2026:18:14:20 +0530] "GET /admin/notifications HTTP/1.1" 200 1397 "http://bharatmatabackend.skilladders.com/admin/vendor-verifications/1" "Mozilla/5.0 (Windows NT 10.0; Win64; x64) AppleWebKit/537.36 (KHTML, like Gecko) Chrome/147.0.0.0 Safari/537.36"
171.61.21.61 - - [09/May/2026:18:15:20 +0530] "GET /admin/notifications HTTP/1.1" 200 1397 "http://bharatmatabackend.skilladders.com/admin/vendor-verifications/1" "Mozilla/5.0 (Windows NT 10.0; Win64; x64) AppleWebKit/537.36 (KHTML, like Gecko) Chrome/147.0.0.0 Safari/537.36"
171.61.21.61 - - [09/May/2026:18:16:20 +0530] "GET /admin/notifications HTTP/1.1" 200 1397 "http://bharatmatabackend.skilladders.com/admin/vendor-verifications/1" "Mozilla/5.0 (Windows NT 10.0; Win64; x64) AppleWebKit/537.36 (KHTML, like Gecko) Chrome/147.0.0.0 Safari/537.36"
171.61.21.61 - - [09/May/2026:18:17:20 +0530] "GET /admin/notifications HTTP/1.1" 200 1397 "http://bharatmatabackend.skilladders.com/admin/vendor-verifications/1" "Mozilla/5.0 (Windows NT 10.0; Win64; x64) AppleWebKit/537.36 (KHTML, like Gecko) Chrome/147.0.0.0 Safari/537.36"
171.61.21.61 - - [09/May/2026:18:18:20 +0530] "GET /admin/notifications HTTP/1.1" 200 1397 "http://bharatmatabackend.skilladders.com/admin/vendor-verifications/1" "Mozilla/5.0 (Windows NT 10.0; Win64; x64) AppleWebKit/537.36 (KHTML, like Gecko) Chrome/147.0.0.0 Safari/537.36"
171.61.21.61 - - [09/May/2026:18:19:20 +0530] "GET /admin/notifications HTTP/1.1" 200 1397 "http://bharatmatabackend.skilladders.com/admin/vendor-verifications/1" "Mozilla/5.0 (Windows NT 10.0; Win64; x64) AppleWebKit/537.36 (KHTML, like Gecko) Chrome/147.0.0.0 Safari/537.36"
171.61.21.61 - - [09/May/2026:18:20:20 +0530] "GET /admin/notifications HTTP/1.1" 200 1397 "http://bharatmatabackend.skilladders.com/admin/vendor-verifications/1" "Mozilla/5.0 (Windows NT 10.0; Win64; x64) AppleWebKit/537.36 (KHTML, like Gecko) Chrome/147.0.0.0 Safari/537.36"
171.61.21.61 - - [09/May/2026:18:21:20 +0530] "GET /admin/notifications HTTP/1.1" 200 1397 "http://bharatmatabackend.skilladders.com/admin/vendor-verifications/1" "Mozilla/5.0 (Windows NT 10.0; Win64; x64) AppleWebKit/537.36 (KHTML, like Gecko) Chrome/147.0.0.0 Safari/537.36"
171.61.21.61 - - [09/May/2026:18:22:20 +0530] "GET /admin/notifications HTTP/1.1" 200 1397 "http://bharatmatabackend.skilladders.com/admin/vendor-verifications/1" "Mozilla/5.0 (Windows NT 10.0; Win64; x64) AppleWebKit/537.36 (KHTML, like Gecko) Chrome/147.0.0.0 Safari/537.36"
171.61.21.61 - - [09/May/2026:18:23:20 +0530] "GET /admin/notifications HTTP/1.1" 200 1397 "http://bharatmatabackend.skilladders.com/admin/vendor-verifications/1" "Mozilla/5.0 (Windows NT 10.0; Win64; x64) AppleWebKit/537.36 (KHTML, like Gecko) Chrome/147.0.0.0 Safari/537.36"
171.61.21.61 - - [09/May/2026:18:24:20 +0530] "GET /admin/notifications HTTP/1.1" 200 1397 "http://bharatmatabackend.skilladders.com/admin/vendor-verifications/1" "Mozilla/5.0 (Windows NT 10.0; Win64; x64) AppleWebKit/537.36 (KHTML, like Gecko) Chrome/147.0.0.0 Safari/537.36"
171.61.21.61 - - [09/May/2026:18:25:21 +0530] "GET /admin/notifications HTTP/1.1" 200 1397 "http://bharatmatabackend.skilladders.com/admin/vendor-verifications/1" "Mozilla/5.0 (Windows NT 10.0; Win64; x64) AppleWebKit/537.36 (KHTML, like Gecko) Chrome/147.0.0.0 Safari/537.36"
171.61.21.61 - - [09/May/2026:18:26:20 +0530] "GET /admin/notifications HTTP/1.1" 200 1397 "http://bharatmatabackend.skilladders.com/admin/vendor-verifications/1" "Mozilla/5.0 (Windows NT 10.0; Win64; x64) AppleWebKit/537.36 (KHTML, like Gecko) Chrome/147.0.0.0 Safari/537.36"
171.61.21.61 - - [09/May/2026:18:27:21 +0530] "GET /admin/notifications HTTP/1.1" 200 1397 "http://bharatmatabackend.skilladders.com/admin/vendor-verifications/1" "Mozilla/5.0 (Windows NT 10.0; Win64; x64) AppleWebKit/537.36 (KHTML, like Gecko) Chrome/147.0.0.0 Safari/537.36"
171.61.21.61 - - [09/May/2026:18:28:27 +0530] "GET /admin/notifications HTTP/1.1" 200 1397 "http://bharatmatabackend.skilladders.com/admin/vendor-verifications/1" "Mozilla/5.0 (Windows NT 10.0; Win64; x64) AppleWebKit/537.36 (KHTML, like Gecko) Chrome/147.0.0.0 Safari/537.36"
171.61.21.61 - - [09/May/2026:18:33:12 +0530] "GET /admin/notifications HTTP/1.1" 200 1397 "http://bharatmatabackend.skilladders.com/admin/vendor-verifications/1" "Mozilla/5.0 (Windows NT 10.0; Win64; x64) AppleWebKit/537.36 (KHTML, like Gecko) Chrome/147.0.0.0 Safari/537.36"
