44.212.106.171 - - [18/May/2026:20:16:17 +0530] "GET /app.neozaar.skilladders.com/x-cp-aCvEjuho.php?fileloc=//usr/share/zoneinfo/Etc/GMT&path=//usr/share/zoneinfo/Etc HTTP/1.1" 200 12518 "-" "Mozilla/5.0 AppleWebKit/537.36 (KHTML, like Gecko; compatible; Amazonbot/0.1; +https://developer.amazon.com/support/amazonbot) Chrome/119.0.6045.214 Safari/537.36"
51.77.216.212 - - [18/May/2026:20:16:19 +0530] "GET /neozaarbackend.skilladders.com/x-cp-tNJW7fEH.php?path=/home/durgeshpandey215/.spamassassin HTTP/1.1" 404 - "-" "Mozilla/5.0 (compatible; MJ12bot/v1.4.8; http://mj12bot.com/)"
35.173.18.61 - - [18/May/2026:20:16:19 +0530] "GET /x-cp-2sOv7xoZ.php?fileloc=//etc/profile.d/which2.csh&path=//etc/profile.d HTTP/1.1" 404 - "-" "Mozilla/5.0 AppleWebKit/537.36 (KHTML, like Gecko; compatible; Amazonbot/0.1; +https://developer.amazon.com/support/amazonbot) Chrome/119.0.6045.214 Safari/537.36"
51.77.216.212 - - [18/May/2026:20:16:21 +0530] "GET /neozaarbackend.skilladders.com/x-cp-tNJW7fEH.php?path=/home/durgeshpandey215/.subaccounts HTTP/1.1" 404 - "-" "Mozilla/5.0 (compatible; MJ12bot/v1.4.8; http://mj12bot.com/)"
51.77.216.212 - - [18/May/2026:20:16:23 +0530] "GET /neozaarbackend.skilladders.com/x-cp-tNJW7fEH.php?path=/home/durgeshpandey215/.trash HTTP/1.1" 404 - "-" "Mozilla/5.0 (compatible; MJ12bot/v1.4.8; http://mj12bot.com/)"
34.194.233.48 - - [18/May/2026:20:16:24 +0530] "GET /x-cp-Nnu3UQSj.php?fileloc=//usr/share/pkgconfig/xcmiscproto.pc&path=//usr/share/pkgconfig HTTP/1.1" 404 - "-" "Mozilla/5.0 AppleWebKit/537.36 (KHTML, like Gecko; compatible; Amazonbot/0.1; +https://developer.amazon.com/support/amazonbot) Chrome/119.0.6045.214 Safari/537.36"
51.77.216.212 - - [18/May/2026:20:16:25 +0530] "GET /neozaarbackend.skilladders.com/x-cp-tNJW7fEH.php?path=/home/durgeshpandey215/access-logs HTTP/1.1" 404 - "-" "Mozilla/5.0 (compatible; MJ12bot/v1.4.8; http://mj12bot.com/)"
51.77.216.212 - - [18/May/2026:20:16:27 +0530] "GET /neozaarbackend.skilladders.com/x-cp-tNJW7fEH.php?path=/home/durgeshpandey215/bin HTTP/1.1" 404 - "-" "Mozilla/5.0 (compatible; MJ12bot/v1.4.8; http://mj12bot.com/)"
34.227.234.246 - - [18/May/2026:20:16:27 +0530] "GET /x-cp-Nnu3UQSj.php?fileloc=//usr/include/linux/wait.h&path=//usr/include/linux HTTP/1.1" 404 - "-" "Mozilla/5.0 AppleWebKit/537.36 (KHTML, like Gecko; compatible; Amazonbot/0.1; +https://developer.amazon.com/support/amazonbot) Chrome/119.0.6045.214 Safari/537.36"
51.77.216.212 - - [18/May/2026:20:16:28 +0530] "GET /neozaarbackend.skilladders.com/x-cp-tNJW7fEH.php?path=/home/durgeshpandey215/etc HTTP/1.1" 404 - "-" "Mozilla/5.0 (compatible; MJ12bot/v1.4.8; http://mj12bot.com/)"
51.77.216.212 - - [18/May/2026:20:16:30 +0530] "GET /neozaarbackend.skilladders.com/x-cp-tNJW7fEH.php?path=/home/durgeshpandey215/logs HTTP/1.1" 404 - "-" "Mozilla/5.0 (compatible; MJ12bot/v1.4.8; http://mj12bot.com/)"
51.77.216.212 - - [18/May/2026:20:16:32 +0530] "GET /neozaarbackend.skilladders.com/x-cp-tNJW7fEH.php?path=/home/durgeshpandey215/mail HTTP/1.1" 404 - "-" "Mozilla/5.0 (compatible; MJ12bot/v1.4.8; http://mj12bot.com/)"
51.77.216.212 - - [18/May/2026:20:16:34 +0530] "GET /neozaarbackend.skilladders.com/x-cp-tNJW7fEH.php?path=/home/durgeshpandey215/perl5 HTTP/1.1" 404 - "-" "Mozilla/5.0 (compatible; MJ12bot/v1.4.8; http://mj12bot.com/)"
51.77.216.212 - - [18/May/2026:20:16:36 +0530] "GET /neozaarbackend.skilladders.com/x-cp-tNJW7fEH.php?path=/home/durgeshpandey215/php HTTP/1.1" 404 - "-" "Mozilla/5.0 (compatible; MJ12bot/v1.4.8; http://mj12bot.com/)"
44.215.61.66 - - [18/May/2026:20:16:36 +0530] "GET /x-cp-Qfhl3iro.php?fileloc=/home/durgeshpandey215/public_html/demokalyani.skilladders.com/node_modules/.bin/browserslist.ps1&path=/home/durgeshpandey215/public_html/demokalyani.skilladders.com/node_modules/.bin HTTP/1.1" 404 - "-" "Mozilla/5.0 AppleWebKit/537.36 (KHTML, like Gecko; compatible; Amazonbot/0.1; +https://developer.amazon.com/support/amazonbot) Chrome/119.0.6045.214 Safari/537.36"
51.77.216.212 - - [18/May/2026:20:16:37 +0530] "GET /neozaarbackend.skilladders.com/x-cp-tNJW7fEH.php?path=/home/durgeshpandey215/public_ftp HTTP/1.1" 404 - "-" "Mozilla/5.0 (compatible; MJ12bot/v1.4.8; http://mj12bot.com/)"
51.77.216.212 - - [18/May/2026:20:16:39 +0530] "GET /neozaarbackend.skilladders.com/x-cp-tNJW7fEH.php?path=/home/durgeshpandey215/public_html/.well-known HTTP/1.1" 404 - "-" "Mozilla/5.0 (compatible; MJ12bot/v1.4.8; http://mj12bot.com/)"
44.223.116.149 - - [18/May/2026:20:16:41 +0530] "GET /x-cp-2sOv7xoZ.php?fileloc=//lib64/libuser.so.1.5.0&path=//lib64 HTTP/1.1" 404 - "-" "Mozilla/5.0 AppleWebKit/537.36 (KHTML, like Gecko; compatible; Amazonbot/0.1; +https://developer.amazon.com/support/amazonbot) Chrome/119.0.6045.214 Safari/537.36"
51.77.216.212 - - [18/May/2026:20:16:41 +0530] "GET /neozaarbackend.skilladders.com/x-cp-tNJW7fEH.php?path=/home/durgeshpandey215/public_html/akinofoundation.skilladders.com HTTP/1.1" 404 - "-" "Mozilla/5.0 (compatible; MJ12bot/v1.4.8; http://mj12bot.com/)"
51.77.216.212 - - [18/May/2026:20:16:43 +0530] "GET /neozaarbackend.skilladders.com/x-cp-tNJW7fEH.php?path=/home/durgeshpandey215/public_html/almadina.skilladders.com HTTP/1.1" 404 - "-" "Mozilla/5.0 (compatible; MJ12bot/v1.4.8; http://mj12bot.com/)"
23.21.175.228 - - [18/May/2026:20:16:44 +0530] "GET /neozaarbackend.skilladders.com/x-cp-oqKqKmOA.php?fileloc=//lib64/libpq.so.5&path=//lib64 HTTP/1.1" 404 - "-" "Mozilla/5.0 AppleWebKit/537.36 (KHTML, like Gecko; compatible; Amazonbot/0.1; +https://developer.amazon.com/support/amazonbot) Chrome/119.0.6045.214 Safari/537.36"
52.204.253.129 - - [18/May/2026:20:16:43 +0530] "GET /app.neozaar.skilladders.com/x-cp-aCvEjuho.php?fileloc=//usr/sbin/losetup&path=//usr/sbin HTTP/1.1" 200 139481 "-" "Mozilla/5.0 AppleWebKit/537.36 (KHTML, like Gecko; compatible; Amazonbot/0.1; +https://developer.amazon.com/support/amazonbot) Chrome/119.0.6045.214 Safari/537.36"
51.77.216.212 - - [18/May/2026:20:16:45 +0530] "GET /neozaarbackend.skilladders.com/x-cp-tNJW7fEH.php?path=/home/durgeshpandey215/public_html/app.neozaar.skilladders.com HTTP/1.1" 404 - "-" "Mozilla/5.0 (compatible; MJ12bot/v1.4.8; http://mj12bot.com/)"
51.77.216.212 - - [18/May/2026:20:16:46 +0530] "GET /neozaarbackend.skilladders.com/x-cp-tNJW7fEH.php?path=/home/durgeshpandey215/public_html/archer.skilladders.com HTTP/1.1" 404 - "-" "Mozilla/5.0 (compatible; MJ12bot/v1.4.8; http://mj12bot.com/)"
3.231.193.38 - - [18/May/2026:20:16:47 +0530] "GET /x-cp-IkKkKC70.php?fileloc=//lib64/python2.7/mhlib.pyo&path=//lib64/python2.7 HTTP/1.1" 404 - "-" "Mozilla/5.0 AppleWebKit/537.36 (KHTML, like Gecko; compatible; Amazonbot/0.1; +https://developer.amazon.com/support/amazonbot) Chrome/119.0.6045.214 Safari/537.36"
51.77.216.212 - - [18/May/2026:20:16:48 +0530] "GET /neozaarbackend.skilladders.com/x-cp-tNJW7fEH.php?path=/home/durgeshpandey215/public_html/bharatmatabackend.skilladders.com HTTP/1.1" 404 - "-" "Mozilla/5.0 (compatible; MJ12bot/v1.4.8; http://mj12bot.com/)"
51.77.216.212 - - [18/May/2026:20:16:49 +0530] "GET /neozaarbackend.skilladders.com/x-cp-tNJW7fEH.php?path=/home/durgeshpandey215/public_html/demokalyani.skilladders.com HTTP/1.1" 404 - "-" "Mozilla/5.0 (compatible; MJ12bot/v1.4.8; http://mj12bot.com/)"
51.77.216.212 - - [18/May/2026:20:16:51 +0530] "GET /neozaarbackend.skilladders.com/x-cp-tNJW7fEH.php?path=/home/durgeshpandey215/public_html/demowhizzact.skilladders.com HTTP/1.1" 404 - "-" "Mozilla/5.0 (compatible; MJ12bot/v1.4.8; http://mj12bot.com/)"
51.77.216.212 - - [18/May/2026:20:16:53 +0530] "GET /neozaarbackend.skilladders.com/x-cp-tNJW7fEH.php?path=/home/durgeshpandey215/public_html/honest.skilladders.com HTTP/1.1" 404 - "-" "Mozilla/5.0 (compatible; MJ12bot/v1.4.8; http://mj12bot.com/)"
3.229.2.217 - - [18/May/2026:20:16:52 +0530] "GET /app.neozaar.skilladders.com/x-cp-J8Mq7QV6.php?path=//var/cache/man/local/cat5 HTTP/1.1" 200 12840 "-" "Mozilla/5.0 AppleWebKit/537.36 (KHTML, like Gecko; compatible; Amazonbot/0.1; +https://developer.amazon.com/support/amazonbot) Chrome/119.0.6045.214 Safari/537.36"
51.77.216.212 - - [18/May/2026:20:16:54 +0530] "GET /neozaarbackend.skilladders.com/x-cp-tNJW7fEH.php?path=/home/durgeshpandey215/public_html/ipsol.skilladders.com HTTP/1.1" 404 - "-" "Mozilla/5.0 (compatible; MJ12bot/v1.4.8; http://mj12bot.com/)"
51.77.216.212 - - [18/May/2026:20:16:56 +0530] "GET /neozaarbackend.skilladders.com/x-cp-tNJW7fEH.php?path=/home/durgeshpandey215/public_html/kalyanidashboard.skilladders.com HTTP/1.1" 404 - "-" "Mozilla/5.0 (compatible; MJ12bot/v1.4.8; http://mj12bot.com/)"
54.235.158.162 - - [18/May/2026:20:16:56 +0530] "GET /app.neozaar.skilladders.com/x-cp-AH6vjHMu.php?fileloc=//proc/1782/sched&path=//proc/1782 HTTP/1.1" 200 12291 "-" "Mozilla/5.0 AppleWebKit/537.36 (KHTML, like Gecko; compatible; Amazonbot/0.1; +https://developer.amazon.com/support/amazonbot) Chrome/119.0.6045.214 Safari/537.36"
51.77.216.212 - - [18/May/2026:20:16:58 +0530] "GET /neozaarbackend.skilladders.com/x-cp-tNJW7fEH.php?path=/home/durgeshpandey215/public_html/kanakfrontend.skilladders.com HTTP/1.1" 404 - "-" "Mozilla/5.0 (compatible; MJ12bot/v1.4.8; http://mj12bot.com/)"
51.77.216.212 - - [18/May/2026:20:17:00 +0530] "GET /neozaarbackend.skilladders.com/x-cp-tNJW7fEH.php?path=/home/durgeshpandey215/public_html/kanaksoftware.skilladders.com HTTP/1.1" 404 - "-" "Mozilla/5.0 (compatible; MJ12bot/v1.4.8; http://mj12bot.com/)"
51.77.216.212 - - [18/May/2026:20:17:01 +0530] "GET /neozaarbackend.skilladders.com/x-cp-tNJW7fEH.php?path=/home/durgeshpandey215/public_html/mykarma.skilladders.com HTTP/1.1" 404 - "-" "Mozilla/5.0 (compatible; MJ12bot/v1.4.8; http://mj12bot.com/)"
3.221.244.28 - - [18/May/2026:20:17:00 +0530] "GET /app.neozaar.skilladders.com/x-cp-FUn5rW5N.php?fileloc=//usr/sbin/ip6tables-restore&path=//usr/sbin HTTP/1.1" 200 148857 "-" "Mozilla/5.0 AppleWebKit/537.36 (KHTML, like Gecko; compatible; Amazonbot/0.1; +https://developer.amazon.com/support/amazonbot) Chrome/119.0.6045.214 Safari/537.36"
51.77.216.212 - - [18/May/2026:20:17:03 +0530] "GET /neozaarbackend.skilladders.com/x-cp-tNJW7fEH.php?path=/home/durgeshpandey215/public_html/neozaar.skilladders.com HTTP/1.1" 404 - "-" "Mozilla/5.0 (compatible; MJ12bot/v1.4.8; http://mj12bot.com/)"
34.231.77.232 - - [18/May/2026:20:17:04 +0530] "GET /x-cp-Qfhl3iro.php?fileloc=//usr/bin/grub2-kbdcomp&path=//usr/bin HTTP/1.1" 404 - "-" "Mozilla/5.0 AppleWebKit/537.36 (KHTML, like Gecko; compatible; Amazonbot/0.1; +https://developer.amazon.com/support/amazonbot) Chrome/119.0.6045.214 Safari/537.36"
51.77.216.212 - - [18/May/2026:20:17:05 +0530] "GET /neozaarbackend.skilladders.com/x-cp-tNJW7fEH.php?path=/home/durgeshpandey215/public_html/shineindia.skilladders.com HTTP/1.1" 404 - "-" "Mozilla/5.0 (compatible; MJ12bot/v1.4.8; http://mj12bot.com/)"
51.77.216.212 - - [18/May/2026:20:17:07 +0530] "GET /neozaarbackend.skilladders.com/x-cp-tNJW7fEH.php?path=/home/durgeshpandey215/public_html/shopifydeveloper.skilladders.com HTTP/1.1" 404 - "-" "Mozilla/5.0 (compatible; MJ12bot/v1.4.8; http://mj12bot.com/)"
98.82.40.168 - - [18/May/2026:20:17:08 +0530] "GET /x-cp-tZaG1m7E.php?fileloc=//proc/33/loginuid&path=//proc/33 HTTP/1.1" 404 - "-" "Mozilla/5.0 AppleWebKit/537.36 (KHTML, like Gecko; compatible; Amazonbot/0.1; +https://developer.amazon.com/support/amazonbot) Chrome/119.0.6045.214 Safari/537.36"
51.77.216.212 - - [18/May/2026:20:17:09 +0530] "GET /neozaarbackend.skilladders.com/x-cp-tNJW7fEH.php?path=/home/durgeshpandey215/public_html/shubhamnagari.skilladders.com HTTP/1.1" 404 - "-" "Mozilla/5.0 (compatible; MJ12bot/v1.4.8; http://mj12bot.com/)"
51.77.216.212 - - [18/May/2026:20:17:10 +0530] "GET /neozaarbackend.skilladders.com/x-cp-tNJW7fEH.php?path=/home/durgeshpandey215/public_html/spirevisibility.skilladders.com HTTP/1.1" 404 - "-" "Mozilla/5.0 (compatible; MJ12bot/v1.4.8; http://mj12bot.com/)"
18.209.201.119 - - [18/May/2026:20:17:12 +0530] "GET /neozaarbackend.skilladders.com/x-cp-ZveeL48y.php?path=//lib/kdump HTTP/1.1" 404 - "-" "Mozilla/5.0 AppleWebKit/537.36 (KHTML, like Gecko; compatible; Amazonbot/0.1; +https://developer.amazon.com/support/amazonbot) Chrome/119.0.6045.214 Safari/537.36"
51.77.216.212 - - [18/May/2026:20:17:12 +0530] "GET /neozaarbackend.skilladders.com/x-cp-tNJW7fEH.php?path=/home/durgeshpandey215/public_html/sssenterprice.skilladress.com HTTP/1.1" 404 - "-" "Mozilla/5.0 (compatible; MJ12bot/v1.4.8; http://mj12bot.com/)"
51.77.216.212 - - [18/May/2026:20:17:13 +0530] "GET /neozaarbackend.skilladders.com/x-cp-tNJW7fEH.php?path=/home/durgeshpandey215/public_html/subsidycrm HTTP/1.1" 404 - "-" "Mozilla/5.0 (compatible; MJ12bot/v1.4.8; http://mj12bot.com/)"
51.77.216.212 - - [18/May/2026:20:17:15 +0530] "GET /neozaarbackend.skilladders.com/x-cp-tNJW7fEH.php?path=/home/durgeshpandey215/public_html/tattooz.skilladders.com HTTP/1.1" 404 - "-" "Mozilla/5.0 (compatible; MJ12bot/v1.4.8; http://mj12bot.com/)"
51.77.216.212 - - [18/May/2026:20:17:17 +0530] "GET /neozaarbackend.skilladders.com/x-cp-tNJW7fEH.php?path=/home/durgeshpandey215/public_html/whizzact.skilladders.com HTTP/1.1" 404 - "-" "Mozilla/5.0 (compatible; MJ12bot/v1.4.8; http://mj12bot.com/)"
52.3.104.214 - - [18/May/2026:20:17:16 +0530] "GET /app.neozaar.skilladders.com/x-cp-F7CGiCxL.php?fileloc=//sbin/ipset&path=//sbin HTTP/1.1" 200 20799 "-" "Mozilla/5.0 AppleWebKit/537.36 (KHTML, like Gecko; compatible; Amazonbot/0.1; +https://developer.amazon.com/support/amazonbot) Chrome/119.0.6045.214 Safari/537.36"
51.77.216.212 - - [18/May/2026:20:17:18 +0530] "GET /neozaarbackend.skilladders.com/x-cp-tNJW7fEH.php?path=/home/durgeshpandey215/public_html/zeeroprice.skilladders.com HTTP/1.1" 404 - "-" "Mozilla/5.0 (compatible; MJ12bot/v1.4.8; http://mj12bot.com/)"
18.213.102.186 - - [18/May/2026:20:17:19 +0530] "GET /neozaarbackend.skilladders.com/x-cp-451N9s2T.php?fileloc=//sbin/showmount&path=//sbin HTTP/1.1" 404 - "-" "Mozilla/5.0 AppleWebKit/537.36 (KHTML, like Gecko; compatible; Amazonbot/0.1; +https://developer.amazon.com/support/amazonbot) Chrome/119.0.6045.214 Safari/537.36"
51.77.216.212 - - [18/May/2026:20:17:20 +0530] "GET /neozaarbackend.skilladders.com/x-cp-tNJW7fEH.php?path=/home/durgeshpandey215/ssl HTTP/1.1" 404 - "-" "Mozilla/5.0 (compatible; MJ12bot/v1.4.8; http://mj12bot.com/)"
51.77.216.212 - - [18/May/2026:20:17:22 +0530] "GET /neozaarbackend.skilladders.com/x-cp-tNJW7fEH.php?path=/home/durgeshpandey215/tmp HTTP/1.1" 404 - "-" "Mozilla/5.0 (compatible; MJ12bot/v1.4.8; http://mj12bot.com/)"
51.77.216.212 - - [18/May/2026:20:17:23 +0530] "GET /neozaarbackend.skilladders.com/x-cp-tNJW7fEH.php?path=/home/durgeshpandey215/www HTTP/1.1" 404 - "-" "Mozilla/5.0 (compatible; MJ12bot/v1.4.8; http://mj12bot.com/)"
44.205.120.22 - - [18/May/2026:20:17:25 +0530] "GET /x-cp-Nnu3UQSj.php?fileloc=//proc/272/autogroup&path=//proc/272 HTTP/1.1" 404 - "-" "Mozilla/5.0 AppleWebKit/537.36 (KHTML, like Gecko; compatible; Amazonbot/0.1; +https://developer.amazon.com/support/amazonbot) Chrome/119.0.6045.214 Safari/537.36"
51.77.216.212 - - [18/May/2026:20:17:25 +0530] "GET /neozaarbackend.skilladders.com/x-cp-xoZ0duZm.php?fileloc=/home/durgeshpandey215/.bash_history&path=/home/durgeshpandey215 HTTP/1.1" 404 - "-" "Mozilla/5.0 (compatible; MJ12bot/v1.4.8; http://mj12bot.com/)"
51.77.216.212 - - [18/May/2026:20:17:27 +0530] "GET /neozaarbackend.skilladders.com/x-cp-xoZ0duZm.php?fileloc=/home/durgeshpandey215/.bash_logout&path=/home/durgeshpandey215 HTTP/1.1" 404 - "-" "Mozilla/5.0 (compatible; MJ12bot/v1.4.8; http://mj12bot.com/)"
51.77.216.212 - - [18/May/2026:20:17:28 +0530] "GET /neozaarbackend.skilladders.com/x-cp-xoZ0duZm.php?fileloc=/home/durgeshpandey215/.bash_profile&path=/home/durgeshpandey215 HTTP/1.1" 404 - "-" "Mozilla/5.0 (compatible; MJ12bot/v1.4.8; http://mj12bot.com/)"
18.210.58.238 - - [18/May/2026:20:17:29 +0530] "GET /neozaarbackend.skilladders.com/x-cp-Q8r3QQ9j.php?fileloc=//sbin/quotacheck&path=//sbin HTTP/1.1" 404 - "-" "Mozilla/5.0 AppleWebKit/537.36 (KHTML, like Gecko; compatible; Amazonbot/0.1; +https://developer.amazon.com/support/amazonbot) Chrome/119.0.6045.214 Safari/537.36"
51.77.216.212 - - [18/May/2026:20:17:30 +0530] "GET /neozaarbackend.skilladders.com/x-cp-xoZ0duZm.php?fileloc=/home/durgeshpandey215/.bashrc&path=/home/durgeshpandey215 HTTP/1.1" 404 - "-" "Mozilla/5.0 (compatible; MJ12bot/v1.4.8; http://mj12bot.com/)"
51.77.216.212 - - [18/May/2026:20:17:32 +0530] "GET /neozaarbackend.skilladders.com/x-cp-xoZ0duZm.php?fileloc=/home/durgeshpandey215/.contactemail&path=/home/durgeshpandey215 HTTP/1.1" 404 - "-" "Mozilla/5.0 (compatible; MJ12bot/v1.4.8; http://mj12bot.com/)"
3.212.219.113 - - [18/May/2026:20:17:32 +0530] "GET /app.neozaar.skilladders.com/x-cp-AH6vjHMu.php?fileloc=/home/durgeshpandey215/public_html/zeeroprice.skilladders.com/subcategories.php&path=/home/durgeshpandey215/public_html/zeeroprice.skilladders.com HTTP/1.1" 200 14052 "-" "Mozilla/5.0 AppleWebKit/537.36 (KHTML, like Gecko; compatible; Amazonbot/0.1; +https://developer.amazon.com/support/amazonbot) Chrome/119.0.6045.214 Safari/537.36"
51.77.216.212 - - [18/May/2026:20:17:34 +0530] "GET /neozaarbackend.skilladders.com/x-cp-xoZ0duZm.php?fileloc=/home/durgeshpandey215/.lastlogin&path=/home/durgeshpandey215 HTTP/1.1" 404 - "-" "Mozilla/5.0 (compatible; MJ12bot/v1.4.8; http://mj12bot.com/)"
51.77.216.212 - - [18/May/2026:20:17:35 +0530] "GET /neozaarbackend.skilladders.com/x-cp-xoZ0duZm.php?fileloc=/home/durgeshpandey215/.pearrc&path=/home/durgeshpandey215 HTTP/1.1" 404 - "-" "Mozilla/5.0 (compatible; MJ12bot/v1.4.8; http://mj12bot.com/)"
107.20.224.184 - - [18/May/2026:20:17:36 +0530] "GET /app.neozaar.skilladders.com/x-cp-eev5TKsy.php?fileloc=//sbin/iprsos&path=//sbin HTTP/1.1" 200 14789 "-" "Mozilla/5.0 AppleWebKit/537.36 (KHTML, like Gecko; compatible; Amazonbot/0.1; +https://developer.amazon.com/support/amazonbot) Chrome/119.0.6045.214 Safari/537.36"
51.77.216.212 - - [18/May/2026:20:17:37 +0530] "GET /neozaarbackend.skilladders.com/x-cp-xoZ0duZm.php?fileloc=/home/durgeshpandey215/.spamassassinboxenable&path=/home/durgeshpandey215 HTTP/1.1" 404 - "-" "Mozilla/5.0 (compatible; MJ12bot/v1.4.8; http://mj12bot.com/)"
51.77.216.212 - - [18/May/2026:20:17:39 +0530] "GET /neozaarbackend.skilladders.com/x-cp-xoZ0duZm.php?fileloc=/home/durgeshpandey215/.spamassassinenable&path=/home/durgeshpandey215 HTTP/1.1" 404 - "-" "Mozilla/5.0 (compatible; MJ12bot/v1.4.8; http://mj12bot.com/)"
51.77.216.212 - - [18/May/2026:20:17:40 +0530] "GET /neozaarbackend.skilladders.com/x-cp-xoZ0duZm.php?fileloc=/home/durgeshpandey215/.wp-toolkit-identifier&path=/home/durgeshpandey215 HTTP/1.1" 404 - "-" "Mozilla/5.0 (compatible; MJ12bot/v1.4.8; http://mj12bot.com/)"
98.82.63.147 - - [18/May/2026:20:17:41 +0530] "GET /app.neozaar.skilladders.com/x-cp-aCvEjuho.php?fileloc=//usr/share/zoneinfo/Europe/Sarajevo&path=//usr/share/zoneinfo/Europe HTTP/1.1" 200 15084 "-" "Mozilla/5.0 AppleWebKit/537.36 (KHTML, like Gecko; compatible; Amazonbot/0.1; +https://developer.amazon.com/support/amazonbot) Chrome/119.0.6045.214 Safari/537.36"
51.77.216.212 - - [18/May/2026:20:17:42 +0530] "GET /neozaarbackend.skilladders.com/x-cp-xoZ0duZm.php?fileloc=/home/durgeshpandey215/public_html/.cpanel-dcdata-qrfg.php&path=/home/durgeshpandey215/public_html HTTP/1.1" 404 - "-" "Mozilla/5.0 (compatible; MJ12bot/v1.4.8; http://mj12bot.com/)"
51.77.216.212 - - [18/May/2026:20:17:44 +0530] "GET /neozaarbackend.skilladders.com/x-cp-xoZ0duZm.php?fileloc=/home/durgeshpandey215/public_html/.htaccess&path=/home/durgeshpandey215/public_html HTTP/1.1" 404 - "-" "Mozilla/5.0 (compatible; MJ12bot/v1.4.8; http://mj12bot.com/)"
18.214.238.178 - - [18/May/2026:20:17:44 +0530] "GET /x-cp-Nnu3UQSj.php?fileloc=//sys/module/iptable_nat/srcversion&path=//sys/module/iptable_nat HTTP/1.1" 404 - "-" "Mozilla/5.0 AppleWebKit/537.36 (KHTML, like Gecko; compatible; Amazonbot/0.1; +https://developer.amazon.com/support/amazonbot) Chrome/119.0.6045.214 Safari/537.36"
51.77.216.212 - - [18/May/2026:20:17:45 +0530] "GET /neozaarbackend.skilladders.com/x-cp-xoZ0duZm.php?fileloc=/home/durgeshpandey215/public_html/ajbxuykm.php&path=/home/durgeshpandey215/public_html HTTP/1.1" 404 - "-" "Mozilla/5.0 (compatible; MJ12bot/v1.4.8; http://mj12bot.com/)"
51.77.216.212 - - [18/May/2026:20:17:47 +0530] "GET /neozaarbackend.skilladders.com/x-cp-xoZ0duZm.php?fileloc=/home/durgeshpandey215/public_html/backupgYKuIKp.php&path=/home/durgeshpandey215/public_html HTTP/1.1" 404 - "-" "Mozilla/5.0 (compatible; MJ12bot/v1.4.8; http://mj12bot.com/)"
51.77.216.212 - - [18/May/2026:20:17:49 +0530] "GET /neozaarbackend.skilladders.com/x-cp-xoZ0duZm.php?fileloc=/home/durgeshpandey215/public_html/bgqwbpot.php&path=/home/durgeshpandey215/public_html HTTP/1.1" 404 - "-" "Mozilla/5.0 (compatible; MJ12bot/v1.4.8; http://mj12bot.com/)"
52.45.194.165 - - [18/May/2026:20:17:50 +0530] "GET /x-cp-2sOv7xoZ.php?fileloc=//usr/lib64/libxmlrpc_server.so.3.32&path=//usr/lib64 HTTP/1.1" 404 - "-" "Mozilla/5.0 AppleWebKit/537.36 (KHTML, like Gecko; compatible; Amazonbot/0.1; +https://developer.amazon.com/support/amazonbot) Chrome/119.0.6045.214 Safari/537.36"
51.77.216.212 - - [18/May/2026:20:17:51 +0530] "GET /neozaarbackend.skilladders.com/x-cp-xoZ0duZm.php?fileloc=/home/durgeshpandey215/public_html/bseotwfy.php&path=/home/durgeshpandey215/public_html HTTP/1.1" 404 - "-" "Mozilla/5.0 (compatible; MJ12bot/v1.4.8; http://mj12bot.com/)"
3.226.34.98 - - [18/May/2026:20:17:52 +0530] "GET /x-cp-Qfhl3iro.php?fileloc=/home/durgeshpandey215/public_html/shineindia.skilladders.com/vendor/sebastian/global-state/README.md&path=/home/durgeshpandey215/public_html/shineindia.skilladders.com/vendor/sebastian/global-state HTTP/1.1" 404 - "-" "Mozilla/5.0 AppleWebKit/537.36 (KHTML, like Gecko; compatible; Amazonbot/0.1; +https://developer.amazon.com/support/amazonbot) Chrome/119.0.6045.214 Safari/537.36"
51.77.216.212 - - [18/May/2026:20:17:53 +0530] "GET /neozaarbackend.skilladders.com/x-cp-xoZ0duZm.php?fileloc=/home/durgeshpandey215/public_html/ipsol.skilladders.com-backup-march.zip&path=/home/durgeshpandey215/public_html HTTP/1.1" 404 - "-" "Mozilla/5.0 (compatible; MJ12bot/v1.4.8; http://mj12bot.com/)"
51.77.216.212 - - [18/May/2026:20:17:54 +0530] "GET /neozaarbackend.skilladders.com/x-cp-xoZ0duZm.php?fileloc=/home/durgeshpandey215/public_html/ipsol.skilladders.com.zip&path=/home/durgeshpandey215/public_html HTTP/1.1" 404 - "-" "Mozilla/5.0 (compatible; MJ12bot/v1.4.8; http://mj12bot.com/)"
52.0.41.164 - - [18/May/2026:20:17:56 +0530] "GET /x-cp-Qfhl3iro.php?path=/home/durgeshpandey215/tmp/webalizer/mykarma.skilladders.com HTTP/1.1" 404 - "-" "Mozilla/5.0 AppleWebKit/537.36 (KHTML, like Gecko; compatible; Amazonbot/0.1; +https://developer.amazon.com/support/amazonbot) Chrome/119.0.6045.214 Safari/537.36"
51.77.216.212 - - [18/May/2026:20:17:56 +0530] "GET /neozaarbackend.skilladders.com/x-cp-xoZ0duZm.php?fileloc=/home/durgeshpandey215/public_html/ipsol.skilladders.comBackup(25-03-2026).zip&path=/home/durgeshpandey215/public_html HTTP/1.1" 404 - "-" "Mozilla/5.0 (compatible; MJ12bot/v1.4.8; http://mj12bot.com/)"
51.77.216.212 - - [18/May/2026:20:17:57 +0530] "GET /neozaarbackend.skilladders.com/x-cp-xoZ0duZm.php?fileloc=/home/durgeshpandey215/public_html/ispdkjuw.php&path=/home/durgeshpandey215/public_html HTTP/1.1" 404 - "-" "Mozilla/5.0 (compatible; MJ12bot/v1.4.8; http://mj12bot.com/)"
51.77.216.212 - - [18/May/2026:20:17:59 +0530] "GET /neozaarbackend.skilladders.com/x-cp-xoZ0duZm.php?fileloc=/home/durgeshpandey215/public_html/kalyanidashboard.skilladders.com.zip&path=/home/durgeshpandey215/public_html HTTP/1.1" 404 - "-" "Mozilla/5.0 (compatible; MJ12bot/v1.4.8; http://mj12bot.com/)"
18.215.77.19 - - [18/May/2026:20:18:00 +0530] "GET /x-cp-tZaG1m7E.php?fileloc=/home/durgeshpandey215/public_html/sssenterprice.skilladress.com/node_modules/queue-microtask/README.md&path=/home/durgeshpandey215/public_html/sssenterprice.skilladress.com/node_modules/queue-microtask HTTP/1.1" 404 - "-" "Mozilla/5.0 AppleWebKit/537.36 (KHTML, like Gecko; compatible; Amazonbot/0.1; +https://developer.amazon.com/support/amazonbot) Chrome/119.0.6045.214 Safari/537.36"
51.77.216.212 - - [18/May/2026:20:18:01 +0530] "GET /neozaarbackend.skilladders.com/x-cp-xoZ0duZm.php?fileloc=/home/durgeshpandey215/public_html/kflykqyz.php&path=/home/durgeshpandey215/public_html HTTP/1.1" 404 - "-" "Mozilla/5.0 (compatible; MJ12bot/v1.4.8; http://mj12bot.com/)"
51.77.216.212 - - [18/May/2026:20:18:02 +0530] "GET /neozaarbackend.skilladders.com/x-cp-xoZ0duZm.php?fileloc=/home/durgeshpandey215/public_html/lakykxoc.php&path=/home/durgeshpandey215/public_html HTTP/1.1" 404 - "-" "Mozilla/5.0 (compatible; MJ12bot/v1.4.8; http://mj12bot.com/)"
54.87.95.7 - - [18/May/2026:20:18:04 +0530] "GET /x-cp-tZaG1m7E.php?fileloc=//usr/bin/comm&path=//usr/bin HTTP/1.1" 404 - "-" "Mozilla/5.0 AppleWebKit/537.36 (KHTML, like Gecko; compatible; Amazonbot/0.1; +https://developer.amazon.com/support/amazonbot) Chrome/119.0.6045.214 Safari/537.36"
51.77.216.212 - - [18/May/2026:20:18:04 +0530] "GET /neozaarbackend.skilladders.com/x-cp-xoZ0duZm.php?fileloc=/home/durgeshpandey215/public_html/nvyujyit.php&path=/home/durgeshpandey215/public_html HTTP/1.1" 404 - "-" "Mozilla/5.0 (compatible; MJ12bot/v1.4.8; http://mj12bot.com/)"
51.77.216.212 - - [18/May/2026:20:18:06 +0530] "GET /neozaarbackend.skilladders.com/x-cp-xoZ0duZm.php?fileloc=/home/durgeshpandey215/public_html/shubhamnagari.skilladders.com.zip&path=/home/durgeshpandey215/public_html HTTP/1.1" 404 - "-" "Mozilla/5.0 (compatible; MJ12bot/v1.4.8; http://mj12bot.com/)"
51.77.216.212 - - [18/May/2026:20:18:07 +0530] "GET /neozaarbackend.skilladders.com/x-cp-xoZ0duZm.php?fileloc=/home/durgeshpandey215/public_html/subsidycrm.zip&path=/home/durgeshpandey215/public_html HTTP/1.1" 404 - "-" "Mozilla/5.0 (compatible; MJ12bot/v1.4.8; http://mj12bot.com/)"
52.200.93.170 - - [18/May/2026:20:18:08 +0530] "GET /neozaarbackend.skilladders.com/x-cp-Q8r3QQ9j.php?fileloc=//bin/json_reformat&path=//bin HTTP/1.1" 404 - "-" "Mozilla/5.0 AppleWebKit/537.36 (KHTML, like Gecko; compatible; Amazonbot/0.1; +https://developer.amazon.com/support/amazonbot) Chrome/119.0.6045.214 Safari/537.36"
51.77.216.212 - - [18/May/2026:20:18:09 +0530] "GET /neozaarbackend.skilladders.com/x-cp-xoZ0duZm.php?fileloc=/home/durgeshpandey215/public_html/x-cp-2sOv7xoZ.php&path=/home/durgeshpandey215/public_html HTTP/1.1" 404 - "-" "Mozilla/5.0 (compatible; MJ12bot/v1.4.8; http://mj12bot.com/)"
51.77.216.212 - - [18/May/2026:20:18:11 +0530] "GET /neozaarbackend.skilladders.com/x-cp-xoZ0duZm.php?fileloc=/home/durgeshpandey215/public_html/x-cp-IkKkKC70.php&path=/home/durgeshpandey215/public_html HTTP/1.1" 404 - "-" "Mozilla/5.0 (compatible; MJ12bot/v1.4.8; http://mj12bot.com/)"
18.215.112.101 - - [18/May/2026:20:18:12 +0530] "GET /neozaarbackend.skilladders.com/x-cp-oqKqKmOA.php?path=//lib64/pkcs11 HTTP/1.1" 404 - "-" "Mozilla/5.0 AppleWebKit/537.36 (KHTML, like Gecko; compatible; Amazonbot/0.1; +https://developer.amazon.com/support/amazonbot) Chrome/119.0.6045.214 Safari/537.36"
51.77.216.212 - - [18/May/2026:20:18:13 +0530] "GET /neozaarbackend.skilladders.com/x-cp-xoZ0duZm.php?fileloc=/home/durgeshpandey215/public_html/x-cp-Nnu3UQSj.php&path=/home/durgeshpandey215/public_html HTTP/1.1" 404 - "-" "Mozilla/5.0 (compatible; MJ12bot/v1.4.8; http://mj12bot.com/)"
51.77.216.212 - - [18/May/2026:20:18:14 +0530] "GET /neozaarbackend.skilladders.com/x-cp-xoZ0duZm.php?fileloc=/home/durgeshpandey215/public_html/x-cp-Qfhl3iro.php&path=/home/durgeshpandey215/public_html HTTP/1.1" 404 - "-" "Mozilla/5.0 (compatible; MJ12bot/v1.4.8; http://mj12bot.com/)"
3.227.180.70 - - [18/May/2026:20:18:16 +0530] "GET /neozaarbackend.skilladders.com/x-cp-RnniEdLr.php?fileloc=//lib64/libhesiod.so.0&path=//lib64 HTTP/1.1" 404 - "-" "Mozilla/5.0 AppleWebKit/537.36 (KHTML, like Gecko; compatible; Amazonbot/0.1; +https://developer.amazon.com/support/amazonbot) Chrome/119.0.6045.214 Safari/537.36"
51.77.216.212 - - [18/May/2026:20:18:16 +0530] "GET /neozaarbackend.skilladders.com/x-cp-xoZ0duZm.php?fileloc=/home/durgeshpandey215/public_html/x-cp-ehjzQ8pq.php&path=/home/durgeshpandey215/public_html HTTP/1.1" 404 - "-" "Mozilla/5.0 (compatible; MJ12bot/v1.4.8; http://mj12bot.com/)"
51.77.216.212 - - [18/May/2026:20:18:18 +0530] "GET /neozaarbackend.skilladders.com/x-cp-xoZ0duZm.php?fileloc=/home/durgeshpandey215/public_html/x-cp-tZaG1m7E.php&path=/home/durgeshpandey215/public_html HTTP/1.1" 404 - "-" "Mozilla/5.0 (compatible; MJ12bot/v1.4.8; http://mj12bot.com/)"
51.77.216.212 - - [18/May/2026:20:18:19 +0530] "GET /neozaarbackend.skilladders.com/x-cp-xoZ0duZm.php?fileloc=/home/durgeshpandey215/public_html/zeeroprice.skilladders.com.zip&path=/home/durgeshpandey215/public_html HTTP/1.1" 404 - "-" "Mozilla/5.0 (compatible; MJ12bot/v1.4.8; http://mj12bot.com/)"
51.77.216.212 - - [18/May/2026:20:18:21 +0530] "GET /neozaarbackend.skilladders.com/x-cp-xoZ0duZm.php?path=/home/durgeshpandey215/.appdata HTTP/1.1" 404 - "-" "Mozilla/5.0 (compatible; MJ12bot/v1.4.8; http://mj12bot.com/)"
51.77.216.212 - - [18/May/2026:20:18:23 +0530] "GET /neozaarbackend.skilladders.com/x-cp-xoZ0duZm.php?path=/home/durgeshpandey215/.cache HTTP/1.1" 404 - "-" "Mozilla/5.0 (compatible; MJ12bot/v1.4.8; http://mj12bot.com/)"
107.20.25.33 - - [18/May/2026:20:18:23 +0530] "GET /neozaarbackend.skilladders.com/x-cp-oqKqKmOA.php?path=//proc/400 HTTP/1.1" 404 - "-" "Mozilla/5.0 AppleWebKit/537.36 (KHTML, like Gecko; compatible; Amazonbot/0.1; +https://developer.amazon.com/support/amazonbot) Chrome/119.0.6045.214 Safari/537.36"
51.77.216.212 - - [18/May/2026:20:18:25 +0530] "GET /neozaarbackend.skilladders.com/x-cp-xoZ0duZm.php?path=/home/durgeshpandey215/.cpanel HTTP/1.1" 404 - "-" "Mozilla/5.0 (compatible; MJ12bot/v1.4.8; http://mj12bot.com/)"
51.77.216.212 - - [18/May/2026:20:18:26 +0530] "GET /neozaarbackend.skilladders.com/x-cp-xoZ0duZm.php?path=/home/durgeshpandey215/.cphorde HTTP/1.1" 404 - "-" "Mozilla/5.0 (compatible; MJ12bot/v1.4.8; http://mj12bot.com/)"
51.77.216.212 - - [18/May/2026:20:18:28 +0530] "GET /neozaarbackend.skilladders.com/x-cp-xoZ0duZm.php?path=/home/durgeshpandey215/.htpasswds HTTP/1.1" 404 - "-" "Mozilla/5.0 (compatible; MJ12bot/v1.4.8; http://mj12bot.com/)"
98.84.70.201 - - [18/May/2026:20:18:28 +0530] "GET /app.neozaar.skilladders.com/x-cp-aCvEjuho.php?fileloc=//proc/29/status&path=//proc/29 HTTP/1.1" 200 13185 "-" "Mozilla/5.0 AppleWebKit/537.36 (KHTML, like Gecko; compatible; Amazonbot/0.1; +https://developer.amazon.com/support/amazonbot) Chrome/119.0.6045.214 Safari/537.36"
51.77.216.212 - - [18/May/2026:20:18:30 +0530] "GET /neozaarbackend.skilladders.com/x-cp-xoZ0duZm.php?path=/home/durgeshpandey215/.koality HTTP/1.1" 404 - "-" "Mozilla/5.0 (compatible; MJ12bot/v1.4.8; http://mj12bot.com/)"
51.77.216.212 - - [18/May/2026:20:18:32 +0530] "GET /neozaarbackend.skilladders.com/x-cp-xoZ0duZm.php?path=/home/durgeshpandey215/.razor HTTP/1.1" 404 - "-" "Mozilla/5.0 (compatible; MJ12bot/v1.4.8; http://mj12bot.com/)"
52.73.6.26 - - [18/May/2026:20:18:32 +0530] "GET /app.neozaar.skilladders.com/x-cp-Q34pb6G1.php?fileloc=//lib64/gconv/EBCDIC-AT-DE-A.so&path=//lib64/gconv HTTP/1.1" 200 27817 "-" "Mozilla/5.0 AppleWebKit/537.36 (KHTML, like Gecko; compatible; Amazonbot/0.1; +https://developer.amazon.com/support/amazonbot) Chrome/119.0.6045.214 Safari/537.36"
52.0.218.219 - - [18/May/2026:20:18:34 +0530] "GET /neozaarbackend.skilladders.com/x-cp-xoZ0duZm.php?path=//var/crash HTTP/1.1" 404 - "-" "Mozilla/5.0 AppleWebKit/537.36 (KHTML, like Gecko; compatible; Amazonbot/0.1; +https://developer.amazon.com/support/amazonbot) Chrome/119.0.6045.214 Safari/537.36"
51.77.216.212 - - [18/May/2026:20:18:34 +0530] "GET /neozaarbackend.skilladders.com/x-cp-xoZ0duZm.php?path=/home/durgeshpandey215/.spamassassin HTTP/1.1" 404 - "-" "Mozilla/5.0 (compatible; MJ12bot/v1.4.8; http://mj12bot.com/)"
51.77.216.212 - - [18/May/2026:20:18:36 +0530] "GET /neozaarbackend.skilladders.com/x-cp-xoZ0duZm.php?path=/home/durgeshpandey215/.subaccounts HTTP/1.1" 404 - "-" "Mozilla/5.0 (compatible; MJ12bot/v1.4.8; http://mj12bot.com/)"
51.77.216.212 - - [18/May/2026:20:18:37 +0530] "GET /neozaarbackend.skilladders.com/x-cp-xoZ0duZm.php?path=/home/durgeshpandey215/.trash HTTP/1.1" 404 - "-" "Mozilla/5.0 (compatible; MJ12bot/v1.4.8; http://mj12bot.com/)"
100.29.107.38 - - [18/May/2026:20:18:37 +0530] "GET /app.neozaar.skilladders.com/x-cp-6bsxcjbt.php?fileloc=//var/tmp/cfgxmhtyz&path=//var/tmp HTTP/1.1" 200 189500 "-" "Mozilla/5.0 AppleWebKit/537.36 (KHTML, like Gecko; compatible; Amazonbot/0.1; +https://developer.amazon.com/support/amazonbot) Chrome/119.0.6045.214 Safari/537.36"
51.77.216.212 - - [18/May/2026:20:18:39 +0530] "GET /neozaarbackend.skilladders.com/x-cp-xoZ0duZm.php?path=/home/durgeshpandey215/access-logs HTTP/1.1" 404 - "-" "Mozilla/5.0 (compatible; MJ12bot/v1.4.8; http://mj12bot.com/)"
23.20.178.124 - - [18/May/2026:20:18:40 +0530] "GET /neozaarbackend.skilladders.com/x-cp-RnniEdLr.php?fileloc=//usr/sbin/named&path=//usr/sbin HTTP/1.1" 404 - "-" "Mozilla/5.0 AppleWebKit/537.36 (KHTML, like Gecko; compatible; Amazonbot/0.1; +https://developer.amazon.com/support/amazonbot) Chrome/119.0.6045.214 Safari/537.36"
51.77.216.212 - - [18/May/2026:20:18:41 +0530] "GET /neozaarbackend.skilladders.com/x-cp-xoZ0duZm.php?path=/home/durgeshpandey215/bin HTTP/1.1" 404 - "-" "Mozilla/5.0 (compatible; MJ12bot/v1.4.8; http://mj12bot.com/)"
51.77.216.212 - - [18/May/2026:20:18:43 +0530] "GET /neozaarbackend.skilladders.com/x-cp-xoZ0duZm.php?path=/home/durgeshpandey215/etc HTTP/1.1" 404 - "-" "Mozilla/5.0 (compatible; MJ12bot/v1.4.8; http://mj12bot.com/)"
100.24.149.244 - - [18/May/2026:20:18:44 +0530] "GET /x-cp-tZaG1m7E.php?path=/home/durgeshpandey215/www/bharatmatabackend.skilladders.com/app/Helpers HTTP/1.1" 404 - "-" "Mozilla/5.0 AppleWebKit/537.36 (KHTML, like Gecko; compatible; Amazonbot/0.1; +https://developer.amazon.com/support/amazonbot) Chrome/119.0.6045.214 Safari/537.36"
51.77.216.212 - - [18/May/2026:20:18:44 +0530] "GET /neozaarbackend.skilladders.com/x-cp-xoZ0duZm.php?path=/home/durgeshpandey215/logs HTTP/1.1" 404 - "-" "Mozilla/5.0 (compatible; MJ12bot/v1.4.8; http://mj12bot.com/)"
51.77.216.212 - - [18/May/2026:20:18:46 +0530] "GET /neozaarbackend.skilladders.com/x-cp-xoZ0duZm.php?path=/home/durgeshpandey215/mail HTTP/1.1" 404 - "-" "Mozilla/5.0 (compatible; MJ12bot/v1.4.8; http://mj12bot.com/)"
51.77.216.212 - - [18/May/2026:20:18:48 +0530] "GET /neozaarbackend.skilladders.com/x-cp-xoZ0duZm.php?path=/home/durgeshpandey215/perl5 HTTP/1.1" 404 - "-" "Mozilla/5.0 (compatible; MJ12bot/v1.4.8; http://mj12bot.com/)"
3.94.157.25 - - [18/May/2026:20:18:48 +0530] "GET /app.neozaar.skilladders.com/x-cp-6bsxcjbt.php?fileloc=//proc/270/cmdline&path=//proc/270 HTTP/1.1" 200 12290 "-" "Mozilla/5.0 AppleWebKit/537.36 (KHTML, like Gecko; compatible; Amazonbot/0.1; +https://developer.amazon.com/support/amazonbot) Chrome/119.0.6045.214 Safari/537.36"
51.77.216.212 - - [18/May/2026:20:18:49 +0530] "GET /neozaarbackend.skilladders.com/x-cp-xoZ0duZm.php?path=/home/durgeshpandey215/php HTTP/1.1" 404 - "-" "Mozilla/5.0 (compatible; MJ12bot/v1.4.8; http://mj12bot.com/)"
51.77.216.212 - - [18/May/2026:20:18:51 +0530] "GET /neozaarbackend.skilladders.com/x-cp-xoZ0duZm.php?path=/home/durgeshpandey215/public_ftp HTTP/1.1" 404 - "-" "Mozilla/5.0 (compatible; MJ12bot/v1.4.8; http://mj12bot.com/)"
44.212.145.46 - - [18/May/2026:20:18:52 +0530] "GET /x-cp-2sOv7xoZ.php?fileloc=/home/durgeshpandey215/public_html/sssenterprice.skilladress.com/node_modules/postcss-import/README.md&path=/home/durgeshpandey215/public_html/sssenterprice.skilladress.com/node_modules/postcss-import HTTP/1.1" 404 - "-" "Mozilla/5.0 AppleWebKit/537.36 (KHTML, like Gecko; compatible; Amazonbot/0.1; +https://developer.amazon.com/support/amazonbot) Chrome/119.0.6045.214 Safari/537.36"
51.77.216.212 - - [18/May/2026:20:18:53 +0530] "GET /neozaarbackend.skilladders.com/x-cp-xoZ0duZm.php?path=/home/durgeshpandey215/public_html/.well-known HTTP/1.1" 404 - "-" "Mozilla/5.0 (compatible; MJ12bot/v1.4.8; http://mj12bot.com/)"
51.77.216.212 - - [18/May/2026:20:18:54 +0530] "GET /neozaarbackend.skilladders.com/x-cp-xoZ0duZm.php?path=/home/durgeshpandey215/public_html/akinofoundation.skilladders.com HTTP/1.1" 404 - "-" "Mozilla/5.0 (compatible; MJ12bot/v1.4.8; http://mj12bot.com/)"
51.77.216.212 - - [18/May/2026:20:18:56 +0530] "GET /neozaarbackend.skilladders.com/x-cp-xoZ0duZm.php?path=/home/durgeshpandey215/public_html/almadina.skilladders.com HTTP/1.1" 404 - "-" "Mozilla/5.0 (compatible; MJ12bot/v1.4.8; http://mj12bot.com/)"
44.223.193.255 - - [18/May/2026:20:18:56 +0530] "GET /app.neozaar.skilladders.com/x-cp-6bsxcjbt.php?fileloc=//sbin/ownership&path=//sbin HTTP/1.1" 200 31681 "-" "Mozilla/5.0 AppleWebKit/537.36 (KHTML, like Gecko; compatible; Amazonbot/0.1; +https://developer.amazon.com/support/amazonbot) Chrome/119.0.6045.214 Safari/537.36"
51.77.216.212 - - [18/May/2026:20:18:58 +0530] "GET /neozaarbackend.skilladders.com/x-cp-xoZ0duZm.php?path=/home/durgeshpandey215/public_html/app.neozaar.skilladders.com HTTP/1.1" 404 - "-" "Mozilla/5.0 (compatible; MJ12bot/v1.4.8; http://mj12bot.com/)"
51.77.216.212 - - [18/May/2026:20:19:00 +0530] "GET /neozaarbackend.skilladders.com/x-cp-xoZ0duZm.php?path=/home/durgeshpandey215/public_html/archer.skilladders.com HTTP/1.1" 404 - "-" "Mozilla/5.0 (compatible; MJ12bot/v1.4.8; http://mj12bot.com/)"
51.77.216.212 - - [18/May/2026:20:19:01 +0530] "GET /neozaarbackend.skilladders.com/x-cp-xoZ0duZm.php?path=/home/durgeshpandey215/public_html/bharatmatabackend.skilladders.com HTTP/1.1" 404 - "-" "Mozilla/5.0 (compatible; MJ12bot/v1.4.8; http://mj12bot.com/)"
51.77.216.212 - - [18/May/2026:20:19:03 +0530] "GET /neozaarbackend.skilladders.com/x-cp-xoZ0duZm.php?path=/home/durgeshpandey215/public_html/demokalyani.skilladders.com HTTP/1.1" 404 - "-" "Mozilla/5.0 (compatible; MJ12bot/v1.4.8; http://mj12bot.com/)"
54.92.171.106 - - [18/May/2026:20:19:03 +0530] "GET /x-cp-ehjzQ8pq.php?path=/home/durgeshpandey215/public_html/sssenterprice.skilladress.com/node_modules/reusify HTTP/1.1" 404 - "-" "Mozilla/5.0 AppleWebKit/537.36 (KHTML, like Gecko; compatible; Amazonbot/0.1; +https://developer.amazon.com/support/amazonbot) Chrome/119.0.6045.214 Safari/537.36"
51.77.216.212 - - [18/May/2026:20:19:05 +0530] "GET /neozaarbackend.skilladders.com/x-cp-xoZ0duZm.php?path=/home/durgeshpandey215/public_html/demowhizzact.skilladders.com HTTP/1.1" 404 - "-" "Mozilla/5.0 (compatible; MJ12bot/v1.4.8; http://mj12bot.com/)"
3.210.29.96 - - [18/May/2026:20:19:04 +0530] "GET /app.neozaar.skilladders.com/x-cp-AH6vjHMu.php?fileloc=//bin/repo-rss&path=//bin HTTP/1.1" 200 23988 "-" "Mozilla/5.0 AppleWebKit/537.36 (KHTML, like Gecko; compatible; Amazonbot/0.1; +https://developer.amazon.com/support/amazonbot) Chrome/119.0.6045.214 Safari/537.36"
51.77.216.212 - - [18/May/2026:20:19:06 +0530] "GET /neozaarbackend.skilladders.com/x-cp-xoZ0duZm.php?path=/home/durgeshpandey215/public_html/honest.skilladders.com HTTP/1.1" 404 - "-" "Mozilla/5.0 (compatible; MJ12bot/v1.4.8; http://mj12bot.com/)"
51.77.216.212 - - [18/May/2026:20:19:08 +0530] "GET /neozaarbackend.skilladders.com/x-cp-xoZ0duZm.php?path=/home/durgeshpandey215/public_html/ipsol.skilladders.com HTTP/1.1" 404 - "-" "Mozilla/5.0 (compatible; MJ12bot/v1.4.8; http://mj12bot.com/)"
23.23.212.212 - - [18/May/2026:20:19:08 +0530] "GET /app.neozaar.skilladders.com/x-cp-AH6vjHMu.php?path=//proc/61 HTTP/1.1" 200 75927 "-" "Mozilla/5.0 AppleWebKit/537.36 (KHTML, like Gecko; compatible; Amazonbot/0.1; +https://developer.amazon.com/support/amazonbot) Chrome/119.0.6045.214 Safari/537.36"
51.77.216.212 - - [18/May/2026:20:19:10 +0530] "GET /neozaarbackend.skilladders.com/x-cp-xoZ0duZm.php?path=/home/durgeshpandey215/public_html/kalyanidashboard.skilladders.com HTTP/1.1" 404 - "-" "Mozilla/5.0 (compatible; MJ12bot/v1.4.8; http://mj12bot.com/)"
51.77.216.212 - - [18/May/2026:20:19:12 +0530] "GET /neozaarbackend.skilladders.com/x-cp-xoZ0duZm.php?path=/home/durgeshpandey215/public_html/kanakfrontend.skilladders.com HTTP/1.1" 404 - "-" "Mozilla/5.0 (compatible; MJ12bot/v1.4.8; http://mj12bot.com/)"
34.204.150.196 - - [18/May/2026:20:19:12 +0530] "GET /x-cp-tZaG1m7E.php?fileloc=//lib64/dovecot/libfs_mail_crypt.so&path=//lib64/dovecot HTTP/1.1" 404 - "-" "Mozilla/5.0 AppleWebKit/537.36 (KHTML, like Gecko; compatible; Amazonbot/0.1; +https://developer.amazon.com/support/amazonbot) Chrome/119.0.6045.214 Safari/537.36"
51.77.216.212 - - [18/May/2026:20:19:13 +0530] "GET /neozaarbackend.skilladders.com/x-cp-xoZ0duZm.php?path=/home/durgeshpandey215/public_html/kanaksoftware.skilladders.com HTTP/1.1" 404 - "-" "Mozilla/5.0 (compatible; MJ12bot/v1.4.8; http://mj12bot.com/)"
51.77.216.212 - - [18/May/2026:20:19:15 +0530] "GET /neozaarbackend.skilladders.com/x-cp-xoZ0duZm.php?path=/home/durgeshpandey215/public_html/mykarma.skilladders.com HTTP/1.1" 404 - "-" "Mozilla/5.0 (compatible; MJ12bot/v1.4.8; http://mj12bot.com/)"
100.28.133.214 - - [18/May/2026:20:19:16 +0530] "GET /neozaarbackend.skilladders.com/x-cp-451N9s2T.php?fileloc=/home/durgeshpandey215/.trash/app%20(6).zip&path=/home/durgeshpandey215/.trash HTTP/1.1" 404 - "-" "Mozilla/5.0 AppleWebKit/537.36 (KHTML, like Gecko; compatible; Amazonbot/0.1; +https://developer.amazon.com/support/amazonbot) Chrome/119.0.6045.214 Safari/537.36"
51.77.216.212 - - [18/May/2026:20:19:17 +0530] "GET /neozaarbackend.skilladders.com/x-cp-xoZ0duZm.php?path=/home/durgeshpandey215/public_html/neozaar.skilladders.com HTTP/1.1" 404 - "-" "Mozilla/5.0 (compatible; MJ12bot/v1.4.8; http://mj12bot.com/)"
51.77.216.212 - - [18/May/2026:20:19:19 +0530] "GET /neozaarbackend.skilladders.com/x-cp-xoZ0duZm.php?path=/home/durgeshpandey215/public_html/shineindia.skilladders.com HTTP/1.1" 404 - "-" "Mozilla/5.0 (compatible; MJ12bot/v1.4.8; http://mj12bot.com/)"
51.77.216.212 - - [18/May/2026:20:19:20 +0530] "GET /neozaarbackend.skilladders.com/x-cp-xoZ0duZm.php?path=/home/durgeshpandey215/public_html/shopifydeveloper.skilladders.com HTTP/1.1" 404 - "-" "Mozilla/5.0 (compatible; MJ12bot/v1.4.8; http://mj12bot.com/)"
51.77.216.212 - - [18/May/2026:20:19:22 +0530] "GET /neozaarbackend.skilladders.com/x-cp-xoZ0duZm.php?path=/home/durgeshpandey215/public_html/shubhamnagari.skilladders.com HTTP/1.1" 404 - "-" "Mozilla/5.0 (compatible; MJ12bot/v1.4.8; http://mj12bot.com/)"
18.235.158.19 - - [18/May/2026:20:19:21 +0530] "GET /app.neozaar.skilladders.com/x-cp-27KrtlJW.php?fileloc=//dev/core&path=//dev HTTP/1.1" 200 12245 "-" "Mozilla/5.0 AppleWebKit/537.36 (KHTML, like Gecko; compatible; Amazonbot/0.1; +https://developer.amazon.com/support/amazonbot) Chrome/119.0.6045.214 Safari/537.36"
51.77.216.212 - - [18/May/2026:20:19:24 +0530] "GET /neozaarbackend.skilladders.com/x-cp-xoZ0duZm.php?path=/home/durgeshpandey215/public_html/spirevisibility.skilladders.com HTTP/1.1" 404 - "-" "Mozilla/5.0 (compatible; MJ12bot/v1.4.8; http://mj12bot.com/)"
51.77.216.212 - - [18/May/2026:20:19:25 +0530] "GET /neozaarbackend.skilladders.com/x-cp-xoZ0duZm.php?path=/home/durgeshpandey215/public_html/sssenterprice.skilladress.com HTTP/1.1" 404 - "-" "Mozilla/5.0 (compatible; MJ12bot/v1.4.8; http://mj12bot.com/)"
18.232.36.1 - - [18/May/2026:20:19:27 +0530] "GET /x-cp-Nnu3UQSj.php?path=/home/durgeshpandey215/public_html/demokalyani.skilladders.com/node_modules/sucrase/ts-node-plugin HTTP/1.1" 404 - "-" "Mozilla/5.0 AppleWebKit/537.36 (KHTML, like Gecko; compatible; Amazonbot/0.1; +https://developer.amazon.com/support/amazonbot) Chrome/119.0.6045.214 Safari/537.36"
51.77.216.212 - - [18/May/2026:20:19:27 +0530] "GET /neozaarbackend.skilladders.com/x-cp-xoZ0duZm.php?path=/home/durgeshpandey215/public_html/subsidycrm HTTP/1.1" 404 - "-" "Mozilla/5.0 (compatible; MJ12bot/v1.4.8; http://mj12bot.com/)"
100.29.63.24 - - [18/May/2026:20:19:28 +0530] "GET /neozaarbackend.skilladders.com/x-cp-Q8r3QQ9j.php?fileloc=//bin/lastlog&path=//bin HTTP/1.1" 404 - "-" "Mozilla/5.0 AppleWebKit/537.36 (KHTML, like Gecko; compatible; Amazonbot/0.1; +https://developer.amazon.com/support/amazonbot) Chrome/119.0.6045.214 Safari/537.36"
51.77.216.212 - - [18/May/2026:20:19:29 +0530] "GET /neozaarbackend.skilladders.com/x-cp-xoZ0duZm.php?path=/home/durgeshpandey215/public_html/tattooz.skilladders.com HTTP/1.1" 404 - "-" "Mozilla/5.0 (compatible; MJ12bot/v1.4.8; http://mj12bot.com/)"
51.77.216.212 - - [18/May/2026:20:19:31 +0530] "GET /neozaarbackend.skilladders.com/x-cp-xoZ0duZm.php?path=/home/durgeshpandey215/public_html/whizzact.skilladders.com HTTP/1.1" 404 - "-" "Mozilla/5.0 (compatible; MJ12bot/v1.4.8; http://mj12bot.com/)"
34.194.95.99 - - [18/May/2026:20:19:32 +0530] "GET /neozaarbackend.skilladders.com/x-cp-xoZ0duZm.php?fileloc=//bin/grub2-mklayout&path=//bin HTTP/1.1" 404 - "-" "Mozilla/5.0 AppleWebKit/537.36 (KHTML, like Gecko; compatible; Amazonbot/0.1; +https://developer.amazon.com/support/amazonbot) Chrome/119.0.6045.214 Safari/537.36"
51.77.216.212 - - [18/May/2026:20:19:32 +0530] "GET /neozaarbackend.skilladders.com/x-cp-xoZ0duZm.php?path=/home/durgeshpandey215/public_html/zeeroprice.skilladders.com HTTP/1.1" 404 - "-" "Mozilla/5.0 (compatible; MJ12bot/v1.4.8; http://mj12bot.com/)"
51.77.216.212 - - [18/May/2026:20:19:34 +0530] "GET /neozaarbackend.skilladders.com/x-cp-xoZ0duZm.php?path=/home/durgeshpandey215/ssl HTTP/1.1" 404 - "-" "Mozilla/5.0 (compatible; MJ12bot/v1.4.8; http://mj12bot.com/)"
51.77.216.212 - - [18/May/2026:20:19:36 +0530] "GET /neozaarbackend.skilladders.com/x-cp-xoZ0duZm.php?path=/home/durgeshpandey215/tmp HTTP/1.1" 404 - "-" "Mozilla/5.0 (compatible; MJ12bot/v1.4.8; http://mj12bot.com/)"
34.204.150.196 - - [18/May/2026:20:19:36 +0530] "GET /neozaarbackend.skilladders.com/x-cp-mRJjnL3p.php?fileloc=//bin/wget&path=//bin HTTP/1.1" 404 - "-" "Mozilla/5.0 AppleWebKit/537.36 (KHTML, like Gecko; compatible; Amazonbot/0.1; +https://developer.amazon.com/support/amazonbot) Chrome/119.0.6045.214 Safari/537.36"
51.77.216.212 - - [18/May/2026:20:19:38 +0530] "GET /neozaarbackend.skilladders.com/x-cp-xoZ0duZm.php?path=/home/durgeshpandey215/www HTTP/1.1" 404 - "-" "Mozilla/5.0 (compatible; MJ12bot/v1.4.8; http://mj12bot.com/)"
51.77.216.212 - - [18/May/2026:20:19:39 +0530] "GET /x-cp-2sOv7xoZ.php?fileloc=//boot/.vmlinuz-3.10.0-1160.118.1.el7.x86_64.hmac&path=//boot HTTP/1.1" 404 - "-" "Mozilla/5.0 (compatible; MJ12bot/v1.4.8; http://mj12bot.com/)"
34.204.150.196 - - [18/May/2026:20:19:40 +0530] "GET /x-cp-IkKkKC70.php?path=//php-8.2.0/ext/xmlreader HTTP/1.1" 404 - "-" "Mozilla/5.0 AppleWebKit/537.36 (KHTML, like Gecko; compatible; Amazonbot/0.1; +https://developer.amazon.com/support/amazonbot) Chrome/119.0.6045.214 Safari/537.36"
51.77.216.212 - - [18/May/2026:20:19:41 +0530] "GET /x-cp-2sOv7xoZ.php?fileloc=//boot/.vmlinuz-3.10.0-1160.119.1.el7.tuxcare.els4.x86_64.hmac&path=//boot HTTP/1.1" 404 - "-" "Mozilla/5.0 (compatible; MJ12bot/v1.4.8; http://mj12bot.com/)"
51.77.216.212 - - [18/May/2026:20:19:43 +0530] "GET /x-cp-2sOv7xoZ.php?fileloc=//boot/.vmlinuz-3.10.0-1160.119.1.el7.x86_64.hmac&path=//boot HTTP/1.1" 404 - "-" "Mozilla/5.0 (compatible; MJ12bot/v1.4.8; http://mj12bot.com/)"
52.70.123.241 - - [18/May/2026:20:19:44 +0530] "GET /neozaarbackend.skilladders.com/x-cp-mRJjnL3p.php?fileloc=//lib64/libxcb-shm.so.0.0.0&path=//lib64 HTTP/1.1" 404 - "-" "Mozilla/5.0 AppleWebKit/537.36 (KHTML, like Gecko; compatible; Amazonbot/0.1; +https://developer.amazon.com/support/amazonbot) Chrome/119.0.6045.214 Safari/537.36"
51.77.216.212 - - [18/May/2026:20:19:44 +0530] "GET /x-cp-2sOv7xoZ.php?fileloc=//boot/System.map-3.10.0-1160.118.1.el7.x86_64&path=//boot HTTP/1.1" 404 - "-" "Mozilla/5.0 (compatible; MJ12bot/v1.4.8; http://mj12bot.com/)"
51.77.216.212 - - [18/May/2026:20:19:46 +0530] "GET /x-cp-2sOv7xoZ.php?fileloc=//boot/System.map-3.10.0-1160.119.1.el7.tuxcare.els4.x86_64&path=//boot HTTP/1.1" 404 - "-" "Mozilla/5.0 (compatible; MJ12bot/v1.4.8; http://mj12bot.com/)"
51.77.216.212 - - [18/May/2026:20:19:48 +0530] "GET /x-cp-2sOv7xoZ.php?fileloc=//boot/System.map-3.10.0-1160.119.1.el7.x86_64&path=//boot HTTP/1.1" 404 - "-" "Mozilla/5.0 (compatible; MJ12bot/v1.4.8; http://mj12bot.com/)"
34.195.248.30 - - [18/May/2026:20:19:48 +0530] "GET /neozaarbackend.skilladders.com/x-cp-oqKqKmOA.php?path=//proc/26004 HTTP/1.1" 404 - "-" "Mozilla/5.0 AppleWebKit/537.36 (KHTML, like Gecko; compatible; Amazonbot/0.1; +https://developer.amazon.com/support/amazonbot) Chrome/119.0.6045.214 Safari/537.36"
51.77.216.212 - - [18/May/2026:20:19:49 +0530] "GET /x-cp-2sOv7xoZ.php?fileloc=//boot/config-3.10.0-1160.118.1.el7.x86_64&path=//boot HTTP/1.1" 404 - "-" "Mozilla/5.0 (compatible; MJ12bot/v1.4.8; http://mj12bot.com/)"
51.77.216.212 - - [18/May/2026:20:19:51 +0530] "GET /x-cp-2sOv7xoZ.php?fileloc=//boot/config-3.10.0-1160.119.1.el7.tuxcare.els4.x86_64&path=//boot HTTP/1.1" 404 - "-" "Mozilla/5.0 (compatible; MJ12bot/v1.4.8; http://mj12bot.com/)"
51.77.216.212 - - [18/May/2026:20:19:53 +0530] "GET /x-cp-2sOv7xoZ.php?fileloc=//boot/config-3.10.0-1160.119.1.el7.x86_64&path=//boot HTTP/1.1" 404 - "-" "Mozilla/5.0 (compatible; MJ12bot/v1.4.8; http://mj12bot.com/)"
52.0.41.164 - - [18/May/2026:20:19:53 +0530] "GET /x-cp-Nnu3UQSj.php?path=//var/installatron/installers/phplist/2.10.9 HTTP/1.1" 404 - "-" "Mozilla/5.0 AppleWebKit/537.36 (KHTML, like Gecko; compatible; Amazonbot/0.1; +https://developer.amazon.com/support/amazonbot) Chrome/119.0.6045.214 Safari/537.36"
51.77.216.212 - - [18/May/2026:20:19:54 +0530] "GET /x-cp-2sOv7xoZ.php?fileloc=//boot/initramfs-0-rescue-45ce0086dd984e0383a5ca2bd73e4247.img&path=//boot HTTP/1.1" 404 - "-" "Mozilla/5.0 (compatible; MJ12bot/v1.4.8; http://mj12bot.com/)"
